216.73.216.201 - - [15/Sep/2026:13:15:58 +0200] "GET /?o=3669257144 HTTP/1.1" 200 - "-" "Mozilla/5.0 AppleWebKit/537.36 (KHTML, like Gecko; compatible; ClaudeBot/1.0; +claudebot@anthropic.com)"
216.73.216.201 - - [15/Sep/2026:13:15:58 +0200] "GET /?o=14912389405 HTTP/1.1" 200 - "-" "Mozilla/5.0 AppleWebKit/537.36 (KHTML, like Gecko; compatible; ClaudeBot/1.0; +claudebot@anthropic.com)"
216.73.216.201 - - [15/Sep/2026:13:15:58 +0200] "GET /?o=15854813559 HTTP/1.1" 200 - "-" "Mozilla/5.0 AppleWebKit/537.36 (KHTML, like Gecko; compatible; ClaudeBot/1.0; +claudebot@anthropic.com)"
216.73.216.201 - - [15/Sep/2026:13:15:58 +0200] "GET /?o=79984039878 HTTP/1.1" 200 - "-" "Mozilla/5.0 AppleWebKit/537.36 (KHTML, like Gecko; compatible; ClaudeBot/1.0; +claudebot@anthropic.com)"
216.73.216.201 - - [15/Sep/2026:13:15:58 +0200] "GET /?o=86886832237 HTTP/1.1" 200 - "-" "Mozilla/5.0 AppleWebKit/537.36 (KHTML, like Gecko; compatible; ClaudeBot/1.0; +claudebot@anthropic.com)"
216.73.216.201 - - [15/Sep/2026:13:15:58 +0200] "GET /?o=15444746228 HTTP/1.1" 200 - "-" "Mozilla/5.0 AppleWebKit/537.36 (KHTML, like Gecko; compatible; ClaudeBot/1.0; +claudebot@anthropic.com)"
216.73.216.201 - - [15/Sep/2026:13:15:58 +0200] "GET /?o=12783483108 HTTP/1.1" 200 - "-" "Mozilla/5.0 AppleWebKit/537.36 (KHTML, like Gecko; compatible; ClaudeBot/1.0; +claudebot@anthropic.com)"
216.73.216.201 - - [15/Sep/2026:13:15:58 +0200] "GET /?o=16761035098 HTTP/1.1" 200 - "-" "Mozilla/5.0 AppleWebKit/537.36 (KHTML, like Gecko; compatible; ClaudeBot/1.0; +claudebot@anthropic.com)"
216.73.216.201 - - [15/Sep/2026:13:15:58 +0200] "GET /?o=61243503025 HTTP/1.1" 200 - "-" "Mozilla/5.0 AppleWebKit/537.36 (KHTML, like Gecko; compatible; ClaudeBot/1.0; +claudebot@anthropic.com)"
216.73.216.201 - - [15/Sep/2026:13:15:59 +0200] "GET /?o=30812799499 HTTP/1.1" 200 - "-" "Mozilla/5.0 AppleWebKit/537.36 (KHTML, like Gecko; compatible; ClaudeBot/1.0; +claudebot@anthropic.com)"
216.73.216.201 - - [15/Sep/2026:13:15:59 +0200] "GET /?o=43422327282 HTTP/1.1" 200 - "-" "Mozilla/5.0 AppleWebKit/537.36 (KHTML, like Gecko; compatible; ClaudeBot/1.0; +claudebot@anthropic.com)"
216.73.216.201 - - [15/Sep/2026:13:15:59 +0200] "GET /?o=47434329810 HTTP/1.1" 200 - "-" "Mozilla/5.0 AppleWebKit/537.36 (KHTML, like Gecko; compatible; ClaudeBot/1.0; +claudebot@anthropic.com)"
216.73.216.201 - - [15/Sep/2026:13:15:59 +0200] "GET /?o=19308661750 HTTP/1.1" 200 - "-" "Mozilla/5.0 AppleWebKit/537.36 (KHTML, like Gecko; compatible; ClaudeBot/1.0; +claudebot@anthropic.com)"
216.73.216.201 - - [15/Sep/2026:13:15:59 +0200] "GET /?o=88152785255 HTTP/1.1" 200 - "-" "Mozilla/5.0 AppleWebKit/537.36 (KHTML, like Gecko; compatible; ClaudeBot/1.0; +claudebot@anthropic.com)"
216.73.216.201 - - [15/Sep/2026:13:15:59 +0200] "GET /?o=24214934600 HTTP/1.1" 200 - "-" "Mozilla/5.0 AppleWebKit/537.36 (KHTML, like Gecko; compatible; ClaudeBot/1.0; +claudebot@anthropic.com)"
217.182.60.159 - - [15/Sep/2026:13:16:06 +0200] "GET / HTTP/1.1" 200 - "-" "Zabbix"
66.249.66.39 - - [15/Sep/2026:13:16:42 +0200] "GET /?g=36225950007 HTTP/1.1" 200 199056 "-" "Mozilla/5.0 (Linux; Android 6.0.1; Nexus 5X Build/MMB29P) AppleWebKit/537.36 (KHTML, like Gecko) Chrome/152.0.7977.82 Mobile Safari/537.36 (compatible; GoogleOther)"
217.182.60.159 - - [15/Sep/2026:13:17:07 +0200] "GET / HTTP/1.1" 200 - "-" "Zabbix"
66.249.66.39 - - [15/Sep/2026:13:17:42 +0200] "GET /?a=79427179417 HTTP/1.1" 200 199629 "-" "Mozilla/5.0 (Linux; Android 6.0.1; Nexus 5X Build/MMB29P) AppleWebKit/537.36 (KHTML, like Gecko) Chrome/152.0.7977.82 Mobile Safari/537.36 (compatible; GoogleOther)"
66.249.66.78 - - [15/Sep/2026:13:17:59 +0200] "GET /?k=15263445608 HTTP/1.1" 200 200600 "-" "Mozilla/5.0 (Linux; Android 6.0.1; Nexus 5X Build/MMB29P) AppleWebKit/537.36 (KHTML, like Gecko) Chrome/152.0.7977.82 Mobile Safari/537.36 (compatible; GoogleOther)"
217.182.60.159 - - [15/Sep/2026:13:18:07 +0200] "GET / HTTP/1.1" 200 - "-" "Zabbix"
217.182.60.159 - - [15/Sep/2026:13:19:08 +0200] "GET / HTTP/1.1" 200 - "-" "Zabbix"
66.249.66.204 - - [15/Sep/2026:13:19:28 +0200] "GET /?t=84122970457 HTTP/1.1" 200 195138 "-" "Mozilla/5.0 (Linux; Android 6.0.1; Nexus 5X Build/MMB29P) AppleWebKit/537.36 (KHTML, like Gecko) Chrome/152.0.7977.82 Mobile Safari/537.36 (compatible; Googlebot/2.1; +http://www.google.com/bot.html)"
217.182.60.159 - - [15/Sep/2026:13:20:10 +0200] "GET / HTTP/1.1" 200 - "-" "Zabbix"
66.249.66.78 - - [15/Sep/2026:13:20:32 +0200] "GET /?t=89149909846 HTTP/1.1" 200 195109 "-" "Mozilla/5.0 (Linux; Android 6.0.1; Nexus 5X Build/MMB29P) AppleWebKit/537.36 (KHTML, like Gecko) Chrome/152.0.7977.82 Mobile Safari/537.36 (compatible; GoogleOther)"
217.182.60.159 - - [15/Sep/2026:13:21:12 +0200] "GET / HTTP/1.1" 200 - "-" "Zabbix"
66.249.66.37 - - [15/Sep/2026:13:22:06 +0200] "GET /?a=79427179417 HTTP/1.1" 200 199629 "-" "Mozilla/5.0 (Linux; Android 6.0.1; Nexus 5X Build/MMB29P) AppleWebKit/537.36 (KHTML, like Gecko) Chrome/152.0.7977.82 Mobile Safari/537.36 (compatible; Googlebot/2.1; +http://www.google.com/bot.html)"
217.182.60.159 - - [15/Sep/2026:13:22:13 +0200] "GET / HTTP/1.1" 200 - "-" "Zabbix"
217.182.60.159 - - [15/Sep/2026:13:23:13 +0200] "GET / HTTP/1.1" 200 - "-" "Zabbix"
66.249.66.204 - - [15/Sep/2026:13:23:58 +0200] "GET /?u=9831035879 HTTP/1.1" 200 195862 "-" "Mozilla/5.0 (Linux; Android 6.0.1; Nexus 5X Build/MMB29P) AppleWebKit/537.36 (KHTML, like Gecko) Chrome/152.0.7977.82 Mobile Safari/537.36 (compatible; GoogleOther)"
217.182.60.159 - - [15/Sep/2026:13:24:14 +0200] "GET / HTTP/1.1" 200 - "-" "Zabbix"
66.249.66.77 - - [15/Sep/2026:13:24:23 +0200] "GET /?t=60431700554 HTTP/1.1" 200 193765 "-" "Mozilla/5.0 (Linux; Android 6.0.1; Nexus 5X Build/MMB29P) AppleWebKit/537.36 (KHTML, like Gecko) Chrome/152.0.7977.82 Mobile Safari/537.36 (compatible; GoogleOther)"
217.182.60.159 - - [15/Sep/2026:13:25:13 +0200] "GET / HTTP/1.1" 200 - "-" "Zabbix"
66.249.66.205 - - [15/Sep/2026:13:25:58 +0200] "GET /?g=51435771022 HTTP/1.1" 200 195627 "-" "Mozilla/5.0 (Linux; Android 6.0.1; Nexus 5X Build/MMB29P) AppleWebKit/537.36 (KHTML, like Gecko) Chrome/152.0.7977.82 Mobile Safari/537.36 (compatible; Googlebot/2.1; +http://www.google.com/bot.html)"
217.182.60.159 - - [15/Sep/2026:13:26:15 +0200] "GET / HTTP/1.1" 200 - "-" "Zabbix"
217.182.60.159 - - [15/Sep/2026:13:27:15 +0200] "GET / HTTP/1.1" 200 - "-" "Zabbix"
66.249.66.39 - - [15/Sep/2026:13:27:19 +0200] "GET /?u=77297825474 HTTP/1.1" 200 194732 "-" "Mozilla/5.0 (Linux; Android 6.0.1; Nexus 5X Build/MMB29P) AppleWebKit/537.36 (KHTML, like Gecko) Chrome/152.0.7977.82 Mobile Safari/537.36 (compatible; GoogleOther)"
66.249.66.76 - - [15/Sep/2026:13:27:50 +0200] "GET /?t=60431700554 HTTP/1.1" 200 193765 "-" "Mozilla/5.0 (Linux; Android 6.0.1; Nexus 5X Build/MMB29P) AppleWebKit/537.36 (KHTML, like Gecko) Chrome/152.0.7977.82 Mobile Safari/537.36 (compatible; Googlebot/2.1; +http://www.google.com/bot.html)"
66.249.66.37 - - [15/Sep/2026:13:27:56 +0200] "GET /?u=77297825474 HTTP/1.1" 200 194732 "-" "Mozilla/5.0 (Linux; Android 6.0.1; Nexus 5X Build/MMB29P) AppleWebKit/537.36 (KHTML, like Gecko) Chrome/152.0.7977.82 Mobile Safari/537.36 (compatible; Googlebot/2.1; +http://www.google.com/bot.html)"
217.182.60.159 - - [15/Sep/2026:13:28:15 +0200] "GET / HTTP/1.1" 200 - "-" "Zabbix"
66.249.66.78 - - [15/Sep/2026:13:28:36 +0200] "GET /?t=5048899759 HTTP/1.1" 200 199530 "-" "Mozilla/5.0 (Linux; Android 6.0.1; Nexus 5X Build/MMB29P) AppleWebKit/537.36 (KHTML, like Gecko) Chrome/152.0.7977.82 Mobile Safari/537.36 (compatible; GoogleOther)"
217.182.60.159 - - [15/Sep/2026:13:29:15 +0200] "GET / HTTP/1.1" 200 - "-" "Zabbix"
217.182.60.159 - - [15/Sep/2026:13:30:16 +0200] "GET / HTTP/1.1" 200 - "-" "Zabbix"
66.249.66.37 - - [15/Sep/2026:13:30:35 +0200] "GET /?k=18858801287 HTTP/1.1" 200 199920 "-" "Mozilla/5.0 (Linux; Android 6.0.1; Nexus 5X Build/MMB29P) AppleWebKit/537.36 (KHTML, like Gecko) Chrome/152.0.7977.82 Mobile Safari/537.36 (compatible; GoogleOther)"
66.249.66.77 - - [15/Sep/2026:13:30:37 +0200] "GET /?x=17293690830 HTTP/1.1" 200 193549 "-" "Mozilla/5.0 (Linux; Android 6.0.1; Nexus 5X Build/MMB29P) AppleWebKit/537.36 (KHTML, like Gecko) Chrome/152.0.7977.82 Mobile Safari/537.36 (compatible; GoogleOther)"
217.182.60.159 - - [15/Sep/2026:13:31:16 +0200] "GET / HTTP/1.1" 200 - "-" "Zabbix"
217.182.60.159 - - [15/Sep/2026:13:32:18 +0200] "GET / HTTP/1.1" 200 - "-" "Zabbix"
66.249.66.204 - - [15/Sep/2026:13:32:38 +0200] "GET /?t=5048899759 HTTP/1.1" 200 199530 "-" "Mozilla/5.0 (Linux; Android 6.0.1; Nexus 5X Build/MMB29P) AppleWebKit/537.36 (KHTML, like Gecko) Chrome/152.0.7977.82 Mobile Safari/537.36 (compatible; Googlebot/2.1; +http://www.google.com/bot.html)"
217.182.60.159 - - [15/Sep/2026:13:33:18 +0200] "GET / HTTP/1.1" 200 - "-" "Zabbix"
217.182.60.159 - - [15/Sep/2026:13:34:18 +0200] "GET / HTTP/1.1" 200 - "-" "Zabbix"
217.182.60.159 - - [15/Sep/2026:13:35:18 +0200] "GET / HTTP/1.1" 200 - "-" "Zabbix"
217.182.60.159 - - [15/Sep/2026:13:36:18 +0200] "GET / HTTP/1.1" 200 - "-" "Zabbix"
66.249.66.37 - - [15/Sep/2026:13:36:35 +0200] "GET /?g=46507111867 HTTP/1.1" 200 200572 "-" "Mozilla/5.0 (Linux; Android 6.0.1; Nexus 5X Build/MMB29P) AppleWebKit/537.36 (KHTML, like Gecko) Chrome/152.0.7977.82 Mobile Safari/537.36 (compatible; GoogleOther)"
66.249.66.205 - - [15/Sep/2026:13:36:48 +0200] "GET /?g=25453843651 HTTP/1.1" 200 201266 "-" "Mozilla/5.0 (Linux; Android 6.0.1; Nexus 5X Build/MMB29P) AppleWebKit/537.36 (KHTML, like Gecko) Chrome/152.0.7977.82 Mobile Safari/537.36 (compatible; GoogleOther)"
217.182.60.159 - - [15/Sep/2026:13:37:19 +0200] "GET / HTTP/1.1" 200 - "-" "Zabbix"
217.182.60.159 - - [15/Sep/2026:13:38:19 +0200] "GET / HTTP/1.1" 200 - "-" "Zabbix"
66.249.66.76 - - [15/Sep/2026:13:38:57 +0200] "GET /?g=73720216804 HTTP/1.1" 200 200077 "-" "Mozilla/5.0 (Linux; Android 6.0.1; Nexus 5X Build/MMB29P) AppleWebKit/537.36 (KHTML, like Gecko) Chrome/152.0.7977.82 Mobile Safari/537.36 (compatible; GoogleOther)"
66.249.66.206 - - [15/Sep/2026:13:39:14 +0200] "GET /?g=36225950007 HTTP/1.1" 200 199056 "-" "Mozilla/5.0 (Linux; Android 6.0.1; Nexus 5X Build/MMB29P) AppleWebKit/537.36 (KHTML, like Gecko) Chrome/152.0.7977.82 Mobile Safari/537.36 (compatible; Googlebot/2.1; +http://www.google.com/bot.html)"
217.182.60.159 - - [15/Sep/2026:13:39:20 +0200] "GET / HTTP/1.1" 200 - "-" "Zabbix"
66.249.66.77 - - [15/Sep/2026:13:39:50 +0200] "GET /?k=89593374908 HTTP/1.1" 200 194203 "-" "Mozilla/5.0 (Linux; Android 6.0.1; Nexus 5X Build/MMB29P) AppleWebKit/537.36 (KHTML, like Gecko) Chrome/152.0.7977.82 Mobile Safari/537.36 (compatible; GoogleOther)"
66.249.66.204 - - [15/Sep/2026:13:39:54 +0200] "GET /?x=31809907017 HTTP/1.1" 200 193176 "-" "Mozilla/5.0 (Linux; Android 6.0.1; Nexus 5X Build/MMB29P) AppleWebKit/537.36 (KHTML, like Gecko) Chrome/152.0.7977.82 Mobile Safari/537.36 (compatible; GoogleOther)"
66.249.66.204 - - [15/Sep/2026:13:39:58 +0200] "GET /?o=10551218449 HTTP/1.1" 200 200908 "-" "Mozilla/5.0 (Linux; Android 6.0.1; Nexus 5X Build/MMB29P) AppleWebKit/537.36 (KHTML, like Gecko) Chrome/152.0.7977.82 Mobile Safari/537.36 (compatible; GoogleOther)"
66.249.66.204 - - [15/Sep/2026:13:39:59 +0200] "GET /?x=84512582225 HTTP/1.1" 200 193241 "-" "Mozilla/5.0 (Linux; Android 6.0.1; Nexus 5X Build/MMB29P) AppleWebKit/537.36 (KHTML, like Gecko) Chrome/152.0.7977.82 Mobile Safari/537.36 (compatible; GoogleOther)"
217.182.60.159 - - [15/Sep/2026:13:40:20 +0200] "GET / HTTP/1.1" 200 - "-" "Zabbix"
66.249.66.76 - - [15/Sep/2026:13:40:42 +0200] "GET /?g=14890627123 HTTP/1.1" 200 197287 "-" "Mozilla/5.0 (Linux; Android 6.0.1; Nexus 5X Build/MMB29P) AppleWebKit/537.36 (KHTML, like Gecko) Chrome/152.0.7977.82 Mobile Safari/537.36 (compatible; GoogleOther)"
66.249.66.37 - - [15/Sep/2026:13:40:43 +0200] "GET /?x=84512582225 HTTP/1.1" 200 193241 "-" "Mozilla/5.0 (Linux; Android 6.0.1; Nexus 5X Build/MMB29P) AppleWebKit/537.36 (KHTML, like Gecko) Chrome/152.0.7977.82 Mobile Safari/537.36 (compatible; Googlebot/2.1; +http://www.google.com/bot.html)"
66.249.66.204 - - [15/Sep/2026:13:40:58 +0200] "GET /?u=71269765262 HTTP/1.1" 200 195138 "-" "Mozilla/5.0 (Linux; Android 6.0.1; Nexus 5X Build/MMB29P) AppleWebKit/537.36 (KHTML, like Gecko) Chrome/152.0.7977.82 Mobile Safari/537.36 (compatible; GoogleOther)"
217.182.60.159 - - [15/Sep/2026:13:41:20 +0200] "GET / HTTP/1.1" 200 - "-" "Zabbix"
66.249.66.76 - - [15/Sep/2026:13:41:32 +0200] "GET /?o=10551218449 HTTP/1.1" 200 200908 "-" "Mozilla/5.0 (Linux; Android 6.0.1; Nexus 5X Build/MMB29P) AppleWebKit/537.36 (KHTML, like Gecko) Chrome/152.0.7977.82 Mobile Safari/537.36 (compatible; Googlebot/2.1; +http://www.google.com/bot.html)"
66.249.66.37 - - [15/Sep/2026:13:41:50 +0200] "GET /?k=18605610525 HTTP/1.1" 200 195249 "-" "Mozilla/5.0 (Linux; Android 6.0.1; Nexus 5X Build/MMB29P) AppleWebKit/537.36 (KHTML, like Gecko) Chrome/152.0.7977.82 Mobile Safari/537.36 (compatible; GoogleOther)"
217.182.60.159 - - [15/Sep/2026:13:42:20 +0200] "GET / HTTP/1.1" 200 - "-" "Zabbix"
217.182.60.159 - - [15/Sep/2026:13:43:20 +0200] "GET / HTTP/1.1" 200 - "-" "Zabbix"
66.249.66.206 - - [15/Sep/2026:13:43:48 +0200] "GET /?u=74097219653 HTTP/1.1" 200 202931 "-" "Mozilla/5.0 (Linux; Android 6.0.1; Nexus 5X Build/MMB29P) AppleWebKit/537.36 (KHTML, like Gecko) Chrome/152.0.7977.82 Mobile Safari/537.36 (compatible; GoogleOther)"
217.182.60.159 - - [15/Sep/2026:13:44:21 +0200] "GET / HTTP/1.1" 200 - "-" "Zabbix"
66.249.66.205 - - [15/Sep/2026:13:44:42 +0200] "GET /?x=76020902669 HTTP/1.1" 200 192951 "-" "Mozilla/5.0 (Linux; Android 6.0.1; Nexus 5X Build/MMB29P) AppleWebKit/537.36 (KHTML, like Gecko) Chrome/152.0.7977.82 Mobile Safari/537.36 (compatible; GoogleOther)"
217.182.60.159 - - [15/Sep/2026:13:45:22 +0200] "GET / HTTP/1.1" 200 - "-" "Zabbix"
66.249.66.205 - - [15/Sep/2026:13:45:48 +0200] "GET /?k=96939017179 HTTP/1.1" 200 195535 "-" "Mozilla/5.0 (Linux; Android 6.0.1; Nexus 5X Build/MMB29P) AppleWebKit/537.36 (KHTML, like Gecko) Chrome/152.0.7977.82 Mobile Safari/537.36 (compatible; GoogleOther)"
217.182.60.159 - - [15/Sep/2026:13:46:23 +0200] "GET / HTTP/1.1" 200 - "-" "Zabbix"
66.249.66.76 - - [15/Sep/2026:13:47:05 +0200] "GET /?u=99325041513 HTTP/1.1" 200 193573 "-" "Mozilla/5.0 (Linux; Android 6.0.1; Nexus 5X Build/MMB29P) AppleWebKit/537.36 (KHTML, like Gecko) Chrome/152.0.7977.82 Mobile Safari/537.36 (compatible; GoogleOther)"
217.182.60.159 - - [15/Sep/2026:13:47:23 +0200] "GET / HTTP/1.1" 200 - "-" "Zabbix"
66.249.66.39 - - [15/Sep/2026:13:47:45 +0200] "GET /?k=93043057877 HTTP/1.1" 200 197844 "-" "Mozilla/5.0 (Linux; Android 6.0.1; Nexus 5X Build/MMB29P) AppleWebKit/537.36 (KHTML, like Gecko) Chrome/152.0.7977.82 Mobile Safari/537.36 (compatible; GoogleOther)"
66.249.66.205 - - [15/Sep/2026:13:48:12 +0200] "GET /?g=46507111867 HTTP/1.1" 200 200572 "-" "Mozilla/5.0 (Linux; Android 6.0.1; Nexus 5X Build/MMB29P) AppleWebKit/537.36 (KHTML, like Gecko) Chrome/152.0.7977.82 Mobile Safari/537.36 (compatible; Googlebot/2.1; +http://www.google.com/bot.html)"
217.182.60.159 - - [15/Sep/2026:13:48:25 +0200] "GET / HTTP/1.1" 200 - "-" "Zabbix"
66.249.66.38 - - [15/Sep/2026:13:48:43 +0200] "GET /?t=3059445433 HTTP/1.1" 200 198830 "-" "Mozilla/5.0 (Linux; Android 6.0.1; Nexus 5X Build/MMB29P) AppleWebKit/537.36 (KHTML, like Gecko) Chrome/152.0.7977.82 Mobile Safari/537.36 (compatible; GoogleOther)"
217.182.60.159 - - [15/Sep/2026:13:49:26 +0200] "GET / HTTP/1.1" 200 - "-" "Zabbix"
66.249.66.77 - - [15/Sep/2026:13:49:42 +0200] "GET /?u=88842639609 HTTP/1.1" 200 200455 "-" "Mozilla/5.0 (Linux; Android 6.0.1; Nexus 5X Build/MMB29P) AppleWebKit/537.36 (KHTML, like Gecko) Chrome/152.0.7977.82 Mobile Safari/537.36 (compatible; GoogleOther)"
66.249.66.76 - - [15/Sep/2026:13:49:46 +0200] "GET /?u=81531350262 HTTP/1.1" 200 202361 "-" "Mozilla/5.0 (Linux; Android 6.0.1; Nexus 5X Build/MMB29P) AppleWebKit/537.36 (KHTML, like Gecko) Chrome/152.0.7977.82 Mobile Safari/537.36 (compatible; GoogleOther)"
66.249.66.77 - - [15/Sep/2026:13:50:23 +0200] "GET /?u=81531350262 HTTP/1.1" 200 202361 "-" "Mozilla/5.0 (Linux; Android 6.0.1; Nexus 5X Build/MMB29P) AppleWebKit/537.36 (KHTML, like Gecko) Chrome/152.0.7977.82 Mobile Safari/537.36 (compatible; Googlebot/2.1; +http://www.google.com/bot.html)"
217.182.60.159 - - [15/Sep/2026:13:50:26 +0200] "GET / HTTP/1.1" 200 - "-" "Zabbix"
217.182.60.159 - - [15/Sep/2026:13:51:27 +0200] "GET / HTTP/1.1" 200 - "-" "Zabbix"
66.249.66.76 - - [15/Sep/2026:13:51:42 +0200] "GET /?o=73036001949 HTTP/1.1" 200 200951 "-" "Mozilla/5.0 (Linux; Android 6.0.1; Nexus 5X Build/MMB29P) AppleWebKit/537.36 (KHTML, like Gecko) Chrome/152.0.7977.82 Mobile Safari/537.36 (compatible; GoogleOther)"
198.235.24.131 - - [15/Sep/2026:13:52:21 +0200] "GET / HTTP/1.1" 200 - "-" "Hello from Palo Alto Networks, find out more about our scans in https://docs-cortex.paloaltonetworks.com/r/1/Cortex-Xpanse/Scanning-activity"
217.182.60.159 - - [15/Sep/2026:13:52:27 +0200] "GET / HTTP/1.1" 200 - "-" "Zabbix"
66.249.66.37 - - [15/Sep/2026:13:52:44 +0200] "GET /?u=73458363258 HTTP/1.1" 200 197861 "-" "Mozilla/5.0 (Linux; Android 6.0.1; Nexus 5X Build/MMB29P) AppleWebKit/537.36 (KHTML, like Gecko) Chrome/152.0.7977.82 Mobile Safari/537.36 (compatible; GoogleOther)"
217.182.60.159 - - [15/Sep/2026:13:53:27 +0200] "GET / HTTP/1.1" 200 - "-" "Zabbix"
66.249.66.76 - - [15/Sep/2026:13:53:41 +0200] "GET /?o=78478568746 HTTP/1.1" 200 204160 "-" "Mozilla/5.0 (Linux; Android 6.0.1; Nexus 5X Build/MMB29P) AppleWebKit/537.36 (KHTML, like Gecko) Chrome/152.0.7977.82 Mobile Safari/537.36 (compatible; GoogleOther)"
217.182.60.159 - - [15/Sep/2026:13:54:27 +0200] "GET / HTTP/1.1" 200 - "-" "Zabbix"
217.182.60.159 - - [15/Sep/2026:13:55:27 +0200] "GET / HTTP/1.1" 200 - "-" "Zabbix"
66.249.66.206 - - [15/Sep/2026:13:55:41 +0200] "GET /?u=67208759178 HTTP/1.1" 200 195764 "-" "Mozilla/5.0 (Linux; Android 6.0.1; Nexus 5X Build/MMB29P) AppleWebKit/537.36 (KHTML, like Gecko) Chrome/152.0.7977.82 Mobile Safari/537.36 (compatible; GoogleOther)"
217.182.60.159 - - [15/Sep/2026:13:56:27 +0200] "GET / HTTP/1.1" 200 - "-" "Zabbix"
66.249.66.78 - - [15/Sep/2026:13:56:46 +0200] "GET /?z=59104687786 HTTP/1.1" 200 199607 "-" "Mozilla/5.0 (Linux; Android 6.0.1; Nexus 5X Build/MMB29P) AppleWebKit/537.36 (KHTML, like Gecko) Chrome/152.0.7977.82 Mobile Safari/537.36 (compatible; GoogleOther)"
66.249.66.204 - - [15/Sep/2026:13:57:10 +0200] "GET /?t=3059445433 HTTP/1.1" 200 198830 "-" "Mozilla/5.0 (Linux; Android 6.0.1; Nexus 5X Build/MMB29P) AppleWebKit/537.36 (KHTML, like Gecko) Chrome/152.0.7977.82 Mobile Safari/537.36 (compatible; Googlebot/2.1; +http://www.google.com/bot.html)"
217.182.60.159 - - [15/Sep/2026:13:57:28 +0200] "GET / HTTP/1.1" 200 - "-" "Zabbix"
66.249.66.76 - - [15/Sep/2026:13:57:35 +0200] "GET /?z=59104687786 HTTP/1.1" 200 199607 "-" "Mozilla/5.0 (Linux; Android 6.0.1; Nexus 5X Build/MMB29P) AppleWebKit/537.36 (KHTML, like Gecko) Chrome/152.0.7977.82 Mobile Safari/537.36 (compatible; Googlebot/2.1; +http://www.google.com/bot.html)"
66.249.66.37 - - [15/Sep/2026:13:57:37 +0200] "GET /?o=91027306301 HTTP/1.1" 200 196943 "-" "Mozilla/5.0 (Linux; Android 6.0.1; Nexus 5X Build/MMB29P) AppleWebKit/537.36 (KHTML, like Gecko) Chrome/152.0.7977.82 Mobile Safari/537.36 (compatible; GoogleOther)"
217.182.60.159 - - [15/Sep/2026:13:58:28 +0200] "GET / HTTP/1.1" 200 - "-" "Zabbix"
109.234.167.83 - - [15/Sep/2026:13:58:30 +0200] "POST /wp-cron.php?doing_wp_cron=1789473510.2966609001159667968750 HTTP/1.1" 200 - "-" "WordPress/7.1; https://www.hftbot-propfirm.click"
195.2.78.191 - - [15/Sep/2026:13:58:30 +0200] "GET /wp-admin/admin-ajax.php HTTP/1.1" 400 1 "https://www.hftbot-propfirm.click/wp-admin/admin-ajax.php" "Mozilla/5.0 (Windows NT 10.0; Win64; x64) AppleWebKit/537.36 (KHTML, like Gecko) Chrome/130.0.0.0 Safari/537.36"
195.2.78.191 - - [15/Sep/2026:13:58:45 +0200] "GET / HTTP/1.1" 200 - "https://www.hftbot-propfirm.click/" "Mozilla/5.0 (Windows NT 10.0; Win64; x64) AppleWebKit/537.36 (KHTML, like Gecko) Chrome/130.0.0.0 Safari/537.36"
217.182.60.159 - - [15/Sep/2026:13:59:28 +0200] "GET / HTTP/1.1" 200 - "-" "Zabbix"
66.249.66.204 - - [15/Sep/2026:13:59:28 +0200] "GET /?o=99730767152 HTTP/1.1" 200 193864 "-" "Mozilla/5.0 (Linux; Android 6.0.1; Nexus 5X Build/MMB29P) AppleWebKit/537.36 (KHTML, like Gecko) Chrome/152.0.7977.82 Mobile Safari/537.36 (compatible; GoogleOther)"
66.249.66.206 - - [15/Sep/2026:13:59:30 +0200] "GET /?a=52654087582 HTTP/1.1" 200 200869 "-" "Mozilla/5.0 (Linux; Android 6.0.1; Nexus 5X Build/MMB29P) AppleWebKit/537.36 (KHTML, like Gecko) Chrome/152.0.7977.82 Mobile Safari/537.36 (compatible; GoogleOther)"
66.249.66.39 - - [15/Sep/2026:13:59:32 +0200] "GET /?k=43904461793 HTTP/1.1" 200 203841 "-" "Mozilla/5.0 (Linux; Android 6.0.1; Nexus 5X Build/MMB29P) AppleWebKit/537.36 (KHTML, like Gecko) Chrome/152.0.7977.82 Mobile Safari/537.36 (compatible; GoogleOther)"
66.249.66.77 - - [15/Sep/2026:13:59:34 +0200] "GET /?k=62970802602 HTTP/1.1" 200 197657 "-" "Mozilla/5.0 (Linux; Android 6.0.1; Nexus 5X Build/MMB29P) AppleWebKit/537.36 (KHTML, like Gecko) Chrome/152.0.7977.82 Mobile Safari/537.36 (compatible; GoogleOther)"
66.249.66.37 - - [15/Sep/2026:13:59:38 +0200] "GET /?o=99393816249 HTTP/1.1" 200 194488 "-" "Mozilla/5.0 (Linux; Android 6.0.1; Nexus 5X Build/MMB29P) AppleWebKit/537.36 (KHTML, like Gecko) Chrome/152.0.7977.82 Mobile Safari/537.36 (compatible; GoogleOther)"
66.249.66.37 - - [15/Sep/2026:14:00:24 +0200] "GET /?g=37788181843 HTTP/1.1" 200 199052 "-" "Mozilla/5.0 (Linux; Android 6.0.1; Nexus 5X Build/MMB29P) AppleWebKit/537.36 (KHTML, like Gecko) Chrome/152.0.7977.82 Mobile Safari/537.36 (compatible; GoogleOther)"
217.182.60.159 - - [15/Sep/2026:14:00:29 +0200] "GET / HTTP/1.1" 200 - "-" "Zabbix"
66.249.66.37 - - [15/Sep/2026:14:00:36 +0200] "GET /?z=79115306841 HTTP/1.1" 200 198739 "-" "Mozilla/5.0 (Linux; Android 6.0.1; Nexus 5X Build/MMB29P) AppleWebKit/537.36 (KHTML, like Gecko) Chrome/152.0.7977.82 Mobile Safari/537.36 (compatible; GoogleOther)"
66.249.66.205 - - [15/Sep/2026:14:00:38 +0200] "GET /?z=63498339257 HTTP/1.1" 200 196360 "-" "Mozilla/5.0 (Linux; Android 6.0.1; Nexus 5X Build/MMB29P) AppleWebKit/537.36 (KHTML, like Gecko) Chrome/152.0.7977.82 Mobile Safari/537.36 (compatible; GoogleOther)"
66.249.66.76 - - [15/Sep/2026:14:00:48 +0200] "GET /?g=89558205484 HTTP/1.1" 200 196849 "-" "Mozilla/5.0 (Linux; Android 6.0.1; Nexus 5X Build/MMB29P) AppleWebKit/537.36 (KHTML, like Gecko) Chrome/152.0.7977.82 Mobile Safari/537.36 (compatible; GoogleOther)"
217.182.60.159 - - [15/Sep/2026:14:01:30 +0200] "GET / HTTP/1.1" 200 - "-" "Zabbix"
66.249.66.206 - - [15/Sep/2026:14:02:06 +0200] "GET /?o=91027306301 HTTP/1.1" 200 196943 "-" "Mozilla/5.0 (Linux; Android 6.0.1; Nexus 5X Build/MMB29P) AppleWebKit/537.36 (KHTML, like Gecko) Chrome/152.0.7977.82 Mobile Safari/537.36 (compatible; Googlebot/2.1; +http://www.google.com/bot.html)"
217.182.60.159 - - [15/Sep/2026:14:02:30 +0200] "GET / HTTP/1.1" 200 - "-" "Zabbix"
217.182.60.159 - - [15/Sep/2026:14:03:31 +0200] "GET / HTTP/1.1" 200 - "-" "Zabbix"
66.249.66.204 - - [15/Sep/2026:14:03:34 +0200] "GET /?u=13627493789 HTTP/1.1" 200 200219 "-" "Mozilla/5.0 (Linux; Android 6.0.1; Nexus 5X Build/MMB29P) AppleWebKit/537.36 (KHTML, like Gecko) Chrome/152.0.7977.82 Mobile Safari/537.36 (compatible; GoogleOther)"
217.182.60.159 - - [15/Sep/2026:14:04:31 +0200] "GET / HTTP/1.1" 200 - "-" "Zabbix"
66.249.66.76 - - [15/Sep/2026:14:04:46 +0200] "GET /?x=61324520675 HTTP/1.1" 200 194785 "-" "Mozilla/5.0 (Linux; Android 6.0.1; Nexus 5X Build/MMB29P) AppleWebKit/537.36 (KHTML, like Gecko) Chrome/152.0.7977.82 Mobile Safari/537.36 (compatible; GoogleOther)"
129.146.188.65 - - [15/Sep/2026:14:04:54 +0200] "GET /wp-content/plugins/pods/readme.txt HTTP/1.1" 200 - "-" "Mozilla/5.0 (Windows NT 10.0; Win64; x64; rv:126.0) Gecko/20100101 Firefox/126.0"
129.146.188.65 - - [15/Sep/2026:14:04:54 +0200] "GET /wp-content/plugins/pods/init.php HTTP/1.1" 200 - "-" "Mozilla/5.0 (Windows NT 10.0; Win64; x64; rv:126.0) Gecko/20100101 Firefox/126.0"
66.249.66.39 - - [15/Sep/2026:14:05:31 +0200] "GET /?z=91738197973 HTTP/1.1" 200 195728 "-" "Mozilla/5.0 (Linux; Android 6.0.1; Nexus 5X Build/MMB29P) AppleWebKit/537.36 (KHTML, like Gecko) Chrome/152.0.7977.82 Mobile Safari/537.36 (compatible; GoogleOther)"
217.182.60.159 - - [15/Sep/2026:14:05:32 +0200] "GET / HTTP/1.1" 200 - "-" "Zabbix"
66.249.66.39 - - [15/Sep/2026:14:06:09 +0200] "GET /?u=99138192786 HTTP/1.1" 200 199651 "-" "Mozilla/5.0 (Linux; Android 6.0.1; Nexus 5X Build/MMB29P) AppleWebKit/537.36 (KHTML, like Gecko) Chrome/152.0.7977.82 Mobile Safari/537.36 (compatible; Googlebot/2.1; +http://www.google.com/bot.html)"
217.182.60.159 - - [15/Sep/2026:14:06:33 +0200] "GET / HTTP/1.1" 200 - "-" "Zabbix"
66.249.66.37 - - [15/Sep/2026:14:06:34 +0200] "GET /?z=79115306841 HTTP/1.1" 200 198739 "-" "Mozilla/5.0 (Linux; Android 6.0.1; Nexus 5X Build/MMB29P) AppleWebKit/537.36 (KHTML, like Gecko) Chrome/152.0.7977.82 Mobile Safari/537.36 (compatible; Googlebot/2.1; +http://www.google.com/bot.html)"
66.249.66.77 - - [15/Sep/2026:14:07:30 +0200] "GET /?o=85327231703 HTTP/1.1" 200 195855 "-" "Mozilla/5.0 (Linux; Android 6.0.1; Nexus 5X Build/MMB29P) AppleWebKit/537.36 (KHTML, like Gecko) Chrome/152.0.7977.82 Mobile Safari/537.36 (compatible; GoogleOther)"
217.182.60.159 - - [15/Sep/2026:14:07:33 +0200] "GET / HTTP/1.1" 200 - "-" "Zabbix"
66.249.66.76 - - [15/Sep/2026:14:08:08 +0200] "GET /?u=36661888795 HTTP/1.1" 200 200006 "-" "Mozilla/5.0 (Linux; Android 6.0.1; Nexus 5X Build/MMB29P) AppleWebKit/537.36 (KHTML, like Gecko) Chrome/152.0.7977.82 Mobile Safari/537.36 (compatible; GoogleOther)"
217.182.60.159 - - [15/Sep/2026:14:08:34 +0200] "GET / HTTP/1.1" 200 - "-" "Zabbix"
66.249.66.37 - - [15/Sep/2026:14:08:47 +0200] "GET /?u=89516419982 HTTP/1.1" 200 200577 "-" "Mozilla/5.0 (Linux; Android 6.0.1; Nexus 5X Build/MMB29P) AppleWebKit/537.36 (KHTML, like Gecko) Chrome/152.0.7977.82 Mobile Safari/537.36 (compatible; GoogleOther)"
66.249.66.204 - - [15/Sep/2026:14:09:28 +0200] "GET /?u=54444740185 HTTP/1.1" 200 198071 "-" "Mozilla/5.0 (Linux; Android 6.0.1; Nexus 5X Build/MMB29P) AppleWebKit/537.36 (KHTML, like Gecko) Chrome/152.0.7977.82 Mobile Safari/537.36 (compatible; GoogleOther)"
217.182.60.159 - - [15/Sep/2026:14:09:35 +0200] "GET / HTTP/1.1" 200 - "-" "Zabbix"
217.182.60.159 - - [15/Sep/2026:14:10:34 +0200] "GET / HTTP/1.1" 200 - "-" "Zabbix"
66.249.66.77 - - [15/Sep/2026:14:11:06 +0200] "GET /?u=13627493789 HTTP/1.1" 200 200219 "-" "Mozilla/5.0 (Linux; Android 6.0.1; Nexus 5X Build/MMB29P) AppleWebKit/537.36 (KHTML, like Gecko) Chrome/152.0.7977.82 Mobile Safari/537.36 (compatible; Googlebot/2.1; +http://www.google.com/bot.html)"
66.249.66.76 - - [15/Sep/2026:14:11:11 +0200] "GET /?u=95212336122 HTTP/1.1" 200 199295 "-" "Mozilla/5.0 (Linux; Android 6.0.1; Nexus 5X Build/MMB29P) AppleWebKit/537.36 (KHTML, like Gecko) Chrome/152.0.7977.82 Mobile Safari/537.36 (compatible; GoogleOther)"
66.249.66.76 - - [15/Sep/2026:14:11:27 +0200] "GET /?u=84388699455 HTTP/1.1" 200 200532 "-" "Mozilla/5.0 (Linux; Android 6.0.1; Nexus 5X Build/MMB29P) AppleWebKit/537.36 (KHTML, like Gecko) Chrome/152.0.7977.82 Mobile Safari/537.36 (compatible; GoogleOther)"
217.182.60.159 - - [15/Sep/2026:14:11:35 +0200] "GET / HTTP/1.1" 200 - "-" "Zabbix"
217.182.60.159 - - [15/Sep/2026:14:12:35 +0200] "GET / HTTP/1.1" 200 - "-" "Zabbix"
66.249.66.205 - - [15/Sep/2026:14:12:48 +0200] "GET /?o=80894879183 HTTP/1.1" 200 194027 "-" "Mozilla/5.0 (Linux; Android 6.0.1; Nexus 5X Build/MMB29P) AppleWebKit/537.36 (KHTML, like Gecko) Chrome/152.0.7977.82 Mobile Safari/537.36 (compatible; GoogleOther)"
66.249.66.204 - - [15/Sep/2026:14:13:27 +0200] "GET /?o=5621309124 HTTP/1.1" 200 201131 "-" "Mozilla/5.0 (Linux; Android 6.0.1; Nexus 5X Build/MMB29P) AppleWebKit/537.36 (KHTML, like Gecko) Chrome/152.0.7977.82 Mobile Safari/537.36 (compatible; GoogleOther)"
217.182.60.159 - - [15/Sep/2026:14:13:36 +0200] "GET / HTTP/1.1" 200 - "-" "Zabbix"
217.182.60.159 - - [15/Sep/2026:14:14:38 +0200] "GET / HTTP/1.1" 200 - "-" "Zabbix"
66.249.66.204 - - [15/Sep/2026:14:15:07 +0200] "GET /?o=5621309124 HTTP/1.1" 200 201131 "-" "Mozilla/5.0 (Linux; Android 6.0.1; Nexus 5X Build/MMB29P) AppleWebKit/537.36 (KHTML, like Gecko) Chrome/152.0.7977.82 Mobile Safari/537.36 (compatible; Googlebot/2.1; +http://www.google.com/bot.html)"
66.249.66.76 - - [15/Sep/2026:14:15:23 +0200] "GET /?o=55779420071 HTTP/1.1" 200 199471 "-" "Mozilla/5.0 (Linux; Android 6.0.1; Nexus 5X Build/MMB29P) AppleWebKit/537.36 (KHTML, like Gecko) Chrome/152.0.7977.82 Mobile Safari/537.36 (compatible; GoogleOther)"
217.182.60.159 - - [15/Sep/2026:14:15:38 +0200] "GET / HTTP/1.1" 200 - "-" "Zabbix"
217.182.60.159 - - [15/Sep/2026:14:16:38 +0200] "GET / HTTP/1.1" 200 - "-" "Zabbix"
66.249.66.39 - - [15/Sep/2026:14:16:48 +0200] "GET /?u=11895817906 HTTP/1.1" 200 193106 "-" "Mozilla/5.0 (Linux; Android 6.0.1; Nexus 5X Build/MMB29P) AppleWebKit/537.36 (KHTML, like Gecko) Chrome/152.0.7977.82 Mobile Safari/537.36 (compatible; GoogleOther)"
66.249.66.78 - - [15/Sep/2026:14:17:22 +0200] "GET /?u=6361043731 HTTP/1.1" 200 196354 "-" "Mozilla/5.0 (Linux; Android 6.0.1; Nexus 5X Build/MMB29P) AppleWebKit/537.36 (KHTML, like Gecko) Chrome/152.0.7977.82 Mobile Safari/537.36 (compatible; GoogleOther)"
66.249.66.205 - - [15/Sep/2026:14:17:24 +0200] "GET /?z=47790251998 HTTP/1.1" 200 198415 "-" "Mozilla/5.0 (Linux; Android 6.0.1; Nexus 5X Build/MMB29P) AppleWebKit/537.36 (KHTML, like Gecko) Chrome/152.0.7977.82 Mobile Safari/537.36 (compatible; GoogleOther)"
217.182.60.159 - - [15/Sep/2026:14:17:38 +0200] "GET / HTTP/1.1" 200 - "-" "Zabbix"
217.182.60.159 - - [15/Sep/2026:14:18:39 +0200] "GET / HTTP/1.1" 200 - "-" "Zabbix"
217.182.60.159 - - [15/Sep/2026:14:19:43 +0200] "GET / HTTP/1.1" 200 - "-" "Zabbix"
66.249.66.38 - - [15/Sep/2026:14:19:51 +0200] "GET /?u=89516419982 HTTP/1.1" 200 200577 "-" "Mozilla/5.0 (Linux; Android 6.0.1; Nexus 5X Build/MMB29P) AppleWebKit/537.36 (KHTML, like Gecko) Chrome/152.0.7977.82 Mobile Safari/537.36 (compatible; Googlebot/2.1; +http://www.google.com/bot.html)"
66.249.66.38 - - [15/Sep/2026:14:20:11 +0200] "GET /?o=87551972414 HTTP/1.1" 200 195018 "-" "Mozilla/5.0 (Linux; Android 6.0.1; Nexus 5X Build/MMB29P) AppleWebKit/537.36 (KHTML, like Gecko) Chrome/152.0.7977.82 Mobile Safari/537.36 (compatible; GoogleOther)"
8.217.145.188 - - [15/Sep/2026:14:20:34 +0200] "GET / HTTP/1.1" 200 - "-" "Mozilla/5.0 (Windows NT 10.0; Win64; x64) AppleWebKit/537.36 (KHTML, like Gecko) Chrome/120.0.0.0 Safari/537.36"
217.182.60.159 - - [15/Sep/2026:14:20:44 +0200] "GET / HTTP/1.1" 200 - "-" "Zabbix"
66.249.66.37 - - [15/Sep/2026:14:20:49 +0200] "GET /?z=80078046146 HTTP/1.1" 200 195977 "-" "Mozilla/5.0 (Linux; Android 6.0.1; Nexus 5X Build/MMB29P) AppleWebKit/537.36 (KHTML, like Gecko) Chrome/152.0.7977.82 Mobile Safari/537.36 (compatible; GoogleOther)"
66.249.66.39 - - [15/Sep/2026:14:21:20 +0200] "GET /?u=32487935785 HTTP/1.1" 200 194391 "-" "Mozilla/5.0 (Linux; Android 6.0.1; Nexus 5X Build/MMB29P) AppleWebKit/537.36 (KHTML, like Gecko) Chrome/152.0.7977.82 Mobile Safari/537.36 (compatible; GoogleOther)"
109.234.167.83 - - [15/Sep/2026:14:21:38 +0200] "POST /wp-cron.php?doing_wp_cron=1789474898.9778831005096435546875 HTTP/1.1" 200 - "-" "WordPress/7.1; https://www.hftbot-propfirm.click"
162.241.216.56 - - [15/Sep/2026:14:21:38 +0200] "GET /wp-login.php HTTP/1.1" 200 6791 "https://www.hftbot-propfirm.click/wp-login.php" "Mozilla/5.0 (Macintosh; Intel Mac OS X 10_15_7) AppleWebKit/537.36 (KHTML, like Gecko) Chrome/152.0.0.0 Safari/537.36"
162.241.216.56 - - [15/Sep/2026:14:21:39 +0200] "POST /wp-login.php HTTP/1.1" 200 7235 "https://www.hftbot-propfirm.click/wp-login.php" "Mozilla/5.0 (Macintosh; Intel Mac OS X 10_15_7) AppleWebKit/537.36 (KHTML, like Gecko) Chrome/152.0.0.0 Safari/537.36"
217.182.60.159 - - [15/Sep/2026:14:21:45 +0200] "GET / HTTP/1.1" 200 - "-" "Zabbix"
66.249.66.76 - - [15/Sep/2026:14:21:49 +0200] "GET /?q=78387452617 HTTP/1.1" 200 201539 "-" "Mozilla/5.0 (Linux; Android 6.0.1; Nexus 5X Build/MMB29P) AppleWebKit/537.36 (KHTML, like Gecko) Chrome/152.0.7977.82 Mobile Safari/537.36 (compatible; GoogleOther)"
217.182.60.159 - - [15/Sep/2026:14:22:45 +0200] "GET / HTTP/1.1" 200 - "-" "Zabbix"
66.249.66.78 - - [15/Sep/2026:14:23:17 +0200] "GET /?o=58378270491 HTTP/1.1" 200 202920 "-" "Mozilla/5.0 (Linux; Android 6.0.1; Nexus 5X Build/MMB29P) AppleWebKit/537.36 (KHTML, like Gecko) Chrome/152.0.7977.82 Mobile Safari/537.36 (compatible; GoogleOther)"
217.182.60.159 - - [15/Sep/2026:14:23:45 +0200] "GET / HTTP/1.1" 200 - "-" "Zabbix"
66.249.66.205 - - [15/Sep/2026:14:24:06 +0200] "GET /?u=6361043731 HTTP/1.1" 200 196354 "-" "Mozilla/5.0 (Linux; Android 6.0.1; Nexus 5X Build/MMB29P) AppleWebKit/537.36 (KHTML, like Gecko) Chrome/152.0.7977.82 Mobile Safari/537.36 (compatible; Googlebot/2.1; +http://www.google.com/bot.html)"
66.249.66.37 - - [15/Sep/2026:14:24:33 +0200] "GET /?g=29060211823 HTTP/1.1" 200 200038 "-" "Mozilla/5.0 (Linux; Android 6.0.1; Nexus 5X Build/MMB29P) AppleWebKit/537.36 (KHTML, like Gecko) Chrome/152.0.7977.82 Mobile Safari/537.36 (compatible; GoogleOther)"
66.249.66.76 - - [15/Sep/2026:14:24:35 +0200] "GET /?u=22763702342 HTTP/1.1" 200 195171 "-" "Mozilla/5.0 (Linux; Android 6.0.1; Nexus 5X Build/MMB29P) AppleWebKit/537.36 (KHTML, like Gecko) Chrome/152.0.7977.82 Mobile Safari/537.36 (compatible; GoogleOther)"
217.182.60.159 - - [15/Sep/2026:14:24:46 +0200] "GET / HTTP/1.1" 200 - "-" "Zabbix"
66.249.66.37 - - [15/Sep/2026:14:24:50 +0200] "GET /?o=45009365149 HTTP/1.1" 200 196038 "-" "Mozilla/5.0 (Linux; Android 6.0.1; Nexus 5X Build/MMB29P) AppleWebKit/537.36 (KHTML, like Gecko) Chrome/152.0.7977.82 Mobile Safari/537.36 (compatible; GoogleOther)"
66.249.66.205 - - [15/Sep/2026:14:25:16 +0200] "GET /?a=53850650550 HTTP/1.1" 200 196664 "-" "Mozilla/5.0 (Linux; Android 6.0.1; Nexus 5X Build/MMB29P) AppleWebKit/537.36 (KHTML, like Gecko) Chrome/152.0.7977.82 Mobile Safari/537.36 (compatible; GoogleOther)"
217.182.60.159 - - [15/Sep/2026:14:25:46 +0200] "GET / HTTP/1.1" 200 - "-" "Zabbix"
217.182.60.159 - - [15/Sep/2026:14:26:46 +0200] "GET / HTTP/1.1" 200 - "-" "Zabbix"
66.249.66.38 - - [15/Sep/2026:14:27:14 +0200] "GET /?z=71746323822 HTTP/1.1" 200 199585 "-" "Mozilla/5.0 (Linux; Android 6.0.1; Nexus 5X Build/MMB29P) AppleWebKit/537.36 (KHTML, like Gecko) Chrome/152.0.7977.82 Mobile Safari/537.36 (compatible; GoogleOther)"
217.182.60.159 - - [15/Sep/2026:14:27:47 +0200] "GET / HTTP/1.1" 200 - "-" "Zabbix"
217.182.60.159 - - [15/Sep/2026:14:28:47 +0200] "GET / HTTP/1.1" 200 - "-" "Zabbix"
66.249.66.39 - - [15/Sep/2026:14:28:51 +0200] "GET /?o=4201960077 HTTP/1.1" 200 200716 "-" "Mozilla/5.0 (Linux; Android 6.0.1; Nexus 5X Build/MMB29P) AppleWebKit/537.36 (KHTML, like Gecko) Chrome/152.0.7977.82 Mobile Safari/537.36 (compatible; GoogleOther)"
66.249.66.205 - - [15/Sep/2026:14:29:04 +0200] "GET /?u=11895817906 HTTP/1.1" 200 193106 "-" "Mozilla/5.0 (Linux; Android 6.0.1; Nexus 5X Build/MMB29P) AppleWebKit/537.36 (KHTML, like Gecko) Chrome/152.0.7977.82 Mobile Safari/537.36 (compatible; Googlebot/2.1; +http://www.google.com/bot.html)"
66.249.66.37 - - [15/Sep/2026:14:29:12 +0200] "GET /?a=2902021481 HTTP/1.1" 200 195036 "-" "Mozilla/5.0 (Linux; Android 6.0.1; Nexus 5X Build/MMB29P) AppleWebKit/537.36 (KHTML, like Gecko) Chrome/152.0.7977.82 Mobile Safari/537.36 (compatible; GoogleOther)"
216.73.216.201 - - [15/Sep/2026:14:29:17 +0200] "GET /robots.txt HTTP/1.1" 200 79 "https://www.hftbot-propfirm.click/robots.txt" "Mozilla/5.0 AppleWebKit/537.36 (KHTML, like Gecko; compatible; ClaudeBot/1.0; +claudebot@anthropic.com)"
216.73.216.201 - - [15/Sep/2026:14:29:17 +0200] "GET /sitemap.xml HTTP/1.1" 200 179180 "-" "Mozilla/5.0 AppleWebKit/537.36 (KHTML, like Gecko; compatible; ClaudeBot/1.0; +claudebot@anthropic.com)"
217.182.60.159 - - [15/Sep/2026:14:29:47 +0200] "GET / HTTP/1.1" 200 - "-" "Zabbix"
217.182.60.159 - - [15/Sep/2026:14:30:48 +0200] "GET / HTTP/1.1" 200 - "-" "Zabbix"
66.249.66.76 - - [15/Sep/2026:14:31:11 +0200] "GET /?s=74737219744 HTTP/1.1" 200 200687 "-" "Mozilla/5.0 (Linux; Android 6.0.1; Nexus 5X Build/MMB29P) AppleWebKit/537.36 (KHTML, like Gecko) Chrome/152.0.7977.82 Mobile Safari/537.36 (compatible; GoogleOther)"
217.182.60.159 - - [15/Sep/2026:14:31:48 +0200] "GET / HTTP/1.1" 200 - "-" "Zabbix"
66.249.66.76 - - [15/Sep/2026:14:32:32 +0200] "GET /?u=76024487364 HTTP/1.1" 200 198960 "-" "Mozilla/5.0 (Linux; Android 6.0.1; Nexus 5X Build/MMB29P) AppleWebKit/537.36 (KHTML, like Gecko) Chrome/152.0.7977.82 Mobile Safari/537.36 (compatible; GoogleOther)"
66.249.66.77 - - [15/Sep/2026:14:32:41 +0200] "GET /?s=1234439771 HTTP/1.1" 200 199911 "-" "Mozilla/5.0 (Linux; Android 6.0.1; Nexus 5X Build/MMB29P) AppleWebKit/537.36 (KHTML, like Gecko) Chrome/152.0.7977.82 Mobile Safari/537.36 (compatible; GoogleOther)"
217.182.60.159 - - [15/Sep/2026:14:32:49 +0200] "GET / HTTP/1.1" 200 - "-" "Zabbix"
66.249.66.204 - - [15/Sep/2026:14:32:50 +0200] "GET /?z=65379962986 HTTP/1.1" 200 200547 "-" "Mozilla/5.0 (Linux; Android 6.0.1; Nexus 5X Build/MMB29P) AppleWebKit/537.36 (KHTML, like Gecko) Chrome/152.0.7977.82 Mobile Safari/537.36 (compatible; GoogleOther)"
66.249.66.37 - - [15/Sep/2026:14:33:03 +0200] "GET /?a=2902021481 HTTP/1.1" 200 195036 "-" "Mozilla/5.0 (Linux; Android 6.0.1; Nexus 5X Build/MMB29P) AppleWebKit/537.36 (KHTML, like Gecko) Chrome/152.0.7977.82 Mobile Safari/537.36 (compatible; Googlebot/2.1; +http://www.google.com/bot.html)"
217.182.60.159 - - [15/Sep/2026:14:33:50 +0200] "GET / HTTP/1.1" 200 - "-" "Zabbix"
217.182.60.159 - - [15/Sep/2026:14:34:52 +0200] "GET / HTTP/1.1" 200 - "-" "Zabbix"
66.249.66.204 - - [15/Sep/2026:14:35:07 +0200] "GET /?n=89612167330 HTTP/1.1" 200 193211 "-" "Mozilla/5.0 (Linux; Android 6.0.1; Nexus 5X Build/MMB29P) AppleWebKit/537.36 (KHTML, like Gecko) Chrome/152.0.7977.82 Mobile Safari/537.36 (compatible; GoogleOther)"
217.182.60.159 - - [15/Sep/2026:14:35:52 +0200] "GET / HTTP/1.1" 200 - "-" "Zabbix"
217.182.60.159 - - [15/Sep/2026:14:36:54 +0200] "GET / HTTP/1.1" 200 - "-" "Zabbix"
66.249.66.37 - - [15/Sep/2026:14:37:03 +0200] "GET /?s=4930724852 HTTP/1.1" 200 196747 "-" "Mozilla/5.0 (Linux; Android 6.0.1; Nexus 5X Build/MMB29P) AppleWebKit/537.36 (KHTML, like Gecko) Chrome/152.0.7977.82 Mobile Safari/537.36 (compatible; GoogleOther)"
66.249.66.38 - - [15/Sep/2026:14:37:06 +0200] "GET /?g=42237795385 HTTP/1.1" 200 202571 "-" "Mozilla/5.0 (Linux; Android 6.0.1; Nexus 5X Build/MMB29P) AppleWebKit/537.36 (KHTML, like Gecko) Chrome/152.0.7977.82 Mobile Safari/537.36 (compatible; GoogleOther)"
54.39.0.225 - - [15/Sep/2026:14:37:07 +0200] "GET /les-centres-equestres-sont-ils-rentables/ HTTP/1.1" 200 - "-" "Mozilla/5.0 (compatible; AhrefsBot/7.0; +http://ahrefs.com/robot/)"
66.249.66.37 - - [15/Sep/2026:14:37:48 +0200] "GET /?o=4201960077 HTTP/1.1" 200 200716 "-" "Mozilla/5.0 (Linux; Android 6.0.1; Nexus 5X Build/MMB29P) AppleWebKit/537.36 (KHTML, like Gecko) Chrome/152.0.7977.82 Mobile Safari/537.36 (compatible; Googlebot/2.1; +http://www.google.com/bot.html)"
217.182.60.159 - - [15/Sep/2026:14:37:54 +0200] "GET / HTTP/1.1" 200 - "-" "Zabbix"
217.182.60.159 - - [15/Sep/2026:14:38:55 +0200] "GET / HTTP/1.1" 200 - "-" "Zabbix"
66.249.66.76 - - [15/Sep/2026:14:39:04 +0200] "GET /?o=25946663291 HTTP/1.1" 200 200810 "-" "Mozilla/5.0 (Linux; Android 6.0.1; Nexus 5X Build/MMB29P) AppleWebKit/537.36 (KHTML, like Gecko) Chrome/152.0.7977.82 Mobile Safari/537.36 (compatible; GoogleOther)"
217.182.60.159 - - [15/Sep/2026:14:39:55 +0200] "GET / HTTP/1.1" 200 - "-" "Zabbix"
66.249.66.37 - - [15/Sep/2026:14:40:51 +0200] "GET /?o=13781988587 HTTP/1.1" 200 194734 "-" "Mozilla/5.0 (Linux; Android 6.0.1; Nexus 5X Build/MMB29P) AppleWebKit/537.36 (KHTML, like Gecko) Chrome/152.0.7977.82 Mobile Safari/537.36 (compatible; GoogleOther)"
217.182.60.159 - - [15/Sep/2026:14:40:55 +0200] "GET / HTTP/1.1" 200 - "-" "Zabbix"
66.249.66.39 - - [15/Sep/2026:14:41:03 +0200] "GET /?s=40091056876 HTTP/1.1" 200 193132 "-" "Mozilla/5.0 (Linux; Android 6.0.1; Nexus 5X Build/MMB29P) AppleWebKit/537.36 (KHTML, like Gecko) Chrome/152.0.7977.82 Mobile Safari/537.36 (compatible; GoogleOther)"
217.182.60.159 - - [15/Sep/2026:14:41:56 +0200] "GET / HTTP/1.1" 200 - "-" "Zabbix"
66.249.66.206 - - [15/Sep/2026:14:42:02 +0200] "GET /?s=4930724852 HTTP/1.1" 200 196747 "-" "Mozilla/5.0 (Linux; Android 6.0.1; Nexus 5X Build/MMB29P) AppleWebKit/537.36 (KHTML, like Gecko) Chrome/152.0.7977.82 Mobile Safari/537.36 (compatible; Googlebot/2.1; +http://www.google.com/bot.html)"
217.182.60.159 - - [15/Sep/2026:14:42:56 +0200] "GET / HTTP/1.1" 200 - "-" "Zabbix"
66.249.66.39 - - [15/Sep/2026:14:43:01 +0200] "GET /?n=42458151011 HTTP/1.1" 200 200587 "-" "Mozilla/5.0 (Linux; Android 6.0.1; Nexus 5X Build/MMB29P) AppleWebKit/537.36 (KHTML, like Gecko) Chrome/152.0.7977.82 Mobile Safari/537.36 (compatible; GoogleOther)"
66.249.66.38 - - [15/Sep/2026:14:43:15 +0200] "GET /?g=93676857866 HTTP/1.1" 200 201131 "-" "Mozilla/5.0 (Linux; Android 6.0.1; Nexus 5X Build/MMB29P) AppleWebKit/537.36 (KHTML, like Gecko) Chrome/152.0.7977.82 Mobile Safari/537.36 (compatible; GoogleOther)"
66.249.66.37 - - [15/Sep/2026:14:43:49 +0200] "GET /?s=74737219744 HTTP/1.1" 200 200687 "-" "Mozilla/5.0 (Linux; Android 6.0.1; Nexus 5X Build/MMB29P) AppleWebKit/537.36 (KHTML, like Gecko) Chrome/152.0.7977.82 Mobile Safari/537.36 (compatible; Googlebot/2.1; +http://www.google.com/bot.html)"
217.182.60.159 - - [15/Sep/2026:14:43:56 +0200] "GET / HTTP/1.1" 200 - "-" "Zabbix"
66.249.66.78 - - [15/Sep/2026:14:44:02 +0200] "GET /?o=28309214797 HTTP/1.1" 200 197137 "-" "Mozilla/5.0 (Linux; Android 6.0.1; Nexus 5X Build/MMB29P) AppleWebKit/537.36 (KHTML, like Gecko) Chrome/152.0.7977.82 Mobile Safari/537.36 (compatible; GoogleOther)"
66.249.66.37 - - [15/Sep/2026:14:44:04 +0200] "GET /?n=64129934396 HTTP/1.1" 200 201480 "-" "Mozilla/5.0 (Linux; Android 6.0.1; Nexus 5X Build/MMB29P) AppleWebKit/537.36 (KHTML, like Gecko) Chrome/152.0.7977.82 Mobile Safari/537.36 (compatible; GoogleOther)"
217.182.60.159 - - [15/Sep/2026:14:44:57 +0200] "GET / HTTP/1.1" 200 - "-" "Zabbix"
66.249.66.37 - - [15/Sep/2026:14:44:57 +0200] "GET /?o=37430554784 HTTP/1.1" 200 201616 "-" "Mozilla/5.0 (Linux; Android 6.0.1; Nexus 5X Build/MMB29P) AppleWebKit/537.36 (KHTML, like Gecko) Chrome/152.0.7977.82 Mobile Safari/537.36 (compatible; GoogleOther)"
66.249.66.76 - - [15/Sep/2026:14:44:59 +0200] "GET /?u=96435493358 HTTP/1.1" 200 198931 "-" "Mozilla/5.0 (Linux; Android 6.0.1; Nexus 5X Build/MMB29P) AppleWebKit/537.36 (KHTML, like Gecko) Chrome/152.0.7977.82 Mobile Safari/537.36 (compatible; GoogleOther)"
66.249.66.76 - - [15/Sep/2026:14:45:36 +0200] "GET /?a=26464030009 HTTP/1.1" 200 194620 "-" "Mozilla/5.0 (Linux; Android 6.0.1; Nexus 5X Build/MMB29P) AppleWebKit/537.36 (KHTML, like Gecko) Chrome/152.0.7977.82 Mobile Safari/537.36 (compatible; GoogleOther)"
66.249.66.204 - - [15/Sep/2026:14:45:38 +0200] "GET /?u=41523749707 HTTP/1.1" 200 198182 "-" "Mozilla/5.0 (Linux; Android 6.0.1; Nexus 5X Build/MMB29P) AppleWebKit/537.36 (KHTML, like Gecko) Chrome/152.0.7977.82 Mobile Safari/537.36 (compatible; GoogleOther)"
217.182.60.159 - - [15/Sep/2026:14:45:57 +0200] "GET / HTTP/1.1" 200 - "-" "Zabbix"
66.249.66.39 - - [15/Sep/2026:14:46:12 +0200] "GET /?z=56839088180 HTTP/1.1" 200 196981 "-" "Mozilla/5.0 (Linux; Android 6.0.1; Nexus 5X Build/MMB29P) AppleWebKit/537.36 (KHTML, like Gecko) Chrome/152.0.7977.82 Mobile Safari/537.36 (compatible; GoogleOther)"
66.249.66.38 - - [15/Sep/2026:14:46:52 +0200] "GET /?t=10582348440 HTTP/1.1" 200 199501 "-" "Mozilla/5.0 (Linux; Android 6.0.1; Nexus 5X Build/MMB29P) AppleWebKit/537.36 (KHTML, like Gecko) Chrome/152.0.7977.82 Mobile Safari/537.36 (compatible; GoogleOther)"
217.182.60.159 - - [15/Sep/2026:14:46:58 +0200] "GET / HTTP/1.1" 200 - "-" "Zabbix"
66.249.66.37 - - [15/Sep/2026:14:47:18 +0200] "GET /?n=36935406911 HTTP/1.1" 200 201406 "-" "Mozilla/5.0 (Linux; Android 6.0.1; Nexus 5X Build/MMB29P) AppleWebKit/537.36 (KHTML, like Gecko) Chrome/152.0.7977.82 Mobile Safari/537.36 (compatible; GoogleOther)"
217.182.60.159 - - [15/Sep/2026:14:47:58 +0200] "GET / HTTP/1.1" 200 - "-" "Zabbix"
66.249.66.39 - - [15/Sep/2026:14:47:59 +0200] "GET /?s=22434097702 HTTP/1.1" 200 202691 "-" "Mozilla/5.0 (Linux; Android 6.0.1; Nexus 5X Build/MMB29P) AppleWebKit/537.36 (KHTML, like Gecko) Chrome/152.0.7977.82 Mobile Safari/537.36 (compatible; GoogleOther)"
66.249.66.204 - - [15/Sep/2026:14:48:04 +0200] "GET /?o=13781988587 HTTP/1.1" 200 194734 "-" "Mozilla/5.0 (Linux; Android 6.0.1; Nexus 5X Build/MMB29P) AppleWebKit/537.36 (KHTML, like Gecko) Chrome/152.0.7977.82 Mobile Safari/537.36 (compatible; Googlebot/2.1; +http://www.google.com/bot.html)"
66.249.66.204 - - [15/Sep/2026:14:48:49 +0200] "GET /?s=66321885180 HTTP/1.1" 200 194722 "-" "Mozilla/5.0 (Linux; Android 6.0.1; Nexus 5X Build/MMB29P) AppleWebKit/537.36 (KHTML, like Gecko) Chrome/152.0.7977.82 Mobile Safari/537.36 (compatible; GoogleOther)"
217.182.60.159 - - [15/Sep/2026:14:48:59 +0200] "GET / HTTP/1.1" 200 - "-" "Zabbix"
66.249.66.205 - - [15/Sep/2026:14:49:51 +0200] "GET /?u=83487462879 HTTP/1.1" 200 200518 "-" "Mozilla/5.0 (Linux; Android 6.0.1; Nexus 5X Build/MMB29P) AppleWebKit/537.36 (KHTML, like Gecko) Chrome/152.0.7977.82 Mobile Safari/537.36 (compatible; GoogleOther)"
66.249.66.77 - - [15/Sep/2026:14:49:55 +0200] "GET /?s=40091056876 HTTP/1.1" 200 193132 "-" "Mozilla/5.0 (Linux; Android 6.0.1; Nexus 5X Build/MMB29P) AppleWebKit/537.36 (KHTML, like Gecko) Chrome/152.0.7977.82 Mobile Safari/537.36 (compatible; Googlebot/2.1; +http://www.google.com/bot.html)"
217.182.60.159 - - [15/Sep/2026:14:49:59 +0200] "GET / HTTP/1.1" 200 - "-" "Zabbix"
66.249.66.78 - - [15/Sep/2026:14:50:42 +0200] "GET /?s=4868349472 HTTP/1.1" 200 197155 "-" "Mozilla/5.0 (Linux; Android 6.0.1; Nexus 5X Build/MMB29P) AppleWebKit/537.36 (KHTML, like Gecko) Chrome/152.0.7977.82 Mobile Safari/537.36 (compatible; GoogleOther)"
217.182.60.159 - - [15/Sep/2026:14:51:00 +0200] "GET / HTTP/1.1" 200 - "-" "Zabbix"
66.249.66.204 - - [15/Sep/2026:14:51:23 +0200] "GET /?u=29124985080 HTTP/1.1" 200 200507 "-" "Mozilla/5.0 (Linux; Android 6.0.1; Nexus 5X Build/MMB29P) AppleWebKit/537.36 (KHTML, like Gecko) Chrome/152.0.7977.82 Mobile Safari/537.36 (compatible; GoogleOther)"
66.249.66.77 - - [15/Sep/2026:14:51:36 +0200] "GET /?s=53572499915 HTTP/1.1" 200 201964 "-" "Mozilla/5.0 (Linux; Android 6.0.1; Nexus 5X Build/MMB29P) AppleWebKit/537.36 (KHTML, like Gecko) Chrome/152.0.7977.82 Mobile Safari/537.36 (compatible; GoogleOther)"
217.182.60.159 - - [15/Sep/2026:14:52:00 +0200] "GET / HTTP/1.1" 200 - "-" "Zabbix"
66.249.66.78 - - [15/Sep/2026:14:52:38 +0200] "GET /?n=50996417770 HTTP/1.1" 200 197696 "-" "Mozilla/5.0 (Linux; Android 6.0.1; Nexus 5X Build/MMB29P) AppleWebKit/537.36 (KHTML, like Gecko) Chrome/152.0.7977.82 Mobile Safari/537.36 (compatible; GoogleOther)"
217.182.60.159 - - [15/Sep/2026:14:53:01 +0200] "GET / HTTP/1.1" 200 - "-" "Zabbix"
66.249.66.78 - - [15/Sep/2026:14:53:20 +0200] "GET /?o=61474671645 HTTP/1.1" 200 200707 "-" "Mozilla/5.0 (Linux; Android 6.0.1; Nexus 5X Build/MMB29P) AppleWebKit/537.36 (KHTML, like Gecko) Chrome/152.0.7977.82 Mobile Safari/537.36 (compatible; GoogleOther)"
217.182.60.159 - - [15/Sep/2026:14:54:01 +0200] "GET / HTTP/1.1" 200 - "-" "Zabbix"
66.249.66.77 - - [15/Sep/2026:14:54:08 +0200] "GET /?s=4868349472 HTTP/1.1" 200 197155 "-" "Mozilla/5.0 (Linux; Android 6.0.1; Nexus 5X Build/MMB29P) AppleWebKit/537.36 (KHTML, like Gecko) Chrome/152.0.7977.82 Mobile Safari/537.36 (compatible; Googlebot/2.1; +http://www.google.com/bot.html)"
66.249.66.77 - - [15/Sep/2026:14:54:33 +0200] "GET /?s=20281204705 HTTP/1.1" 200 196464 "-" "Mozilla/5.0 (Linux; Android 6.0.1; Nexus 5X Build/MMB29P) AppleWebKit/537.36 (KHTML, like Gecko) Chrome/152.0.7977.82 Mobile Safari/537.36 (compatible; GoogleOther)"
66.249.66.37 - - [15/Sep/2026:14:54:50 +0200] "GET /?z=27278227979 HTTP/1.1" 200 195326 "-" "Mozilla/5.0 (Linux; Android 6.0.1; Nexus 5X Build/MMB29P) AppleWebKit/537.36 (KHTML, like Gecko) Chrome/152.0.7977.82 Mobile Safari/537.36 (compatible; GoogleOther)"
217.182.60.159 - - [15/Sep/2026:14:55:02 +0200] "GET / HTTP/1.1" 200 - "-" "Zabbix"
66.249.66.77 - - [15/Sep/2026:14:55:08 +0200] "GET /?t=26891947325 HTTP/1.1" 200 202263 "-" "Mozilla/5.0 (Linux; Android 6.0.1; Nexus 5X Build/MMB29P) AppleWebKit/537.36 (KHTML, like Gecko) Chrome/152.0.7977.82 Mobile Safari/537.36 (compatible; GoogleOther)"
66.249.66.37 - - [15/Sep/2026:14:55:21 +0200] "GET /?s=20281204705 HTTP/1.1" 200 196464 "-" "Mozilla/5.0 (Linux; Android 6.0.1; Nexus 5X Build/MMB29P) AppleWebKit/537.36 (KHTML, like Gecko) Chrome/152.0.7977.82 Mobile Safari/537.36 (compatible; Googlebot/2.1; +http://www.google.com/bot.html)"
66.249.66.76 - - [15/Sep/2026:14:55:26 +0200] "GET /?k=75115663423 HTTP/1.1" 200 199183 "-" "Mozilla/5.0 (Linux; Android 6.0.1; Nexus 5X Build/MMB29P) AppleWebKit/537.36 (KHTML, like Gecko) Chrome/152.0.7977.82 Mobile Safari/537.36 (compatible; GoogleOther)"
217.182.60.159 - - [15/Sep/2026:14:56:02 +0200] "GET / HTTP/1.1" 200 - "-" "Zabbix"
66.249.66.76 - - [15/Sep/2026:14:56:30 +0200] "GET /?k=83709204852 HTTP/1.1" 200 202595 "-" "Mozilla/5.0 (Linux; Android 6.0.1; Nexus 5X Build/MMB29P) AppleWebKit/537.36 (KHTML, like Gecko) Chrome/152.0.7977.82 Mobile Safari/537.36 (compatible; GoogleOther)"
66.249.66.77 - - [15/Sep/2026:14:56:55 +0200] "GET /?s=88672494091 HTTP/1.1" 200 195032 "-" "Mozilla/5.0 (Linux; Android 6.0.1; Nexus 5X Build/MMB29P) AppleWebKit/537.36 (KHTML, like Gecko) Chrome/152.0.7977.82 Mobile Safari/537.36 (compatible; GoogleOther)"
217.182.60.159 - - [15/Sep/2026:14:57:03 +0200] "GET / HTTP/1.1" 200 - "-" "Zabbix"
