104.207.41.85 - - [15/Sep/2026:09:01:28 +0200] "GET /wp-login.php HTTP/1.1" 200 6791 "-" "Mozilla/5.0 (Windows NT 10.0; Win64; x64) AppleWebKit/537.36 (KHTML, like Gecko) Chrome/145.0.0.0 Safari/537.36"
104.207.41.85 - - [15/Sep/2026:09:01:29 +0200] "POST /wp-login.php HTTP/1.1" 302 - "https://www.hftbot-propfirm.click/wp-login.php" "Mozilla/5.0 (Windows NT 10.0; Win64; x64) AppleWebKit/537.36 (KHTML, like Gecko) Chrome/145.0.0.0 Safari/537.36"
104.207.41.85 - - [15/Sep/2026:09:01:29 +0200] "GET /wp-admin/ HTTP/1.1" 200 141508 "https://www.hftbot-propfirm.click/wp-login.php" "Mozilla/5.0 (Windows NT 10.0; Win64; x64) AppleWebKit/537.36 (KHTML, like Gecko) Chrome/145.0.0.0 Safari/537.36"
104.207.41.85 - - [15/Sep/2026:09:01:31 +0200] "GET /wp-admin/plugins.php?plugin_status=all&paged=1&s HTTP/1.1" 200 146074 "https://www.hftbot-propfirm.click/wp-login.php" "Mozilla/5.0 (Windows NT 10.0; Win64; x64) AppleWebKit/537.36 (KHTML, like Gecko) Chrome/145.0.0.0 Safari/537.36"
104.207.41.85 - - [15/Sep/2026:09:01:32 +0200] "GET /wp-admin/admin.php?page=wp_file_manager HTTP/1.1" 200 116708 "https://www.hftbot-propfirm.click/wp-login.php" "Mozilla/5.0 (Windows NT 10.0; Win64; x64) AppleWebKit/537.36 (KHTML, like Gecko) Chrome/145.0.0.0 Safari/537.36"
104.207.41.85 - - [15/Sep/2026:09:01:33 +0200] "GET /wp-admin/admin-ajax.php?action=mk_file_folder_manager&cmd=mkfile&reqid=1a0a3deeec5374&name=compatibility.php&target=l1_d3AtaW5jbHVkZXMvY3NzL2Rpc3QvbnV4&_wpnonce=52e0176ca4 HTTP/1.1" 200 447 "https://www.hftbot-propfirm.click/wp-login.php" "Mozilla/5.0 (Windows NT 10.0; Win64; x64) AppleWebKit/537.36 (KHTML, like Gecko) Chrome/145.0.0.0 Safari/537.36"
104.207.41.85 - - [15/Sep/2026:09:01:34 +0200] "POST /wp-admin/admin-ajax.php HTTP/1.1" 200 244 "https://www.hftbot-propfirm.click/wp-login.php" "Mozilla/5.0 (Windows NT 10.0; Win64; x64) AppleWebKit/537.36 (KHTML, like Gecko) Chrome/145.0.0.0 Safari/537.36"
217.182.60.159 - - [15/Sep/2026:09:01:35 +0200] "GET / HTTP/1.1" 200 69636 "-" "Zabbix"
104.207.41.85 - - [15/Sep/2026:09:01:35 +0200] "GET /wp-includes/css/dist/nux/compatibility.php HTTP/1.1" 404 - "https://www.hftbot-propfirm.click/wp-login.php" "Mozilla/5.0 (Windows NT 10.0; Win64; x64) AppleWebKit/537.36 (KHTML, like Gecko) Chrome/145.0.0.0 Safari/537.36"
209.50.165.243 - - [15/Sep/2026:09:01:35 +0200] "GET /wp-login.php HTTP/1.1" 200 6791 "-" "Mozilla/5.0 (Windows NT 10.0; Win64; x64) AppleWebKit/537.36 (KHTML, like Gecko) Chrome/145.0.0.0 Safari/537.36"
104.207.41.85 - - [15/Sep/2026:09:01:35 +0200] "GET /wp-admin/admin-ajax.php?action=mk_file_folder_manager&cmd=rm&reqid=1a0a3def7782a8&targets%5B%5D=l1_d3AtaW5jbHVkZXMvY3NzL2Rpc3QvbnV4L2NvbXBhdGliaWxpdHkucGhw&_wpnonce=52e0176ca4 HTTP/1.1" 200 284 "https://www.hftbot-propfirm.click/wp-login.php" "Mozilla/5.0 (Windows NT 10.0; Win64; x64) AppleWebKit/537.36 (KHTML, like Gecko) Chrome/145.0.0.0 Safari/537.36"
209.50.165.243 - - [15/Sep/2026:09:01:36 +0200] "POST /wp-login.php HTTP/1.1" 302 - "https://www.hftbot-propfirm.click/wp-login.php" "Mozilla/5.0 (Windows NT 10.0; Win64; x64) AppleWebKit/537.36 (KHTML, like Gecko) Chrome/145.0.0.0 Safari/537.36"
209.50.165.243 - - [15/Sep/2026:09:01:37 +0200] "GET /wp-admin/ HTTP/1.1" 200 141508 "https://www.hftbot-propfirm.click/wp-login.php" "Mozilla/5.0 (Windows NT 10.0; Win64; x64) AppleWebKit/537.36 (KHTML, like Gecko) Chrome/145.0.0.0 Safari/537.36"
209.50.165.243 - - [15/Sep/2026:09:01:39 +0200] "GET /wp-admin/plugins.php?plugin_status=all&paged=1&s HTTP/1.1" 200 146074 "https://www.hftbot-propfirm.click/wp-login.php" "Mozilla/5.0 (Windows NT 10.0; Win64; x64) AppleWebKit/537.36 (KHTML, like Gecko) Chrome/145.0.0.0 Safari/537.36"
104.207.41.85 - - [15/Sep/2026:09:01:40 +0200] "GET /wp-admin/admin-ajax.php?action=mk_file_folder_manager&cmd=mkfile&reqid=1a0a3df0969341&name=performance-tweaks.php&target=l1_Lw&_wpnonce=52e0176ca4 HTTP/1.1" 200 1431 "https://www.hftbot-propfirm.click/wp-login.php" "Mozilla/5.0 (Windows NT 10.0; Win64; x64) AppleWebKit/537.36 (KHTML, like Gecko) Chrome/145.0.0.0 Safari/537.36"
104.207.41.85 - - [15/Sep/2026:09:01:41 +0200] "POST /wp-admin/admin-ajax.php HTTP/1.1" 200 192 "https://www.hftbot-propfirm.click/wp-login.php" "Mozilla/5.0 (Windows NT 10.0; Win64; x64) AppleWebKit/537.36 (KHTML, like Gecko) Chrome/145.0.0.0 Safari/537.36"
209.50.165.243 - - [15/Sep/2026:09:01:41 +0200] "GET /wp-admin/admin.php?page=wp_file_manager HTTP/1.1" 200 116709 "https://www.hftbot-propfirm.click/wp-login.php" "Mozilla/5.0 (Windows NT 10.0; Win64; x64) AppleWebKit/537.36 (KHTML, like Gecko) Chrome/145.0.0.0 Safari/537.36"
104.207.41.85 - - [15/Sep/2026:09:01:41 +0200] "POST /performance-tweaks.php HTTP/1.1" 200 645 "https://www.hftbot-propfirm.click/wp-login.php" "Mozilla/5.0 (Windows NT 10.0; Win64; x64) AppleWebKit/537.36 (KHTML, like Gecko) Chrome/145.0.0.0 Safari/537.36"
104.207.41.85 - - [15/Sep/2026:09:01:42 +0200] "GET /wp-admin/admin-ajax.php?action=mk_file_folder_manager&cmd=rm&reqid=1a0a3df11231e&targets%5B%5D=l1_cGVyZm9ybWFuY2UtdHdlYWtzLnBocA&_wpnonce=52e0176ca4 HTTP/1.1" 200 1293 "https://www.hftbot-propfirm.click/wp-login.php" "Mozilla/5.0 (Windows NT 10.0; Win64; x64) AppleWebKit/537.36 (KHTML, like Gecko) Chrome/145.0.0.0 Safari/537.36"
104.207.41.85 - - [15/Sep/2026:09:01:43 +0200] "GET /wp-admin/admin-ajax.php?action=mk_file_folder_manager&cmd=mkfile&reqid=1a0a3df13631c7&name=wp-load.php&target=l1_d3AtaW5jbHVkZXMvYmxvY2tzL2NvbW1lbnQtYXV0aG9yLW5hbWUveEEva2FpZGVu&_wpnonce=52e0176ca4 HTTP/1.1" 200 560 "https://www.hftbot-propfirm.click/wp-login.php" "Mozilla/5.0 (Windows NT 10.0; Win64; x64) AppleWebKit/537.36 (KHTML, like Gecko) Chrome/145.0.0.0 Safari/537.36"
104.207.41.85 - - [15/Sep/2026:09:01:43 +0200] "GET /wp-admin/admin-ajax.php?action=mk_file_folder_manager&cmd=mkfile&reqid=1a0a3df13633a8&name=compatibility.php&target=l1_d3AtaW5jbHVkZXMvcmVzdC1hcGkvZmllbGRzL0FnWQ&_wpnonce=52e0176ca4 HTTP/1.1" 200 486 "https://www.hftbot-propfirm.click/wp-login.php" "Mozilla/5.0 (Windows NT 10.0; Win64; x64) AppleWebKit/537.36 (KHTML, like Gecko) Chrome/145.0.0.0 Safari/537.36"
104.207.41.85 - - [15/Sep/2026:09:01:43 +0200] "GET /wp-admin/admin-ajax.php?action=mk_file_folder_manager&cmd=mkfile&reqid=1a0a3df136398&name=wp-runtime.php&target=l1_d3AtaW5jbHVkZXMvYmxvY2tzL0pQL2Jsb2Nr&_wpnonce=52e0176ca4 HTTP/1.1" 200 455 "https://www.hftbot-propfirm.click/wp-login.php" "Mozilla/5.0 (Windows NT 10.0; Win64; x64) AppleWebKit/537.36 (KHTML, like Gecko) Chrome/145.0.0.0 Safari/537.36"
104.207.41.85 - - [15/Sep/2026:09:01:43 +0200] "POST /wp-admin/admin-ajax.php HTTP/1.1" 404 - "https://www.hftbot-propfirm.click/wp-login.php" "Mozilla/5.0 (Windows NT 10.0; Win64; x64) AppleWebKit/537.36 (KHTML, like Gecko) Chrome/145.0.0.0 Safari/537.36"
104.207.41.85 - - [15/Sep/2026:09:01:43 +0200] "POST /wp-admin/admin-ajax.php HTTP/1.1" 404 - "https://www.hftbot-propfirm.click/wp-login.php" "Mozilla/5.0 (Windows NT 10.0; Win64; x64) AppleWebKit/537.36 (KHTML, like Gecko) Chrome/145.0.0.0 Safari/537.36"
209.50.165.243 - - [15/Sep/2026:09:01:44 +0200] "GET /wp-admin/admin-ajax.php?action=mk_file_folder_manager&cmd=mkfile&reqid=1a0a3df16242d5&name=compatibility.php&target=l1_d3AtaW5jbHVkZXMvY3NzL2Rpc3QvbnV4&_wpnonce=42adc414cf HTTP/1.1" 200 447 "https://www.hftbot-propfirm.click/wp-login.php" "Mozilla/5.0 (Windows NT 10.0; Win64; x64) AppleWebKit/537.36 (KHTML, like Gecko) Chrome/145.0.0.0 Safari/537.36"
104.207.41.85 - - [15/Sep/2026:09:01:44 +0200] "GET /wp-admin/admin-ajax.php?action=mk_file_folder_manager&cmd=mkfile&reqid=1a0a3df197f2e5&name=load-compat.php&target=l1_d3AtYWRtaW4vanMvcG9seW0vNkNMSg&_wpnonce=52e0176ca4 HTTP/1.1" 200 433 "https://www.hftbot-propfirm.click/wp-login.php" "Mozilla/5.0 (Windows NT 10.0; Win64; x64) AppleWebKit/537.36 (KHTML, like Gecko) Chrome/145.0.0.0 Safari/537.36"
104.207.41.85 - - [15/Sep/2026:09:01:43 +0200] "POST /wp-admin/admin-ajax.php HTTP/1.1" 404 - "https://www.hftbot-propfirm.click/wp-login.php" "Mozilla/5.0 (Windows NT 10.0; Win64; x64) AppleWebKit/537.36 (KHTML, like Gecko) Chrome/145.0.0.0 Safari/537.36"
104.207.41.85 - - [15/Sep/2026:09:01:45 +0200] "GET /wp-admin/admin-ajax.php?action=mk_file_folder_manager&cmd=mkfile&reqid=1a0a3df1b3b34a&name=load-optimizer.php&target=l1_d3AtYWRtaW4vaW5jbHVkZXMvWklIblc&_wpnonce=52e0176ca4 HTTP/1.1" 200 444 "https://www.hftbot-propfirm.click/wp-login.php" "Mozilla/5.0 (Windows NT 10.0; Win64; x64) AppleWebKit/537.36 (KHTML, like Gecko) Chrome/145.0.0.0 Safari/537.36"
209.50.165.243 - - [15/Sep/2026:09:01:45 +0200] "POST /wp-admin/admin-ajax.php HTTP/1.1" 200 244 "https://www.hftbot-propfirm.click/wp-login.php" "Mozilla/5.0 (Windows NT 10.0; Win64; x64) AppleWebKit/537.36 (KHTML, like Gecko) Chrome/145.0.0.0 Safari/537.36"
209.50.165.243 - - [15/Sep/2026:09:01:46 +0200] "GET /wp-includes/css/dist/nux/compatibility.php HTTP/1.1" 404 - "https://www.hftbot-propfirm.click/wp-login.php" "Mozilla/5.0 (Windows NT 10.0; Win64; x64) AppleWebKit/537.36 (KHTML, like Gecko) Chrome/145.0.0.0 Safari/537.36"
104.207.41.85 - - [15/Sep/2026:09:01:46 +0200] "GET /wp-admin/admin-ajax.php?action=mk_file_folder_manager&cmd=mkfile&reqid=1a0a3df1fa0380&name=wp-blog-header.php&target=l1_d3AtYWRtaW4vanMvcG9seW0vNkNMSg&_wpnonce=52e0176ca4 HTTP/1.1" 200 440 "https://www.hftbot-propfirm.click/wp-login.php" "Mozilla/5.0 (Windows NT 10.0; Win64; x64) AppleWebKit/537.36 (KHTML, like Gecko) Chrome/145.0.0.0 Safari/537.36"
104.207.41.85 - - [15/Sep/2026:09:01:45 +0200] "POST /wp-admin/admin-ajax.php HTTP/1.1" 404 - "https://www.hftbot-propfirm.click/wp-login.php" "Mozilla/5.0 (Windows NT 10.0; Win64; x64) AppleWebKit/537.36 (KHTML, like Gecko) Chrome/145.0.0.0 Safari/537.36"
104.207.41.85 - - [15/Sep/2026:09:01:47 +0200] "POST /wp-admin/admin-ajax.php HTTP/1.1" 404 - "https://www.hftbot-propfirm.click/wp-login.php" "Mozilla/5.0 (Windows NT 10.0; Win64; x64) AppleWebKit/537.36 (KHTML, like Gecko) Chrome/145.0.0.0 Safari/537.36"
104.207.41.85 - - [15/Sep/2026:09:01:46 +0200] "POST /wp-admin/admin-ajax.php HTTP/1.1" 404 - "https://www.hftbot-propfirm.click/wp-login.php" "Mozilla/5.0 (Windows NT 10.0; Win64; x64) AppleWebKit/537.36 (KHTML, like Gecko) Chrome/145.0.0.0 Safari/537.36"
104.207.41.85 - - [15/Sep/2026:09:01:47 +0200] "GET /wp-admin/admin-ajax.php?action=mk_file_folder_manager&cmd=mkfile&reqid=1a0a3df249c285&name=env-adapter.php&target=l1_d3AtY29udGVudC9sYW5ndWFnZXMvdGhlbWVzL3RoZQ&_wpnonce=52e0176ca4 HTTP/1.1" 200 481 "https://www.hftbot-propfirm.click/wp-login.php" "Mozilla/5.0 (Windows NT 10.0; Win64; x64) AppleWebKit/537.36 (KHTML, like Gecko) Chrome/145.0.0.0 Safari/537.36"
209.50.165.243 - - [15/Sep/2026:09:01:47 +0200] "GET /wp-admin/admin-ajax.php?action=mk_file_folder_manager&cmd=rm&reqid=1a0a3df243f1b5&targets%5B%5D=l1_d3AtaW5jbHVkZXMvY3NzL2Rpc3QvbnV4L2NvbXBhdGliaWxpdHkucGhw&_wpnonce=42adc414cf HTTP/1.1" 200 284 "https://www.hftbot-propfirm.click/wp-login.php" "Mozilla/5.0 (Windows NT 10.0; Win64; x64) AppleWebKit/537.36 (KHTML, like Gecko) Chrome/145.0.0.0 Safari/537.36"
104.207.41.85 - - [15/Sep/2026:09:01:48 +0200] "GET /wp-admin/admin-ajax.php?action=mk_file_folder_manager&cmd=mkfile&reqid=1a0a3df267e8e&name=performance-tweaks.php&target=l1_d3AtaW5jbHVkZXMvYmxvY2tzL0pQL2Jsb2Nr&_wpnonce=52e0176ca4 HTTP/1.1" 200 474 "https://www.hftbot-propfirm.click/wp-login.php" "Mozilla/5.0 (Windows NT 10.0; Win64; x64) AppleWebKit/537.36 (KHTML, like Gecko) Chrome/145.0.0.0 Safari/537.36"
104.207.41.85 - - [15/Sep/2026:09:01:48 +0200] "GET /wp-admin/admin-ajax.php?action=mk_file_folder_manager&cmd=mkfile&reqid=1a0a3df26843bd&name=admin-en_UA.php&target=l1_d3AtaW5jbHVkZXMvYmxvY2tzL0pQL2Jsb2Nr&_wpnonce=52e0176ca4 HTTP/1.1" 200 458 "https://www.hftbot-propfirm.click/wp-login.php" "Mozilla/5.0 (Windows NT 10.0; Win64; x64) AppleWebKit/537.36 (KHTML, like Gecko) Chrome/145.0.0.0 Safari/537.36"
104.207.41.85 - - [15/Sep/2026:09:01:48 +0200] "POST /wp-admin/admin-ajax.php HTTP/1.1" 404 - "https://www.hftbot-propfirm.click/wp-login.php" "Mozilla/5.0 (Windows NT 10.0; Win64; x64) AppleWebKit/537.36 (KHTML, like Gecko) Chrome/145.0.0.0 Safari/537.36"
209.50.165.243 - - [15/Sep/2026:09:01:48 +0200] "GET /wp-admin/admin-ajax.php?action=mk_file_folder_manager&cmd=mkfile&reqid=1a0a3df27b2243&name=google276099c4715fe882.html&target=l1_Lw&_wpnonce=42adc414cf HTTP/1.1" 200 1441 "https://www.hftbot-propfirm.click/wp-login.php" "Mozilla/5.0 (Windows NT 10.0; Win64; x64) AppleWebKit/537.36 (KHTML, like Gecko) Chrome/145.0.0.0 Safari/537.36"
209.50.165.243 - - [15/Sep/2026:09:01:49 +0200] "POST /wp-admin/admin-ajax.php HTTP/1.1" 200 201 "https://www.hftbot-propfirm.click/wp-login.php" "Mozilla/5.0 (Windows NT 10.0; Win64; x64) AppleWebKit/537.36 (KHTML, like Gecko) Chrome/145.0.0.0 Safari/537.36"
104.207.41.85 - - [15/Sep/2026:09:01:49 +0200] "POST /wp-admin/admin-ajax.php HTTP/1.1" 404 - "https://www.hftbot-propfirm.click/wp-login.php" "Mozilla/5.0 (Windows NT 10.0; Win64; x64) AppleWebKit/537.36 (KHTML, like Gecko) Chrome/145.0.0.0 Safari/537.36"
104.207.41.85 - - [15/Sep/2026:09:01:49 +0200] "GET /wp-admin/admin-ajax.php?action=mk_file_folder_manager&cmd=mkfile&reqid=1a0a3df2c4e191&name=core-optimizations.php&target=l1_d3AtaW5jbHVkZXMvc3R5bGUtZW5naW5lLzUwdDdPL3N0eWxlL2Nzcw&_wpnonce=52e0176ca4 HTTP/1.1" 200 545 "https://www.hftbot-propfirm.click/wp-login.php" "Mozilla/5.0 (Windows NT 10.0; Win64; x64) AppleWebKit/537.36 (KHTML, like Gecko) Chrome/145.0.0.0 Safari/537.36"
104.207.41.85 - - [15/Sep/2026:09:01:49 +0200] "POST /wp-admin/admin-ajax.php HTTP/1.1" 404 - "https://www.hftbot-propfirm.click/wp-login.php" "Mozilla/5.0 (Windows NT 10.0; Win64; x64) AppleWebKit/537.36 (KHTML, like Gecko) Chrome/145.0.0.0 Safari/537.36"
104.207.41.85 - - [15/Sep/2026:09:01:50 +0200] "GET /wp-admin/admin-ajax.php?action=mk_file_folder_manager&cmd=mkfile&reqid=1a0a3df2f41181&name=cache-bridge.php&target=l1_Lw&_wpnonce=52e0176ca4 HTTP/1.1" 200 1417 "https://www.hftbot-propfirm.click/wp-login.php" "Mozilla/5.0 (Windows NT 10.0; Win64; x64) AppleWebKit/537.36 (KHTML, like Gecko) Chrome/145.0.0.0 Safari/537.36"
104.207.41.85 - - [15/Sep/2026:09:01:50 +0200] "POST /wp-admin/admin-ajax.php HTTP/1.1" 404 - "https://www.hftbot-propfirm.click/wp-login.php" "Mozilla/5.0 (Windows NT 10.0; Win64; x64) AppleWebKit/537.36 (KHTML, like Gecko) Chrome/145.0.0.0 Safari/537.36"
104.207.41.85 - - [15/Sep/2026:09:01:51 +0200] "POST /wp-admin/admin-ajax.php HTTP/1.1" 200 178 "https://www.hftbot-propfirm.click/wp-login.php" "Mozilla/5.0 (Windows NT 10.0; Win64; x64) AppleWebKit/537.36 (KHTML, like Gecko) Chrome/145.0.0.0 Safari/537.36"
209.50.165.243 - - [15/Sep/2026:09:01:51 +0200] "GET /wp-admin/admin-ajax.php?action=mk_file_folder_manager&cmd=mkfile&reqid=1a0a3df34681cd&name=sushi.php&target=l1_Lw&_wpnonce=42adc414cf HTTP/1.1" 200 1400 "https://www.hftbot-propfirm.click/wp-login.php" "Mozilla/5.0 (Windows NT 10.0; Win64; x64) AppleWebKit/537.36 (KHTML, like Gecko) Chrome/145.0.0.0 Safari/537.36"
104.207.41.85 - - [15/Sep/2026:09:01:51 +0200] "GET /cache-bridge.php HTTP/1.1" 200 745 "https://www.hftbot-propfirm.click/wp-login.php" "Mozilla/5.0 (Windows NT 10.0; Win64; x64) AppleWebKit/537.36 (KHTML, like Gecko) Chrome/145.0.0.0 Safari/537.36"
104.207.41.85 - - [15/Sep/2026:09:01:52 +0200] "GET /wp-admin/admin-ajax.php?action=mk_file_folder_manager&cmd=rm&reqid=1a0a3df37df2de&targets%5B%5D=l1_Y2FjaGUtYnJpZGdlLnBocA&_wpnonce=52e0176ca4 HTTP/1.1" 200 71 "https://www.hftbot-propfirm.click/wp-login.php" "Mozilla/5.0 (Windows NT 10.0; Win64; x64) AppleWebKit/537.36 (KHTML, like Gecko) Chrome/145.0.0.0 Safari/537.36"
209.50.165.243 - - [15/Sep/2026:09:01:52 +0200] "POST /wp-admin/admin-ajax.php HTTP/1.1" 200 162 "https://www.hftbot-propfirm.click/wp-login.php" "Mozilla/5.0 (Windows NT 10.0; Win64; x64) AppleWebKit/537.36 (KHTML, like Gecko) Chrome/145.0.0.0 Safari/537.36"
104.207.41.85 - - [15/Sep/2026:09:01:53 +0200] "GET /wp-admin/plugin-install.php HTTP/1.1" 200 145681 "https://www.hftbot-propfirm.click/wp-login.php" "Mozilla/5.0 (Windows NT 10.0; Win64; x64) AppleWebKit/537.36 (KHTML, like Gecko) Chrome/145.0.0.0 Safari/537.36"
209.50.165.243 - - [15/Sep/2026:09:01:53 +0200] "GET /sushi.php?3631-bright157 HTTP/1.1" 200 198570 "https://www.hftbot-propfirm.click/wp-login.php" "Mozilla/5.0+(compatible;+Googlebot/2.1;++http://www.google.com/bot.html)"
209.50.165.243 - - [15/Sep/2026:09:01:57 +0200] "GET /wp-admin/admin-ajax.php?action=mk_file_folder_manager&cmd=mkfile&reqid=1a0a3df4a521a5&name=manga.php&target=l1_Lw&_wpnonce=42adc414cf HTTP/1.1" 200 1400 "https://www.hftbot-propfirm.click/wp-login.php" "Mozilla/5.0 (Windows NT 10.0; Win64; x64) AppleWebKit/537.36 (KHTML, like Gecko) Chrome/145.0.0.0 Safari/537.36"
104.207.41.85 - - [15/Sep/2026:09:01:55 +0200] "POST /wp-admin/update.php?action=upload-plugin HTTP/1.1" 200 88769 "https://www.hftbot-propfirm.click/wp-login.php" "Mozilla/5.0 (Windows NT 10.0; Win64; x64) AppleWebKit/537.36 (KHTML, like Gecko) Chrome/145.0.0.0 Safari/537.36"
209.50.165.243 - - [15/Sep/2026:09:01:57 +0200] "POST /wp-admin/admin-ajax.php HTTP/1.1" 200 162 "https://www.hftbot-propfirm.click/wp-login.php" "Mozilla/5.0 (Windows NT 10.0; Win64; x64) AppleWebKit/537.36 (KHTML, like Gecko) Chrome/145.0.0.0 Safari/537.36"
104.207.41.85 - - [15/Sep/2026:09:01:58 +0200] "GET /wp-admin/plugins.php HTTP/1.1" 200 147874 "https://www.hftbot-propfirm.click/wp-login.php" "Mozilla/5.0 (Windows NT 10.0; Win64; x64) AppleWebKit/537.36 (KHTML, like Gecko) Chrome/145.0.0.0 Safari/537.36"
104.207.41.85 - - [15/Sep/2026:09:02:00 +0200] "POST /wp-admin/plugins.php?plugin_status=all&paged=1&s HTTP/1.1" 302 - "https://www.hftbot-propfirm.click/wp-login.php" "Mozilla/5.0 (Windows NT 10.0; Win64; x64) AppleWebKit/537.36 (KHTML, like Gecko) Chrome/145.0.0.0 Safari/537.36"
209.50.165.243 - - [15/Sep/2026:09:01:59 +0200] "GET /manga.php?3629-link213 HTTP/1.1" 200 217610 "https://www.hftbot-propfirm.click/wp-login.php" "Mozilla/5.0+(compatible;+Googlebot/2.1;++http://www.google.com/bot.html)"
104.207.41.85 - - [15/Sep/2026:09:02:00 +0200] "GET /wp-admin/plugins.php?activate-multi=true&plugin_status=all&paged=1&s= HTTP/1.1" 200 146302 "https://www.hftbot-propfirm.click/wp-login.php" "Mozilla/5.0 (Windows NT 10.0; Win64; x64) AppleWebKit/537.36 (KHTML, like Gecko) Chrome/145.0.0.0 Safari/537.36"
104.207.41.85 - - [15/Sep/2026:09:02:01 +0200] "GET /wp-admin/ HTTP/1.1" 200 14 "https://www.hftbot-propfirm.click/wp-login.php" "Mozilla/5.0 (Windows NT 10.0; Win64; x64) AppleWebKit/537.36 (KHTML, like Gecko) Chrome/145.0.0.0 Safari/537.36"
104.207.41.85 - - [15/Sep/2026:09:02:05 +0200] "GET /wp-admin/admin-ajax.php?action=mk_file_folder_manager&cmd=mkfile&reqid=1a0a3df6acbf1&name=performance-tweaks.php&target=l1_Lw&_wpnonce=52e0176ca4 HTTP/1.1" 200 1431 "https://www.hftbot-propfirm.click/wp-login.php" "Mozilla/5.0 (Windows NT 10.0; Win64; x64) AppleWebKit/537.36 (KHTML, like Gecko) Chrome/145.0.0.0 Safari/537.36"
104.207.41.85 - - [15/Sep/2026:09:02:06 +0200] "POST /wp-admin/admin-ajax.php HTTP/1.1" 200 192 "https://www.hftbot-propfirm.click/wp-login.php" "Mozilla/5.0 (Windows NT 10.0; Win64; x64) AppleWebKit/537.36 (KHTML, like Gecko) Chrome/145.0.0.0 Safari/537.36"
104.207.41.85 - - [15/Sep/2026:09:02:07 +0200] "POST /performance-tweaks.php HTTP/1.1" 200 200 "https://www.hftbot-propfirm.click/wp-login.php" "Mozilla/5.0 (Windows NT 10.0; Win64; x64) AppleWebKit/537.36 (KHTML, like Gecko) Chrome/145.0.0.0 Safari/537.36"
104.207.41.85 - - [15/Sep/2026:09:02:08 +0200] "GET /wp-admin/admin-ajax.php?action=mk_file_folder_manager&cmd=rm&reqid=1a0a3df74c316a&targets%5B%5D=l1_cGVyZm9ybWFuY2UtdHdlYWtzLnBocA&_wpnonce=52e0176ca4 HTTP/1.1" 200 1293 "https://www.hftbot-propfirm.click/wp-login.php" "Mozilla/5.0 (Windows NT 10.0; Win64; x64) AppleWebKit/537.36 (KHTML, like Gecko) Chrome/145.0.0.0 Safari/537.36"
104.207.41.85 - - [15/Sep/2026:09:02:08 +0200] "GET /wp-admin/admin-ajax.php?action=mk_file_folder_manager&cmd=mkfile&reqid=1a0a3df7787354&name=site-compat-layer.php&target=l1_d3AtY29udGVudC9tdS1wbHVnaW5z&_wpnonce=52e0176ca4 HTTP/1.1" 200 439 "https://www.hftbot-propfirm.click/wp-login.php" "Mozilla/5.0 (Windows NT 10.0; Win64; x64) AppleWebKit/537.36 (KHTML, like Gecko) Chrome/145.0.0.0 Safari/537.36"
104.207.41.85 - - [15/Sep/2026:09:02:10 +0200] "POST /wp-admin/admin-ajax.php HTTP/1.1" 200 245 "https://www.hftbot-propfirm.click/wp-login.php" "Mozilla/5.0 (Windows NT 10.0; Win64; x64) AppleWebKit/537.36 (KHTML, like Gecko) Chrome/145.0.0.0 Safari/537.36"
104.207.41.85 - - [15/Sep/2026:09:02:11 +0200] "GET /wp-admin/admin-ajax.php?action=mk_file_folder_manager&cmd=mkfile&reqid=1a0a3df823920b&name=wp-compat-layer.php&target=l1_d3AtY29udGVudC9tdS1wbHVnaW5z&_wpnonce=52e0176ca4 HTTP/1.1" 200 434 "https://www.hftbot-propfirm.click/wp-login.php" "Mozilla/5.0 (Windows NT 10.0; Win64; x64) AppleWebKit/537.36 (KHTML, like Gecko) Chrome/145.0.0.0 Safari/537.36"
104.207.41.85 - - [15/Sep/2026:09:02:12 +0200] "POST /wp-admin/admin-ajax.php HTTP/1.1" 404 - "https://www.hftbot-propfirm.click/wp-login.php" "Mozilla/5.0 (Windows NT 10.0; Win64; x64) AppleWebKit/537.36 (KHTML, like Gecko) Chrome/145.0.0.0 Safari/537.36"
104.207.41.85 - - [15/Sep/2026:09:02:13 +0200] "POST /wp-admin/admin-ajax.php HTTP/1.1" 404 - "https://www.hftbot-propfirm.click/wp-login.php" "Mozilla/5.0 (Windows NT 10.0; Win64; x64) AppleWebKit/537.36 (KHTML, like Gecko) Chrome/145.0.0.0 Safari/537.36"
217.182.60.159 - - [15/Sep/2026:09:02:35 +0200] "GET / HTTP/1.1" 200 69636 "-" "Zabbix"
65.111.2.204 - - [15/Sep/2026:09:02:42 +0200] "POST /wp-admin/admin-ajax.php HTTP/1.1" 404 - "https://www.hftbot-propfirm.click/wp-login.php" "Mozilla/5.0 (Windows NT 10.0; Win64; x64) AppleWebKit/537.36 (KHTML, like Gecko) Chrome/145.0.0.0 Safari/537.36"
65.111.2.204 - - [15/Sep/2026:09:02:42 +0200] "POST /wp-admin/admin-ajax.php HTTP/1.1" 404 - "https://www.hftbot-propfirm.click/wp-login.php" "Mozilla/5.0 (Windows NT 10.0; Win64; x64) AppleWebKit/537.36 (KHTML, like Gecko) Chrome/145.0.0.0 Safari/537.36"
65.111.2.204 - - [15/Sep/2026:09:02:43 +0200] "GET /wp-admin/admin-ajax.php?action=mk_file_folder_manager&cmd=rm&reqid=1a0a3dfff613b6&targets%5B%5D=l1_Lmh0YWNjZXNz&_wpnonce=52e0176ca4 HTTP/1.1" 200 64 "https://www.hftbot-propfirm.click/wp-login.php" "Mozilla/5.0 (Windows NT 10.0; Win64; x64) AppleWebKit/537.36 (KHTML, like Gecko) Chrome/145.0.0.0 Safari/537.36"
65.111.2.204 - - [15/Sep/2026:09:02:45 +0200] "GET /wp-admin/options-permalink.php HTTP/1.1" 200 102280 "https://www.hftbot-propfirm.click/wp-login.php" "Mozilla/5.0 (Windows NT 10.0; Win64; x64) AppleWebKit/537.36 (KHTML, like Gecko) Chrome/145.0.0.0 Safari/537.36"
65.111.2.204 - - [15/Sep/2026:09:02:46 +0200] "POST /wp-admin/options-permalink.php HTTP/1.1" 302 - "https://www.hftbot-propfirm.click/wp-login.php" "Mozilla/5.0 (Windows NT 10.0; Win64; x64) AppleWebKit/537.36 (KHTML, like Gecko) Chrome/145.0.0.0 Safari/537.36"
65.111.2.204 - - [15/Sep/2026:09:02:47 +0200] "GET /wp-admin/options-permalink.php?settings-updated=true HTTP/1.1" 200 102487 "https://www.hftbot-propfirm.click/wp-login.php" "Mozilla/5.0 (Windows NT 10.0; Win64; x64) AppleWebKit/537.36 (KHTML, like Gecko) Chrome/145.0.0.0 Safari/537.36"
65.111.2.204 - - [15/Sep/2026:09:02:49 +0200] "GET /wp-admin/admin-ajax.php?action=mk_file_folder_manager&cmd=mkfile&reqid=1a0a3e017f8169&name=load-compat.php&target=l1_Lw&_wpnonce=52e0176ca4 HTTP/1.1" 200 1414 "https://www.hftbot-propfirm.click/wp-login.php" "Mozilla/5.0 (Windows NT 10.0; Win64; x64) AppleWebKit/537.36 (KHTML, like Gecko) Chrome/145.0.0.0 Safari/537.36"
65.111.2.204 - - [15/Sep/2026:09:02:50 +0200] "POST /wp-admin/admin-ajax.php HTTP/1.1" 404 66042 "https://www.hftbot-propfirm.click/wp-login.php" "Mozilla/5.0 (Windows NT 10.0; Win64; x64) AppleWebKit/537.36 (KHTML, like Gecko) Chrome/145.0.0.0 Safari/537.36"
65.111.2.204 - - [15/Sep/2026:09:02:52 +0200] "POST /wp-admin/admin-ajax.php HTTP/1.1" 404 66042 "https://www.hftbot-propfirm.click/wp-login.php" "Mozilla/5.0 (Windows NT 10.0; Win64; x64) AppleWebKit/537.36 (KHTML, like Gecko) Chrome/145.0.0.0 Safari/537.36"
65.111.2.204 - - [15/Sep/2026:09:02:52 +0200] "POST /wp-admin/admin-ajax.php HTTP/1.1" 404 66042 "https://www.hftbot-propfirm.click/wp-login.php" "Mozilla/5.0 (Windows NT 10.0; Win64; x64) AppleWebKit/537.36 (KHTML, like Gecko) Chrome/145.0.0.0 Safari/537.36"
217.182.60.159 - - [15/Sep/2026:09:03:35 +0200] "GET / HTTP/1.1" 200 70080 "-" "Zabbix"
217.182.60.159 - - [15/Sep/2026:09:04:35 +0200] "GET / HTTP/1.1" 200 70080 "-" "Zabbix"
217.182.60.159 - - [15/Sep/2026:09:05:35 +0200] "GET / HTTP/1.1" 200 70080 "-" "Zabbix"
217.182.60.159 - - [15/Sep/2026:09:06:35 +0200] "GET / HTTP/1.1" 200 70080 "-" "Zabbix"
104.207.41.85 - - [15/Sep/2026:09:02:13 +0200] "POST /wp-admin/admin-ajax.php HTTP/1.1" 404 - "https://www.hftbot-propfirm.click/wp-login.php" "Mozilla/5.0 (Windows NT 10.0; Win64; x64) AppleWebKit/537.36 (KHTML, like Gecko) Chrome/145.0.0.0 Safari/537.36"
217.182.60.159 - - [15/Sep/2026:09:07:35 +0200] "GET / HTTP/1.1" 200 70080 "-" "Zabbix"
217.182.60.159 - - [15/Sep/2026:09:08:36 +0200] "GET / HTTP/1.1" 200 70080 "-" "Zabbix"
217.182.60.159 - - [15/Sep/2026:09:09:36 +0200] "GET / HTTP/1.1" 200 70080 "-" "Zabbix"
217.182.60.159 - - [15/Sep/2026:09:10:36 +0200] "GET / HTTP/1.1" 200 70080 "-" "Zabbix"
217.182.60.159 - - [15/Sep/2026:09:11:36 +0200] "GET / HTTP/1.1" 200 70080 "-" "Zabbix"
109.234.167.83 - - [15/Sep/2026:09:12:35 +0200] "POST /wp-cron.php?doing_wp_cron=1789456355.9527120590209960937500 HTTP/1.1" 200 - "-" "WordPress/7.1; https://www.hftbot-propfirm.click"
217.182.60.159 - - [15/Sep/2026:09:12:35 +0200] "GET / HTTP/1.1" 200 70080 "-" "Zabbix"
217.182.60.159 - - [15/Sep/2026:09:13:38 +0200] "GET / HTTP/1.1" 200 70080 "-" "Zabbix"
217.182.60.159 - - [15/Sep/2026:09:14:39 +0200] "GET / HTTP/1.1" 200 70080 "-" "Zabbix"
217.182.60.159 - - [15/Sep/2026:09:15:40 +0200] "GET / HTTP/1.1" 200 70080 "-" "Zabbix"
217.182.60.159 - - [15/Sep/2026:09:16:40 +0200] "GET / HTTP/1.1" 200 70080 "-" "Zabbix"
217.182.60.159 - - [15/Sep/2026:09:17:41 +0200] "GET / HTTP/1.1" 200 70080 "-" "Zabbix"
89.187.161.180 - - [15/Sep/2026:09:18:39 +0200] "GET /3723-bright155 HTTP/1.1" 404 58804 "-" "Mozilla/5.0+(compatible;+Googlebot/2.1;++http://www.google.com/bot.html)"
89.187.161.180 - - [15/Sep/2026:09:18:39 +0200] "GET /wp-includes/blocks/navigation/style.min.css?ver=7.1 HTTP/1.1" 200 20776 "https://www.hftbot-propfirm.click/3723-bright155" "Mozilla/5.0+(compatible;+Googlebot/2.1;++http://www.google.com/bot.html)"
89.187.161.180 - - [15/Sep/2026:09:18:39 +0200] "GET /wp-content/themes/twentytwentyfive/assets/images/404-image.webp HTTP/1.1" 200 129970 "https://www.hftbot-propfirm.click/3723-bright155" "Mozilla/5.0+(compatible;+Googlebot/2.1;++http://www.google.com/bot.html)"
89.187.161.180 - - [15/Sep/2026:09:18:39 +0200] "GET /wp-includes/js/dist/script-modules/interactivity/index.min.js?ver=efaa5193bbad9c60ffd1 HTTP/1.1" 200 40106 "https://www.hftbot-propfirm.click/3723-bright155" "Mozilla/5.0+(compatible;+Googlebot/2.1;++http://www.google.com/bot.html)"
89.187.161.180 - - [15/Sep/2026:09:18:40 +0200] "GET /wp-includes/js/dist/script-modules/block-library/navigation/view.min.js?ver=1bf28ded04f9f188bdcb HTTP/1.1" 200 3033 "https://www.hftbot-propfirm.click/3723-bright155" "Mozilla/5.0+(compatible;+Googlebot/2.1;++http://www.google.com/bot.html)"
217.182.60.159 - - [15/Sep/2026:09:18:40 +0200] "GET / HTTP/1.1" 200 70080 "-" "Zabbix"
89.187.161.180 - - [15/Sep/2026:09:18:41 +0200] "GET /wp-content/themes/twentytwentyfive/assets/fonts/manrope/Manrope-VariableFont_wght.woff2 HTTP/1.1" 200 53600 "https://www.hftbot-propfirm.click/3723-bright155" "Mozilla/5.0+(compatible;+Googlebot/2.1;++http://www.google.com/bot.html)"
89.187.161.180 - - [15/Sep/2026:09:18:41 +0200] "GET /wp-includes/js/wp-emoji-release.min.js?ver=7.1 HTTP/1.1" 200 22752 "https://www.hftbot-propfirm.click/3723-bright155" "Mozilla/5.0+(compatible;+Googlebot/2.1;++http://www.google.com/bot.html)"
89.187.161.180 - - [15/Sep/2026:09:18:42 +0200] "GET /favicon.ico HTTP/1.1" 302 - "https://www.hftbot-propfirm.click/3723-bright155" "Mozilla/5.0+(compatible;+Googlebot/2.1;++http://www.google.com/bot.html)"
89.187.161.180 - - [15/Sep/2026:09:18:43 +0200] "GET /wp-includes/images/w-logo-gray-white-bg.png HTTP/1.1" 200 3241 "https://www.hftbot-propfirm.click/3723-bright155" "Mozilla/5.0+(compatible;+Googlebot/2.1;++http://www.google.com/bot.html)"
5.102.169.29 - - [15/Sep/2026:09:18:51 +0200] "GET /comments/feed/ HTTP/1.1" 200 1681 "-" "Mozilla/5.0 (Windows NT 10.0) AppleWebKit/537.36 (KHTML, like Gecko) Chrome/117.0.0.0 Safari/537.36"
5.102.169.29 - - [15/Sep/2026:09:18:51 +0200] "GET /feed/ HTTP/1.1" 200 1756 "-" "Mozilla/5.0 (Windows NT 10.0) AppleWebKit/537.36 (KHTML, like Gecko) Chrome/117.0.0.0 Safari/537.36"
5.102.169.29 - - [15/Sep/2026:09:18:51 +0200] "GET /wp-json/ HTTP/1.1" 200 197861 "-" "Mozilla/5.0 (Windows NT 10.0) AppleWebKit/537.36 (KHTML, like Gecko) Chrome/117.0.0.0 Safari/537.36"
5.102.169.29 - - [15/Sep/2026:09:18:51 +0200] "GET / HTTP/1.1" 200 70080 "-" "Mozilla/5.0 (Windows NT 10.0) AppleWebKit/537.36 (KHTML, like Gecko) Chrome/117.0.0.0 Safari/537.36"
5.102.169.29 - - [15/Sep/2026:09:18:51 +0200] "GET /2026/07/13/hello-world/ HTTP/1.1" 200 72797 "-" "Mozilla/5.0 (Windows NT 10.0) AppleWebKit/537.36 (KHTML, like Gecko) Chrome/117.0.0.0 Safari/537.36"
5.102.169.29 - - [15/Sep/2026:09:18:51 +0200] "GET /sample-page/ HTTP/1.1" 200 69936 "-" "Mozilla/5.0 (Windows NT 10.0) AppleWebKit/537.36 (KHTML, like Gecko) Chrome/117.0.0.0 Safari/537.36"
217.182.60.159 - - [15/Sep/2026:09:19:41 +0200] "GET / HTTP/1.1" 200 70080 "-" "Zabbix"
89.187.161.180 - - [15/Sep/2026:09:20:18 +0200] "GET /wp-login.php HTTP/1.1" 200 6791 "-" "Mozilla/5.0 (Windows NT 10.0; Win64; x64) AppleWebKit/537.36 (KHTML, like Gecko) Chrome/144.0.0.0 Safari/537.36"
89.187.161.180 - - [15/Sep/2026:09:20:19 +0200] "GET /wp-admin/load-styles.php?c=0&dir=ltr&load%5Bchunk_0%5D=dashicons,buttons,forms,l10n,wp-base-styles,wp-tooltip,login&ver=7.1 HTTP/1.1" 200 114180 "https://www.hftbot-propfirm.click/wp-login.php" "Mozilla/5.0 (Windows NT 10.0; Win64; x64) AppleWebKit/537.36 (KHTML, like Gecko) Chrome/144.0.0.0 Safari/537.36"
89.187.161.180 - - [15/Sep/2026:09:20:20 +0200] "GET /wp-admin/load-scripts.php?c=0&load%5Bchunk_0%5D=clipboard,jquery-core,jquery-migrate,zxcvbn-async,wp-hooks&ver=7.1 HTTP/1.1" 200 115602 "https://www.hftbot-propfirm.click/wp-login.php" "Mozilla/5.0 (Windows NT 10.0; Win64; x64) AppleWebKit/537.36 (KHTML, like Gecko) Chrome/144.0.0.0 Safari/537.36"
89.187.161.180 - - [15/Sep/2026:09:20:20 +0200] "GET /wp-includes/js/dist/i18n.min.js?ver=1dfe7db3940c23ea9216 HTTP/1.1" 200 5791 "https://www.hftbot-propfirm.click/wp-login.php" "Mozilla/5.0 (Windows NT 10.0; Win64; x64) AppleWebKit/537.36 (KHTML, like Gecko) Chrome/144.0.0.0 Safari/537.36"
89.187.161.180 - - [15/Sep/2026:09:20:20 +0200] "GET /wp-admin/js/password-strength-meter.min.js?ver=7.1 HTTP/1.1" 200 1123 "https://www.hftbot-propfirm.click/wp-login.php" "Mozilla/5.0 (Windows NT 10.0; Win64; x64) AppleWebKit/537.36 (KHTML, like Gecko) Chrome/144.0.0.0 Safari/537.36"
89.187.161.180 - - [15/Sep/2026:09:20:21 +0200] "GET /wp-includes/js/underscore.min.js?ver=1.13.8 HTTP/1.1" 200 19012 "https://www.hftbot-propfirm.click/wp-login.php" "Mozilla/5.0 (Windows NT 10.0; Win64; x64) AppleWebKit/537.36 (KHTML, like Gecko) Chrome/144.0.0.0 Safari/537.36"
89.187.161.180 - - [15/Sep/2026:09:20:21 +0200] "GET /wp-includes/js/wp-util.min.js?ver=7.1 HTTP/1.1" 200 1431 "https://www.hftbot-propfirm.click/wp-login.php" "Mozilla/5.0 (Windows NT 10.0; Win64; x64) AppleWebKit/537.36 (KHTML, like Gecko) Chrome/144.0.0.0 Safari/537.36"
89.187.161.180 - - [15/Sep/2026:09:20:21 +0200] "GET /wp-admin/images/wordpress-logo-gray.svg?ver=20260303 HTTP/1.1" 200 1521 "https://www.hftbot-propfirm.click/wp-admin/load-styles.php?c=0&dir=ltr&load%5Bchunk_0%5D=dashicons,buttons,forms,l10n,wp-base-styles,wp-tooltip,login&ver=7.1" "Mozilla/5.0 (Windows NT 10.0; Win64; x64) AppleWebKit/537.36 (KHTML, like Gecko) Chrome/144.0.0.0 Safari/537.36"
89.187.161.180 - - [15/Sep/2026:09:20:22 +0200] "GET /wp-includes/js/dist/dom-ready.min.js?ver=3fe927cab37bf38d6a23 HTTP/1.1" 200 881 "https://www.hftbot-propfirm.click/wp-login.php" "Mozilla/5.0 (Windows NT 10.0; Win64; x64) AppleWebKit/537.36 (KHTML, like Gecko) Chrome/144.0.0.0 Safari/537.36"
89.187.161.180 - - [15/Sep/2026:09:20:22 +0200] "GET /wp-includes/js/dist/a11y.min.js?ver=31c6cec5a4ff7aff483d HTTP/1.1" 200 2616 "https://www.hftbot-propfirm.click/wp-login.php" "Mozilla/5.0 (Windows NT 10.0; Win64; x64) AppleWebKit/537.36 (KHTML, like Gecko) Chrome/144.0.0.0 Safari/537.36"
89.187.161.180 - - [15/Sep/2026:09:20:22 +0200] "GET /wp-admin/js/user-profile.min.js?ver=7.1 HTTP/1.1" 200 7914 "https://www.hftbot-propfirm.click/wp-login.php" "Mozilla/5.0 (Windows NT 10.0; Win64; x64) AppleWebKit/537.36 (KHTML, like Gecko) Chrome/144.0.0.0 Safari/537.36"
89.187.161.180 - - [15/Sep/2026:09:20:22 +0200] "GET /wp-includes/js/wp-tooltip.js?ver=7.1 HTTP/1.1" 200 1555 "https://www.hftbot-propfirm.click/wp-login.php" "Mozilla/5.0 (Windows NT 10.0; Win64; x64) AppleWebKit/537.36 (KHTML, like Gecko) Chrome/144.0.0.0 Safari/537.36"
89.187.161.180 - - [15/Sep/2026:09:20:23 +0200] "GET /wp-includes/js/zxcvbn.min.js HTTP/1.1" 200 822237 "https://www.hftbot-propfirm.click/wp-login.php" "Mozilla/5.0 (Windows NT 10.0; Win64; x64) AppleWebKit/537.36 (KHTML, like Gecko) Chrome/144.0.0.0 Safari/537.36"
89.187.161.180 - - [15/Sep/2026:09:20:24 +0200] "GET /favicon.ico HTTP/1.1" 302 - "https://www.hftbot-propfirm.click/wp-login.php" "Mozilla/5.0 (Windows NT 10.0; Win64; x64) AppleWebKit/537.36 (KHTML, like Gecko) Chrome/144.0.0.0 Safari/537.36"
89.187.161.180 - - [15/Sep/2026:09:20:25 +0200] "GET /wp-includes/images/w-logo-gray-white-bg.png HTTP/1.1" 200 3241 "https://www.hftbot-propfirm.click/wp-login.php" "Mozilla/5.0 (Windows NT 10.0; Win64; x64) AppleWebKit/537.36 (KHTML, like Gecko) Chrome/144.0.0.0 Safari/537.36"
217.182.60.159 - - [15/Sep/2026:09:20:42 +0200] "GET / HTTP/1.1" 200 70080 "-" "Zabbix"
89.187.161.180 - - [15/Sep/2026:09:21:41 +0200] "POST /wp-login.php HTTP/1.1" 302 - "https://www.hftbot-propfirm.click/wp-login.php" "Mozilla/5.0 (Windows NT 10.0; Win64; x64) AppleWebKit/537.36 (KHTML, like Gecko) Chrome/144.0.0.0 Safari/537.36"
217.182.60.159 - - [15/Sep/2026:09:21:42 +0200] "GET / HTTP/1.1" 200 70080 "-" "Zabbix"
89.187.161.180 - - [15/Sep/2026:09:21:42 +0200] "GET /wp-admin/ HTTP/1.1" 200 141543 "https://www.hftbot-propfirm.click/wp-login.php" "Mozilla/5.0 (Windows NT 10.0; Win64; x64) AppleWebKit/537.36 (KHTML, like Gecko) Chrome/144.0.0.0 Safari/537.36"
89.187.161.180 - - [15/Sep/2026:09:21:43 +0200] "GET /wp-admin/load-styles.php?c=0&dir=ltr&load%5Bchunk_0%5D=dashicons,admin-bar,site-health,common,forms,admin-menu,dashboard,list-tables,edit,revisions,media,themes,about,nav-menus,wp-poi&load%5Bchunk_1%5D=nter,widgets,site-icon,l10n,wp-base-styles,wp-tooltip,buttons,wp-auth-check,wp-theme,wp-components,wp-commands&ver=7.1 HTTP/1.1" 200 553634 "https://www.hftbot-propfirm.click/wp-admin/" "Mozilla/5.0 (Windows NT 10.0; Win64; x64) AppleWebKit/537.36 (KHTML, like Gecko) Chrome/144.0.0.0 Safari/537.36"
89.187.161.180 - - [15/Sep/2026:09:21:43 +0200] "GET /wp-includes/js/thickbox/thickbox.css?ver=7.1 HTTP/1.1" 200 2668 "https://www.hftbot-propfirm.click/wp-admin/" "Mozilla/5.0 (Windows NT 10.0; Win64; x64) AppleWebKit/537.36 (KHTML, like Gecko) Chrome/144.0.0.0 Safari/537.36"
89.187.161.180 - - [15/Sep/2026:09:21:43 +0200] "GET /wp-admin/css/colors/modern/colors.min.css?ver=7.1 HTTP/1.1" 200 21807 "https://www.hftbot-propfirm.click/wp-admin/" "Mozilla/5.0 (Windows NT 10.0; Win64; x64) AppleWebKit/537.36 (KHTML, like Gecko) Chrome/144.0.0.0 Safari/537.36"
89.187.161.180 - - [15/Sep/2026:09:21:44 +0200] "GET /wp-content/plugins/wp-file-manager/css/fm_common.css?ver=7.1 HTTP/1.1" 200 307 "https://www.hftbot-propfirm.click/wp-admin/" "Mozilla/5.0 (Windows NT 10.0; Win64; x64) AppleWebKit/537.36 (KHTML, like Gecko) Chrome/144.0.0.0 Safari/537.36"
89.187.161.180 - - [15/Sep/2026:09:21:44 +0200] "GET /wp-admin/load-scripts.php?c=0&load%5Bchunk_0%5D=jquery-core,jquery-migrate,utils&ver=7.1 HTTP/1.1" 200 102997 "https://www.hftbot-propfirm.click/wp-admin/" "Mozilla/5.0 (Windows NT 10.0; Win64; x64) AppleWebKit/537.36 (KHTML, like Gecko) Chrome/144.0.0.0 Safari/537.36"
89.187.161.180 - - [15/Sep/2026:09:21:44 +0200] "GET /wp-content/plugins/wp-file-manager/images/wp_file_manager.svg HTTP/1.1" 200 2648 "https://www.hftbot-propfirm.click/wp-admin/" "Mozilla/5.0 (Windows NT 10.0; Win64; x64) AppleWebKit/537.36 (KHTML, like Gecko) Chrome/144.0.0.0 Safari/537.36"
89.187.161.180 - - [15/Sep/2026:09:21:44 +0200] "GET /wp-includes/css/editor.min.css?ver=7.1 HTTP/1.1" 200 28019 "https://www.hftbot-propfirm.click/wp-admin/" "Mozilla/5.0 (Windows NT 10.0; Win64; x64) AppleWebKit/537.36 (KHTML, like Gecko) Chrome/144.0.0.0 Safari/537.36"
89.187.161.180 - - [15/Sep/2026:09:21:45 +0200] "GET /wp-admin/load-scripts.php?c=0&load%5Bchunk_0%5D=hoverIntent,wp-dom-ready,wp-hooks&ver=7.1 HTTP/1.1" 200 7490 "https://www.hftbot-propfirm.click/wp-admin/" "Mozilla/5.0 (Windows NT 10.0; Win64; x64) AppleWebKit/537.36 (KHTML, like Gecko) Chrome/144.0.0.0 Safari/537.36"
89.187.161.180 - - [15/Sep/2026:09:21:45 +0200] "GET /wp-admin/js/common.min.js?ver=7.1 HTTP/1.1" 200 26210 "https://www.hftbot-propfirm.click/wp-admin/" "Mozilla/5.0 (Windows NT 10.0; Win64; x64) AppleWebKit/537.36 (KHTML, like Gecko) Chrome/144.0.0.0 Safari/537.36"
89.187.161.180 - - [15/Sep/2026:09:21:45 +0200] "GET /wp-includes/js/hoverintent-js.min.js?ver=2.2.1 HTTP/1.1" 200 1718 "https://www.hftbot-propfirm.click/wp-admin/" "Mozilla/5.0 (Windows NT 10.0; Win64; x64) AppleWebKit/537.36 (KHTML, like Gecko) Chrome/144.0.0.0 Safari/537.36"
89.187.161.180 - - [15/Sep/2026:09:21:46 +0200] "GET /wp-includes/js/admin-bar.min.js?ver=7.1 HTTP/1.1" 200 3487 "https://www.hftbot-propfirm.click/wp-admin/" "Mozilla/5.0 (Windows NT 10.0; Win64; x64) AppleWebKit/537.36 (KHTML, like Gecko) Chrome/144.0.0.0 Safari/537.36"
89.187.161.180 - - [15/Sep/2026:09:21:46 +0200] "GET /wp-includes/js/clipboard.min.js?ver=2.0.11 HTTP/1.1" 200 9009 "https://www.hftbot-propfirm.click/wp-admin/" "Mozilla/5.0 (Windows NT 10.0; Win64; x64) AppleWebKit/537.36 (KHTML, like Gecko) Chrome/144.0.0.0 Safari/537.36"
89.187.161.180 - - [15/Sep/2026:09:21:46 +0200] "GET /wp-includes/js/api-request.min.js?ver=7.1 HTTP/1.1" 200 1023 "https://www.hftbot-propfirm.click/wp-admin/" "Mozilla/5.0 (Windows NT 10.0; Win64; x64) AppleWebKit/537.36 (KHTML, like Gecko) Chrome/144.0.0.0 Safari/537.36"
89.187.161.180 - - [15/Sep/2026:09:21:46 +0200] "GET /wp-includes/js/dist/url.min.js?ver=7b0de086d4ae11d55704 HTTP/1.1" 200 10423 "https://www.hftbot-propfirm.click/wp-admin/" "Mozilla/5.0 (Windows NT 10.0; Win64; x64) AppleWebKit/537.36 (KHTML, like Gecko) Chrome/144.0.0.0 Safari/537.36"
89.187.161.180 - - [15/Sep/2026:09:21:46 +0200] "GET /wp-admin/js/site-health.min.js?ver=7.1 HTTP/1.1" 200 6474 "https://www.hftbot-propfirm.click/wp-admin/" "Mozilla/5.0 (Windows NT 10.0; Win64; x64) AppleWebKit/537.36 (KHTML, like Gecko) Chrome/144.0.0.0 Safari/537.36"
89.187.161.180 - - [15/Sep/2026:09:21:46 +0200] "GET /wp-includes/js/wp-ajax-response.min.js?ver=7.1 HTTP/1.1" 200 2571 "https://www.hftbot-propfirm.click/wp-admin/" "Mozilla/5.0 (Windows NT 10.0; Win64; x64) AppleWebKit/537.36 (KHTML, like Gecko) Chrome/144.0.0.0 Safari/537.36"
89.187.161.180 - - [15/Sep/2026:09:21:46 +0200] "GET /wp-includes/js/jquery/jquery.color.min.js?ver=3.0.0 HTTP/1.1" 200 6645 "https://www.hftbot-propfirm.click/wp-admin/" "Mozilla/5.0 (Windows NT 10.0; Win64; x64) AppleWebKit/537.36 (KHTML, like Gecko) Chrome/144.0.0.0 Safari/537.36"
89.187.161.180 - - [15/Sep/2026:09:21:47 +0200] "GET /wp-includes/js/wp-lists.min.js?ver=7.1 HTTP/1.1" 200 7521 "https://www.hftbot-propfirm.click/wp-admin/" "Mozilla/5.0 (Windows NT 10.0; Win64; x64) AppleWebKit/537.36 (KHTML, like Gecko) Chrome/144.0.0.0 Safari/537.36"
89.187.161.180 - - [15/Sep/2026:09:21:47 +0200] "GET /wp-includes/js/quicktags.min.js?ver=7.1 HTTP/1.1" 200 11132 "https://www.hftbot-propfirm.click/wp-admin/" "Mozilla/5.0 (Windows NT 10.0; Win64; x64) AppleWebKit/537.36 (KHTML, like Gecko) Chrome/144.0.0.0 Safari/537.36"
89.187.161.180 - - [15/Sep/2026:09:21:47 +0200] "GET /wp-includes/js/jquery/jquery.query.js?ver=2.2.3 HTTP/1.1" 200 3694 "https://www.hftbot-propfirm.click/wp-admin/" "Mozilla/5.0 (Windows NT 10.0; Win64; x64) AppleWebKit/537.36 (KHTML, like Gecko) Chrome/144.0.0.0 Safari/537.36"
89.187.161.180 - - [15/Sep/2026:09:21:48 +0200] "GET /wp-admin/js/edit-comments.min.js?ver=7.1 HTTP/1.1" 200 15515 "https://www.hftbot-propfirm.click/wp-admin/" "Mozilla/5.0 (Windows NT 10.0; Win64; x64) AppleWebKit/537.36 (KHTML, like Gecko) Chrome/144.0.0.0 Safari/537.36"
89.187.161.180 - - [15/Sep/2026:09:21:48 +0200] "GET /wp-includes/js/jquery/ui/core.min.js?ver=1.14.2 HTTP/1.1" 200 18674 "https://www.hftbot-propfirm.click/wp-admin/" "Mozilla/5.0 (Windows NT 10.0; Win64; x64) AppleWebKit/537.36 (KHTML, like Gecko) Chrome/144.0.0.0 Safari/537.36"
89.187.161.180 - - [15/Sep/2026:09:21:48 +0200] "GET /wp-includes/js/jquery/ui/mouse.min.js?ver=1.14.2 HTTP/1.1" 200 3297 "https://www.hftbot-propfirm.click/wp-admin/" "Mozilla/5.0 (Windows NT 10.0; Win64; x64) AppleWebKit/537.36 (KHTML, like Gecko) Chrome/144.0.0.0 Safari/537.36"
89.187.161.180 - - [15/Sep/2026:09:21:48 +0200] "GET /wp-includes/js/jquery/ui/sortable.min.js?ver=1.14.2 HTTP/1.1" 200 25321 "https://www.hftbot-propfirm.click/wp-admin/" "Mozilla/5.0 (Windows NT 10.0; Win64; x64) AppleWebKit/537.36 (KHTML, like Gecko) Chrome/144.0.0.0 Safari/537.36"
89.187.161.180 - - [15/Sep/2026:09:21:49 +0200] "GET /wp-admin/js/postbox.min.js?ver=7.1 HTTP/1.1" 200 6761 "https://www.hftbot-propfirm.click/wp-admin/" "Mozilla/5.0 (Windows NT 10.0; Win64; x64) AppleWebKit/537.36 (KHTML, like Gecko) Chrome/144.0.0.0 Safari/537.36"
89.187.161.180 - - [15/Sep/2026:09:21:49 +0200] "GET /wp-includes/js/dist/vendor/moment.min.js?ver=2.30.1 HTTP/1.1" 200 58812 "https://www.hftbot-propfirm.click/wp-admin/" "Mozilla/5.0 (Windows NT 10.0; Win64; x64) AppleWebKit/537.36 (KHTML, like Gecko) Chrome/144.0.0.0 Safari/537.36"
89.187.161.180 - - [15/Sep/2026:09:21:49 +0200] "GET /wp-includes/js/dist/deprecated.min.js?ver=fe587bac92b7d0ef760e HTTP/1.1" 200 1382 "https://www.hftbot-propfirm.click/wp-admin/" "Mozilla/5.0 (Windows NT 10.0; Win64; x64) AppleWebKit/537.36 (KHTML, like Gecko) Chrome/144.0.0.0 Safari/537.36"
89.187.161.180 - - [15/Sep/2026:09:21:50 +0200] "GET /wp-includes/js/dist/date.min.js?ver=8173fc0fc12b7bb7eaf0 HTTP/1.1" 200 144747 "https://www.hftbot-propfirm.click/wp-admin/" "Mozilla/5.0 (Windows NT 10.0; Win64; x64) AppleWebKit/537.36 (KHTML, like Gecko) Chrome/144.0.0.0 Safari/537.36"
89.187.161.180 - - [15/Sep/2026:09:21:51 +0200] "GET /wp-admin/js/dashboard.min.js?ver=7.1 HTTP/1.1" 200 8711 "https://www.hftbot-propfirm.click/wp-admin/" "Mozilla/5.0 (Windows NT 10.0; Win64; x64) AppleWebKit/537.36 (KHTML, like Gecko) Chrome/144.0.0.0 Safari/537.36"
89.187.161.180 - - [15/Sep/2026:09:21:51 +0200] "GET /wp-includes/js/thickbox/thickbox.js?ver=3.1-20121105 HTTP/1.1" 200 13332 "https://www.hftbot-propfirm.click/wp-admin/" "Mozilla/5.0 (Windows NT 10.0; Win64; x64) AppleWebKit/537.36 (KHTML, like Gecko) Chrome/144.0.0.0 Safari/537.36"
89.187.161.180 - - [15/Sep/2026:09:21:51 +0200] "GET /wp-admin/js/plugin-install.min.js?ver=7.1 HTTP/1.1" 200 2403 "https://www.hftbot-propfirm.click/wp-admin/" "Mozilla/5.0 (Windows NT 10.0; Win64; x64) AppleWebKit/537.36 (KHTML, like Gecko) Chrome/144.0.0.0 Safari/537.36"
89.187.161.180 - - [15/Sep/2026:09:21:51 +0200] "GET /wp-includes/js/wp-sanitize.min.js?ver=7.1 HTTP/1.1" 200 402 "https://www.hftbot-propfirm.click/wp-admin/" "Mozilla/5.0 (Windows NT 10.0; Win64; x64) AppleWebKit/537.36 (KHTML, like Gecko) Chrome/144.0.0.0 Safari/537.36"
89.187.161.180 - - [15/Sep/2026:09:21:51 +0200] "GET /wp-admin/js/updates.min.js?ver=7.1 HTTP/1.1" 200 48443 "https://www.hftbot-propfirm.click/wp-admin/" "Mozilla/5.0 (Windows NT 10.0; Win64; x64) AppleWebKit/537.36 (KHTML, like Gecko) Chrome/144.0.0.0 Safari/537.36"
89.187.161.180 - - [15/Sep/2026:09:21:51 +0200] "GET /wp-includes/js/shortcode.min.js?ver=7.1 HTTP/1.1" 200 2643 "https://www.hftbot-propfirm.click/wp-admin/" "Mozilla/5.0 (Windows NT 10.0; Win64; x64) AppleWebKit/537.36 (KHTML, like Gecko) Chrome/144.0.0.0 Safari/537.36"
89.187.161.180 - - [15/Sep/2026:09:21:52 +0200] "GET /wp-admin/js/media-upload.min.js?ver=7.1 HTTP/1.1" 200 1152 "https://www.hftbot-propfirm.click/wp-admin/" "Mozilla/5.0 (Windows NT 10.0; Win64; x64) AppleWebKit/537.36 (KHTML, like Gecko) Chrome/144.0.0.0 Safari/537.36"
89.187.161.180 - - [15/Sep/2026:09:21:52 +0200] "GET /wp-admin/js/svg-painter.js?ver=7.1 HTTP/1.1" 200 3280 "https://www.hftbot-propfirm.click/wp-admin/" "Mozilla/5.0 (Windows NT 10.0; Win64; x64) AppleWebKit/537.36 (KHTML, like Gecko) Chrome/144.0.0.0 Safari/537.36"
89.187.161.180 - - [15/Sep/2026:09:21:53 +0200] "GET /wp-includes/js/heartbeat.min.js?ver=7.1 HTTP/1.1" 200 5947 "https://www.hftbot-propfirm.click/wp-admin/" "Mozilla/5.0 (Windows NT 10.0; Win64; x64) AppleWebKit/537.36 (KHTML, like Gecko) Chrome/144.0.0.0 Safari/537.36"
89.187.161.180 - - [15/Sep/2026:09:21:53 +0200] "GET /wp-includes/js/wp-auth-check.min.js?ver=7.1 HTTP/1.1" 200 1689 "https://www.hftbot-propfirm.click/wp-admin/" "Mozilla/5.0 (Windows NT 10.0; Win64; x64) AppleWebKit/537.36 (KHTML, like Gecko) Chrome/144.0.0.0 Safari/537.36"
89.187.161.180 - - [15/Sep/2026:09:21:53 +0200] "GET /wp-includes/js/dist/vendor/react.min.js?ver=18.3.1.1 HTTP/1.1" 200 10751 "https://www.hftbot-propfirm.click/wp-admin/" "Mozilla/5.0 (Windows NT 10.0; Win64; x64) AppleWebKit/537.36 (KHTML, like Gecko) Chrome/144.0.0.0 Safari/537.36"
89.187.161.180 - - [15/Sep/2026:09:21:53 +0200] "GET /wp-includes/js/dist/vendor/react-dom.min.js?ver=18.3.1.1 HTTP/1.1" 200 131835 "https://www.hftbot-propfirm.click/wp-admin/" "Mozilla/5.0 (Windows NT 10.0; Win64; x64) AppleWebKit/537.36 (KHTML, like Gecko) Chrome/144.0.0.0 Safari/537.36"
89.187.161.180 - - [15/Sep/2026:09:21:53 +0200] "GET /wp-includes/js/dist/vendor/react-jsx-runtime.min.js?ver=18.3.1 HTTP/1.1" 200 1137 "https://www.hftbot-propfirm.click/wp-admin/" "Mozilla/5.0 (Windows NT 10.0; Win64; x64) AppleWebKit/537.36 (KHTML, like Gecko) Chrome/144.0.0.0 Safari/537.36"
89.187.161.180 - - [15/Sep/2026:09:21:53 +0200] "GET /wp-includes/js/dist/dom.min.js?ver=c95f94cbbc1ac3fde84f HTTP/1.1" 200 13172 "https://www.hftbot-propfirm.click/wp-admin/" "Mozilla/5.0 (Windows NT 10.0; Win64; x64) AppleWebKit/537.36 (KHTML, like Gecko) Chrome/144.0.0.0 Safari/537.36"
89.187.161.180 - - [15/Sep/2026:09:21:54 +0200] "GET /wp-includes/js/dist/escape-html.min.js?ver=87ebe53e97bba59805a5 HTTP/1.1" 200 1158 "https://www.hftbot-propfirm.click/wp-admin/" "Mozilla/5.0 (Windows NT 10.0; Win64; x64) AppleWebKit/537.36 (KHTML, like Gecko) Chrome/144.0.0.0 Safari/537.36"
89.187.161.180 - - [15/Sep/2026:09:21:54 +0200] "GET /wp-includes/js/dist/element.min.js?ver=4a4370b2b349066fd440 HTTP/1.1" 200 12468 "https://www.hftbot-propfirm.click/wp-admin/" "Mozilla/5.0 (Windows NT 10.0; Win64; x64) AppleWebKit/537.36 (KHTML, like Gecko) Chrome/144.0.0.0 Safari/537.36"
89.187.161.180 - - [15/Sep/2026:09:21:54 +0200] "GET /wp-includes/js/dist/is-shallow-equal.min.js?ver=7ad271045c1fe60f5496 HTTP/1.1" 200 1197 "https://www.hftbot-propfirm.click/wp-admin/" "Mozilla/5.0 (Windows NT 10.0; Win64; x64) AppleWebKit/537.36 (KHTML, like Gecko) Chrome/144.0.0.0 Safari/537.36"
89.187.161.180 - - [15/Sep/2026:09:21:54 +0200] "GET /wp-includes/js/dist/keycodes.min.js?ver=d0b4204e4bbeb412df6e HTTP/1.1" 200 3038 "https://www.hftbot-propfirm.click/wp-admin/" "Mozilla/5.0 (Windows NT 10.0; Win64; x64) AppleWebKit/537.36 (KHTML, like Gecko) Chrome/144.0.0.0 Safari/537.36"
89.187.161.180 - - [15/Sep/2026:09:21:54 +0200] "GET /wp-includes/js/dist/priority-queue.min.js?ver=6c0aa59b65d55dfd509b HTTP/1.1" 200 3505 "https://www.hftbot-propfirm.click/wp-admin/" "Mozilla/5.0 (Windows NT 10.0; Win64; x64) AppleWebKit/537.36 (KHTML, like Gecko) Chrome/144.0.0.0 Safari/537.36"
89.187.161.180 - - [15/Sep/2026:09:21:55 +0200] "GET /wp-includes/js/dist/private-apis.min.js?ver=eb85f28c4c729bb4f002 HTTP/1.1" 200 3017 "https://www.hftbot-propfirm.click/wp-admin/" "Mozilla/5.0 (Windows NT 10.0; Win64; x64) AppleWebKit/537.36 (KHTML, like Gecko) Chrome/144.0.0.0 Safari/537.36"
89.187.161.180 - - [15/Sep/2026:09:21:55 +0200] "GET /wp-includes/js/dist/undo-manager.min.js?ver=4554fce6276d8910a4ae HTTP/1.1" 200 1808 "https://www.hftbot-propfirm.click/wp-admin/" "Mozilla/5.0 (Windows NT 10.0; Win64; x64) AppleWebKit/537.36 (KHTML, like Gecko) Chrome/144.0.0.0 Safari/537.36"
89.187.161.180 - - [15/Sep/2026:09:21:55 +0200] "GET /wp-includes/js/dist/compose.min.js?ver=0e8bde2a499ea6073b42 HTTP/1.1" 200 30098 "https://www.hftbot-propfirm.click/wp-admin/" "Mozilla/5.0 (Windows NT 10.0; Win64; x64) AppleWebKit/537.36 (KHTML, like Gecko) Chrome/144.0.0.0 Safari/537.36"
89.187.161.180 - - [15/Sep/2026:09:21:55 +0200] "GET /wp-includes/js/dist/html-entities.min.js?ver=a976ff3a0f00bc2999a3 HTTP/1.1" 200 950 "https://www.hftbot-propfirm.click/wp-admin/" "Mozilla/5.0 (Windows NT 10.0; Win64; x64) AppleWebKit/537.36 (KHTML, like Gecko) Chrome/144.0.0.0 Safari/537.36"
89.187.161.180 - - [15/Sep/2026:09:21:55 +0200] "GET /wp-includes/js/dist/primitives.min.js?ver=44cc5a35c7b9fe07a838 HTTP/1.1" 200 2093 "https://www.hftbot-propfirm.click/wp-admin/" "Mozilla/5.0 (Windows NT 10.0; Win64; x64) AppleWebKit/537.36 (KHTML, like Gecko) Chrome/144.0.0.0 Safari/537.36"
