66.249.66.39 - - [15/Sep/2026:16:01:17 +0200] "GET /?t=95916323009 HTTP/1.1" 200 202016 "-" "Mozilla/5.0 (Linux; Android 6.0.1; Nexus 5X Build/MMB29P) AppleWebKit/537.36 (KHTML, like Gecko) Chrome/152.0.7977.82 Mobile Safari/537.36 (compatible; GoogleOther)"
217.182.60.159 - - [15/Sep/2026:16:01:30 +0200] "GET / HTTP/1.1" 200 - "-" "Zabbix"
66.249.66.38 - - [15/Sep/2026:16:02:25 +0200] "GET /?z=57987644800 HTTP/1.1" 200 202043 "-" "Mozilla/5.0 (Linux; Android 6.0.1; Nexus 5X Build/MMB29P) AppleWebKit/537.36 (KHTML, like Gecko) Chrome/152.0.7977.82 Mobile Safari/537.36 (compatible; Googlebot/2.1; +http://www.google.com/bot.html)"
217.182.60.159 - - [15/Sep/2026:16:02:30 +0200] "GET / HTTP/1.1" 200 - "-" "Zabbix"
66.249.66.37 - - [15/Sep/2026:16:02:47 +0200] "GET /?u=83487462879 HTTP/1.1" 200 200518 "-" "Mozilla/5.0 (Linux; Android 6.0.1; Nexus 5X Build/MMB29P) AppleWebKit/537.36 (KHTML, like Gecko) Chrome/152.0.7977.82 Mobile Safari/537.36 (compatible; Googlebot/2.1; +http://www.google.com/bot.html)"
66.249.66.206 - - [15/Sep/2026:16:03:08 +0200] "GET /?s=73397868331 HTTP/1.1" 200 197652 "-" "Mozilla/5.0 (Linux; Android 6.0.1; Nexus 5X Build/MMB29P) AppleWebKit/537.36 (KHTML, like Gecko) Chrome/152.0.7977.82 Mobile Safari/537.36 (compatible; GoogleOther)"
217.182.60.159 - - [15/Sep/2026:16:03:31 +0200] "GET / HTTP/1.1" 200 - "-" "Zabbix"
217.182.60.159 - - [15/Sep/2026:16:04:32 +0200] "GET / HTTP/1.1" 200 - "-" "Zabbix"
66.249.66.38 - - [15/Sep/2026:16:04:34 +0200] "GET /?a=4933273930 HTTP/1.1" 200 202874 "-" "Mozilla/5.0 (Linux; Android 6.0.1; Nexus 5X Build/MMB29P) AppleWebKit/537.36 (KHTML, like Gecko) Chrome/152.0.7977.82 Mobile Safari/537.36 (compatible; GoogleOther)"
66.249.66.76 - - [15/Sep/2026:16:04:47 +0200] "GET /?u=61011605586 HTTP/1.1" 200 195804 "-" "Mozilla/5.0 (Linux; Android 6.0.1; Nexus 5X Build/MMB29P) AppleWebKit/537.36 (KHTML, like Gecko) Chrome/152.0.7977.82 Mobile Safari/537.36 (compatible; Googlebot/2.1; +http://www.google.com/bot.html)"
66.249.66.76 - - [15/Sep/2026:16:04:51 +0200] "GET /?t=65954644513 HTTP/1.1" 200 197406 "-" "Mozilla/5.0 (Linux; Android 6.0.1; Nexus 5X Build/MMB29P) AppleWebKit/537.36 (KHTML, like Gecko) Chrome/152.0.7977.82 Mobile Safari/537.36 (compatible; GoogleOther)"
66.249.66.204 - - [15/Sep/2026:16:05:00 +0200] "GET /?z=99483648285 HTTP/1.1" 200 196048 "-" "Mozilla/5.0 (Linux; Android 6.0.1; Nexus 5X Build/MMB29P) AppleWebKit/537.36 (KHTML, like Gecko) Chrome/152.0.7977.82 Mobile Safari/537.36 (compatible; GoogleOther)"
66.249.66.204 - - [15/Sep/2026:16:05:14 +0200] "GET /?z=72279553600 HTTP/1.1" 200 200650 "-" "Mozilla/5.0 (Linux; Android 6.0.1; Nexus 5X Build/MMB29P) AppleWebKit/537.36 (KHTML, like Gecko) Chrome/152.0.7977.82 Mobile Safari/537.36 (compatible; Googlebot/2.1; +http://www.google.com/bot.html)"
217.182.60.159 - - [15/Sep/2026:16:05:32 +0200] "GET / HTTP/1.1" 200 - "-" "Zabbix"
66.249.66.78 - - [15/Sep/2026:16:06:31 +0200] "GET /?t=1473948955 HTTP/1.1" 200 194964 "-" "Mozilla/5.0 (Linux; Android 6.0.1; Nexus 5X Build/MMB29P) AppleWebKit/537.36 (KHTML, like Gecko) Chrome/152.0.7977.82 Mobile Safari/537.36 (compatible; GoogleOther)"
217.182.60.159 - - [15/Sep/2026:16:06:33 +0200] "GET / HTTP/1.1" 200 - "-" "Zabbix"
66.249.66.77 - - [15/Sep/2026:16:06:57 +0200] "GET /?x=95839068047 HTTP/1.1" 200 193916 "-" "Mozilla/5.0 (Linux; Android 6.0.1; Nexus 5X Build/MMB29P) AppleWebKit/537.36 (KHTML, like Gecko) Chrome/152.0.7977.82 Mobile Safari/537.36 (compatible; GoogleOther)"
66.249.66.204 - - [15/Sep/2026:16:07:01 +0200] "GET /?u=64351278513 HTTP/1.1" 200 194541 "-" "Mozilla/5.0 (Linux; Android 6.0.1; Nexus 5X Build/MMB29P) AppleWebKit/537.36 (KHTML, like Gecko) Chrome/152.0.7977.82 Mobile Safari/537.36 (compatible; Googlebot/2.1; +http://www.google.com/bot.html)"
66.249.66.204 - - [15/Sep/2026:16:07:27 +0200] "GET /?a=4933273930 HTTP/1.1" 200 202874 "-" "Mozilla/5.0 (Linux; Android 6.0.1; Nexus 5X Build/MMB29P) AppleWebKit/537.36 (KHTML, like Gecko) Chrome/152.0.7977.82 Mobile Safari/537.36 (compatible; Googlebot/2.1; +http://www.google.com/bot.html)"
217.182.60.159 - - [15/Sep/2026:16:07:34 +0200] "GET / HTTP/1.1" 200 - "-" "Zabbix"
217.182.60.159 - - [15/Sep/2026:16:08:35 +0200] "GET / HTTP/1.1" 200 - "-" "Zabbix"
66.249.66.206 - - [15/Sep/2026:16:08:44 +0200] "GET /?x=70931880639 HTTP/1.1" 200 195673 "-" "Mozilla/5.0 (Linux; Android 6.0.1; Nexus 5X Build/MMB29P) AppleWebKit/537.36 (KHTML, like Gecko) Chrome/152.0.7977.82 Mobile Safari/537.36 (compatible; GoogleOther)"
66.249.66.77 - - [15/Sep/2026:16:08:58 +0200] "GET /?t=18195511885 HTTP/1.1" 200 196214 "-" "Mozilla/5.0 (Linux; Android 6.0.1; Nexus 5X Build/MMB29P) AppleWebKit/537.36 (KHTML, like Gecko) Chrome/152.0.7977.82 Mobile Safari/537.36 (compatible; GoogleOther)"
66.249.66.76 - - [15/Sep/2026:16:09:10 +0200] "GET /?n=37618961073 HTTP/1.1" 200 195399 "-" "Mozilla/5.0 (Linux; Android 6.0.1; Nexus 5X Build/MMB29P) AppleWebKit/537.36 (KHTML, like Gecko) Chrome/152.0.7977.82 Mobile Safari/537.36 (compatible; GoogleOther)"
217.182.60.159 - - [15/Sep/2026:16:09:36 +0200] "GET / HTTP/1.1" 200 - "-" "Zabbix"
66.249.66.77 - - [15/Sep/2026:16:09:50 +0200] "GET /?o=80894879183 HTTP/1.1" 200 194027 "-" "Mozilla/5.0 (Linux; Android 6.0.1; Nexus 5X Build/MMB29P) AppleWebKit/537.36 (KHTML, like Gecko) Chrome/152.0.7977.82 Mobile Safari/537.36 (compatible; Googlebot/2.1; +http://www.google.com/bot.html)"
217.182.60.159 - - [15/Sep/2026:16:10:37 +0200] "GET / HTTP/1.1" 200 - "-" "Zabbix"
66.249.66.204 - - [15/Sep/2026:16:10:37 +0200] "GET /?k=44495238137 HTTP/1.1" 200 202038 "-" "Mozilla/5.0 (Linux; Android 6.0.1; Nexus 5X Build/MMB29P) AppleWebKit/537.36 (KHTML, like Gecko) Chrome/152.0.7977.82 Mobile Safari/537.36 (compatible; GoogleOther)"
217.182.60.159 - - [15/Sep/2026:16:11:38 +0200] "GET / HTTP/1.1" 200 - "-" "Zabbix"
66.249.66.76 - - [15/Sep/2026:16:11:41 +0200] "GET /?o=81358926195 HTTP/1.1" 200 193946 "-" "Mozilla/5.0 (Linux; Android 6.0.1; Nexus 5X Build/MMB29P) AppleWebKit/537.36 (KHTML, like Gecko) Chrome/152.0.7977.82 Mobile Safari/537.36 (compatible; GoogleOther)"
66.249.66.77 - - [15/Sep/2026:16:11:41 +0200] "GET /?t=1473948955 HTTP/1.1" 200 194964 "-" "Mozilla/5.0 (Linux; Android 6.0.1; Nexus 5X Build/MMB29P) AppleWebKit/537.36 (KHTML, like Gecko) Chrome/152.0.7977.82 Mobile Safari/537.36 (compatible; Googlebot/2.1; +http://www.google.com/bot.html)"
66.249.66.204 - - [15/Sep/2026:16:12:04 +0200] "GET /?o=37430554784 HTTP/1.1" 200 201616 "-" "Mozilla/5.0 (Linux; Android 6.0.1; Nexus 5X Build/MMB29P) AppleWebKit/537.36 (KHTML, like Gecko) Chrome/152.0.7977.82 Mobile Safari/537.36 (compatible; Googlebot/2.1; +http://www.google.com/bot.html)"
66.249.66.76 - - [15/Sep/2026:16:12:29 +0200] "GET /?x=57979726466 HTTP/1.1" 200 203033 "-" "Mozilla/5.0 (Linux; Android 6.0.1; Nexus 5X Build/MMB29P) AppleWebKit/537.36 (KHTML, like Gecko) Chrome/152.0.7977.82 Mobile Safari/537.36 (compatible; GoogleOther)"
217.182.60.159 - - [15/Sep/2026:16:12:39 +0200] "GET / HTTP/1.1" 200 - "-" "Zabbix"
217.182.60.159 - - [15/Sep/2026:16:13:40 +0200] "GET / HTTP/1.1" 200 - "-" "Zabbix"
66.249.66.76 - - [15/Sep/2026:16:14:02 +0200] "GET /?t=65954644513 HTTP/1.1" 200 197406 "-" "Mozilla/5.0 (Linux; Android 6.0.1; Nexus 5X Build/MMB29P) AppleWebKit/537.36 (KHTML, like Gecko) Chrome/152.0.7977.82 Mobile Safari/537.36 (compatible; Googlebot/2.1; +http://www.google.com/bot.html)"
66.249.66.77 - - [15/Sep/2026:16:14:16 +0200] "GET /?s=60001177336 HTTP/1.1" 200 199705 "-" "Mozilla/5.0 (Linux; Android 6.0.1; Nexus 5X Build/MMB29P) AppleWebKit/537.36 (KHTML, like Gecko) Chrome/152.0.7977.82 Mobile Safari/537.36 (compatible; GoogleOther)"
66.249.66.76 - - [15/Sep/2026:16:14:26 +0200] "GET /?u=9016957203 HTTP/1.1" 200 197784 "-" "Mozilla/5.0 (Linux; Android 6.0.1; Nexus 5X Build/MMB29P) AppleWebKit/537.36 (KHTML, like Gecko) Chrome/152.0.7977.82 Mobile Safari/537.36 (compatible; GoogleOther)"
66.249.66.76 - - [15/Sep/2026:16:14:27 +0200] "GET /?o=58378270491 HTTP/1.1" 200 202920 "-" "Mozilla/5.0 (Linux; Android 6.0.1; Nexus 5X Build/MMB29P) AppleWebKit/537.36 (KHTML, like Gecko) Chrome/152.0.7977.82 Mobile Safari/537.36 (compatible; Googlebot/2.1; +http://www.google.com/bot.html)"
217.182.60.159 - - [15/Sep/2026:16:14:40 +0200] "GET / HTTP/1.1" 200 - "-" "Zabbix"
66.249.66.76 - - [15/Sep/2026:16:14:58 +0200] "GET /?z=89752628838 HTTP/1.1" 200 196922 "-" "Mozilla/5.0 (Linux; Android 6.0.1; Nexus 5X Build/MMB29P) AppleWebKit/537.36 (KHTML, like Gecko) Chrome/152.0.7977.82 Mobile Safari/537.36 (compatible; GoogleOther)"
217.182.60.159 - - [15/Sep/2026:16:15:40 +0200] "GET / HTTP/1.1" 200 - "-" "Zabbix"
66.249.66.76 - - [15/Sep/2026:16:16:19 +0200] "GET /?o=81358926195 HTTP/1.1" 200 193946 "-" "Mozilla/5.0 (Linux; Android 6.0.1; Nexus 5X Build/MMB29P) AppleWebKit/537.36 (KHTML, like Gecko) Chrome/152.0.7977.82 Mobile Safari/537.36 (compatible; Googlebot/2.1; +http://www.google.com/bot.html)"
217.182.60.159 - - [15/Sep/2026:16:16:41 +0200] "GET / HTTP/1.1" 200 - "-" "Zabbix"
66.249.66.204 - - [15/Sep/2026:16:16:51 +0200] "GET /?o=74945140274 HTTP/1.1" 200 198069 "-" "Mozilla/5.0 (Linux; Android 6.0.1; Nexus 5X Build/MMB29P) AppleWebKit/537.36 (KHTML, like Gecko) Chrome/152.0.7977.82 Mobile Safari/537.36 (compatible; GoogleOther)"
66.249.66.76 - - [15/Sep/2026:16:17:07 +0200] "GET /?k=68312430990 HTTP/1.1" 200 200080 "-" "Mozilla/5.0 (Linux; Android 6.0.1; Nexus 5X Build/MMB29P) AppleWebKit/537.36 (KHTML, like Gecko) Chrome/152.0.7977.82 Mobile Safari/537.36 (compatible; GoogleOther)"
217.182.60.159 - - [15/Sep/2026:16:17:41 +0200] "GET / HTTP/1.1" 200 - "-" "Zabbix"
66.249.66.76 - - [15/Sep/2026:16:18:07 +0200] "GET /?k=98961340151 HTTP/1.1" 200 200921 "-" "Mozilla/5.0 (Linux; Android 6.0.1; Nexus 5X Build/MMB29P) AppleWebKit/537.36 (KHTML, like Gecko) Chrome/152.0.7977.82 Mobile Safari/537.36 (compatible; GoogleOther)"
217.182.60.159 - - [15/Sep/2026:16:18:41 +0200] "GET / HTTP/1.1" 200 - "-" "Zabbix"
66.249.66.206 - - [15/Sep/2026:16:19:01 +0200] "GET /?o=64383139968 HTTP/1.1" 200 199756 "-" "Mozilla/5.0 (Linux; Android 6.0.1; Nexus 5X Build/MMB29P) AppleWebKit/537.36 (KHTML, like Gecko) Chrome/152.0.7977.82 Mobile Safari/537.36 (compatible; GoogleOther)"
66.249.66.78 - - [15/Sep/2026:16:19:02 +0200] "GET /?g=40351684068 HTTP/1.1" 200 197241 "-" "Mozilla/5.0 (Linux; Android 6.0.1; Nexus 5X Build/MMB29P) AppleWebKit/537.36 (KHTML, like Gecko) Chrome/152.0.7977.82 Mobile Safari/537.36 (compatible; Googlebot/2.1; +http://www.google.com/bot.html)"
66.249.66.37 - - [15/Sep/2026:16:19:26 +0200] "GET /?o=95451400458 HTTP/1.1" 200 195501 "-" "Mozilla/5.0 (Linux; Android 6.0.1; Nexus 5X Build/MMB29P) AppleWebKit/537.36 (KHTML, like Gecko) Chrome/152.0.7977.82 Mobile Safari/537.36 (compatible; GoogleOther)"
217.182.60.159 - - [15/Sep/2026:16:19:42 +0200] "GET / HTTP/1.1" 200 - "-" "Zabbix"
66.249.66.77 - - [15/Sep/2026:16:20:03 +0200] "GET /?x=43964805645 HTTP/1.1" 200 200695 "-" "Mozilla/5.0 (Linux; Android 6.0.1; Nexus 5X Build/MMB29P) AppleWebKit/537.36 (KHTML, like Gecko) Chrome/152.0.7977.82 Mobile Safari/537.36 (compatible; GoogleOther)"
217.182.60.159 - - [15/Sep/2026:16:20:42 +0200] "GET / HTTP/1.1" 200 - "-" "Zabbix"
66.249.66.204 - - [15/Sep/2026:16:20:57 +0200] "GET /?u=41523749707 HTTP/1.1" 200 198182 "-" "Mozilla/5.0 (Linux; Android 6.0.1; Nexus 5X Build/MMB29P) AppleWebKit/537.36 (KHTML, like Gecko) Chrome/152.0.7977.82 Mobile Safari/537.36 (compatible; Googlebot/2.1; +http://www.google.com/bot.html)"
66.249.66.205 - - [15/Sep/2026:16:21:22 +0200] "GET /?n=64129934396 HTTP/1.1" 200 201480 "-" "Mozilla/5.0 (Linux; Android 6.0.1; Nexus 5X Build/MMB29P) AppleWebKit/537.36 (KHTML, like Gecko) Chrome/152.0.7977.82 Mobile Safari/537.36 (compatible; Googlebot/2.1; +http://www.google.com/bot.html)"
217.182.60.159 - - [15/Sep/2026:16:21:42 +0200] "GET / HTTP/1.1" 200 - "-" "Zabbix"
66.249.66.204 - - [15/Sep/2026:16:21:53 +0200] "GET /?o=17470908486 HTTP/1.1" 200 196537 "-" "Mozilla/5.0 (Linux; Android 6.0.1; Nexus 5X Build/MMB29P) AppleWebKit/537.36 (KHTML, like Gecko) Chrome/152.0.7977.82 Mobile Safari/537.36 (compatible; GoogleOther)"
66.249.66.205 - - [15/Sep/2026:16:22:01 +0200] "GET /?o=35653617133 HTTP/1.1" 200 195802 "-" "Mozilla/5.0 (Linux; Android 6.0.1; Nexus 5X Build/MMB29P) AppleWebKit/537.36 (KHTML, like Gecko) Chrome/152.0.7977.82 Mobile Safari/537.36 (compatible; GoogleOther)"
217.182.60.159 - - [15/Sep/2026:16:22:43 +0200] "GET / HTTP/1.1" 200 - "-" "Zabbix"
66.249.66.78 - - [15/Sep/2026:16:23:05 +0200] "GET /?o=53944769374 HTTP/1.1" 200 193863 "-" "Mozilla/5.0 (Linux; Android 6.0.1; Nexus 5X Build/MMB29P) AppleWebKit/537.36 (KHTML, like Gecko) Chrome/152.0.7977.82 Mobile Safari/537.36 (compatible; GoogleOther)"
217.182.60.159 - - [15/Sep/2026:16:23:44 +0200] "GET / HTTP/1.1" 200 - "-" "Zabbix"
66.249.66.76 - - [15/Sep/2026:16:23:44 +0200] "GET /?o=80236596256 HTTP/1.1" 200 193931 "-" "Mozilla/5.0 (Linux; Android 6.0.1; Nexus 5X Build/MMB29P) AppleWebKit/537.36 (KHTML, like Gecko) Chrome/152.0.7977.82 Mobile Safari/537.36 (compatible; GoogleOther)"
66.249.66.39 - - [15/Sep/2026:16:24:36 +0200] "GET /?o=55423298019 HTTP/1.1" 200 195423 "-" "Mozilla/5.0 (Linux; Android 6.0.1; Nexus 5X Build/MMB29P) AppleWebKit/537.36 (KHTML, like Gecko) Chrome/152.0.7977.82 Mobile Safari/537.36 (compatible; GoogleOther)"
217.182.60.159 - - [15/Sep/2026:16:24:44 +0200] "GET / HTTP/1.1" 200 - "-" "Zabbix"
216.73.216.201 - - [15/Sep/2026:16:25:32 +0200] "GET /robots.txt HTTP/1.1" 200 79 "https://www.hftbot-propfirm.click/robots.txt" "Mozilla/5.0 AppleWebKit/537.36 (KHTML, like Gecko; compatible; ClaudeBot/1.0; +claudebot@anthropic.com)"
216.73.216.201 - - [15/Sep/2026:16:25:32 +0200] "GET /sitemap.xml HTTP/1.1" 200 179178 "-" "Mozilla/5.0 AppleWebKit/537.36 (KHTML, like Gecko; compatible; ClaudeBot/1.0; +claudebot@anthropic.com)"
66.249.66.37 - - [15/Sep/2026:16:25:37 +0200] "GET /?k=15263445608 HTTP/1.1" 200 200600 "-" "Mozilla/5.0 (Linux; Android 6.0.1; Nexus 5X Build/MMB29P) AppleWebKit/537.36 (KHTML, like Gecko) Chrome/152.0.7977.82 Mobile Safari/537.36 (compatible; Googlebot/2.1; +http://www.google.com/bot.html)"
66.249.66.76 - - [15/Sep/2026:16:25:42 +0200] "GET /?q=91123545653 HTTP/1.1" 200 201221 "-" "Mozilla/5.0 (Linux; Android 6.0.1; Nexus 5X Build/MMB29P) AppleWebKit/537.36 (KHTML, like Gecko) Chrome/152.0.7977.82 Mobile Safari/537.36 (compatible; GoogleOther)"
217.182.60.159 - - [15/Sep/2026:16:25:45 +0200] "GET / HTTP/1.1" 200 - "-" "Zabbix"
66.249.66.205 - - [15/Sep/2026:16:26:00 +0200] "GET /?o=95451400458 HTTP/1.1" 200 195501 "-" "Mozilla/5.0 (Linux; Android 6.0.1; Nexus 5X Build/MMB29P) AppleWebKit/537.36 (KHTML, like Gecko) Chrome/152.0.7977.82 Mobile Safari/537.36 (compatible; Googlebot/2.1; +http://www.google.com/bot.html)"
217.182.60.159 - - [15/Sep/2026:16:26:45 +0200] "GET / HTTP/1.1" 200 - "-" "Zabbix"
66.249.66.77 - - [15/Sep/2026:16:27:12 +0200] "GET /?n=1454042732 HTTP/1.1" 200 201351 "-" "Mozilla/5.0 (Linux; Android 6.0.1; Nexus 5X Build/MMB29P) AppleWebKit/537.36 (KHTML, like Gecko) Chrome/152.0.7977.82 Mobile Safari/537.36 (compatible; GoogleOther)"
66.249.66.76 - - [15/Sep/2026:16:27:33 +0200] "GET /?q=21515836435 HTTP/1.1" 200 201187 "-" "Mozilla/5.0 (Linux; Android 6.0.1; Nexus 5X Build/MMB29P) AppleWebKit/537.36 (KHTML, like Gecko) Chrome/152.0.7977.82 Mobile Safari/537.36 (compatible; GoogleOther)"
217.182.60.159 - - [15/Sep/2026:16:27:45 +0200] "GET / HTTP/1.1" 200 - "-" "Zabbix"
66.249.66.37 - - [15/Sep/2026:16:27:50 +0200] "GET /?a=41923607751 HTTP/1.1" 200 196979 "-" "Mozilla/5.0 (Linux; Android 6.0.1; Nexus 5X Build/MMB29P) AppleWebKit/537.36 (KHTML, like Gecko) Chrome/152.0.7977.82 Mobile Safari/537.36 (compatible; GoogleOther)"
66.249.66.39 - - [15/Sep/2026:16:28:01 +0200] "GET /?o=35653617133 HTTP/1.1" 200 195802 "-" "Mozilla/5.0 (Linux; Android 6.0.1; Nexus 5X Build/MMB29P) AppleWebKit/537.36 (KHTML, like Gecko) Chrome/152.0.7977.82 Mobile Safari/537.36 (compatible; Googlebot/2.1; +http://www.google.com/bot.html)"
66.249.66.37 - - [15/Sep/2026:16:28:20 +0200] "GET /?t=18195511885 HTTP/1.1" 200 196214 "-" "Mozilla/5.0 (Linux; Android 6.0.1; Nexus 5X Build/MMB29P) AppleWebKit/537.36 (KHTML, like Gecko) Chrome/152.0.7977.82 Mobile Safari/537.36 (compatible; Googlebot/2.1; +http://www.google.com/bot.html)"
66.249.66.204 - - [15/Sep/2026:16:28:32 +0200] "GET /?a=41923607751 HTTP/1.1" 200 196979 "-" "Mozilla/5.0 (Linux; Android 6.0.1; Nexus 5X Build/MMB29P) AppleWebKit/537.36 (KHTML, like Gecko) Chrome/152.0.7977.82 Mobile Safari/537.36 (compatible; Googlebot/2.1; +http://www.google.com/bot.html)"
217.182.60.159 - - [15/Sep/2026:16:28:45 +0200] "GET / HTTP/1.1" 200 - "-" "Zabbix"
66.249.66.77 - - [15/Sep/2026:16:29:13 +0200] "GET /?n=77118974663 HTTP/1.1" 200 197625 "-" "Mozilla/5.0 (Linux; Android 6.0.1; Nexus 5X Build/MMB29P) AppleWebKit/537.36 (KHTML, like Gecko) Chrome/152.0.7977.82 Mobile Safari/537.36 (compatible; GoogleOther)"
66.249.66.76 - - [15/Sep/2026:16:29:22 +0200] "GET /?q=16231853912 HTTP/1.1" 200 193360 "-" "Mozilla/5.0 (Linux; Android 6.0.1; Nexus 5X Build/MMB29P) AppleWebKit/537.36 (KHTML, like Gecko) Chrome/152.0.7977.82 Mobile Safari/537.36 (compatible; GoogleOther)"
66.249.66.37 - - [15/Sep/2026:16:29:29 +0200] "GET /?s=24864442062 HTTP/1.1" 200 194196 "-" "Mozilla/5.0 (Linux; Android 6.0.1; Nexus 5X Build/MMB29P) AppleWebKit/537.36 (KHTML, like Gecko) Chrome/152.0.7977.82 Mobile Safari/537.36 (compatible; GoogleOther)"
66.249.66.37 - - [15/Sep/2026:16:29:31 +0200] "GET /?t=29535592937 HTTP/1.1" 200 197645 "-" "Mozilla/5.0 (Linux; Android 6.0.1; Nexus 5X Build/MMB29P) AppleWebKit/537.36 (KHTML, like Gecko) Chrome/152.0.7977.82 Mobile Safari/537.36 (compatible; GoogleOther)"
66.249.66.204 - - [15/Sep/2026:16:29:34 +0200] "GET /?t=43779790958 HTTP/1.1" 200 198040 "-" "Mozilla/5.0 (Linux; Android 6.0.1; Nexus 5X Build/MMB29P) AppleWebKit/537.36 (KHTML, like Gecko) Chrome/152.0.7977.82 Mobile Safari/537.36 (compatible; GoogleOther)"
66.249.66.204 - - [15/Sep/2026:16:29:38 +0200] "GET /?t=95457909764 HTTP/1.1" 200 199406 "-" "Mozilla/5.0 (Linux; Android 6.0.1; Nexus 5X Build/MMB29P) AppleWebKit/537.36 (KHTML, like Gecko) Chrome/152.0.7977.82 Mobile Safari/537.36 (compatible; GoogleOther)"
217.182.60.159 - - [15/Sep/2026:16:29:45 +0200] "GET / HTTP/1.1" 200 - "-" "Zabbix"
66.249.66.37 - - [15/Sep/2026:16:29:48 +0200] "GET /?o=26161701080 HTTP/1.1" 200 195797 "-" "Mozilla/5.0 (Linux; Android 6.0.1; Nexus 5X Build/MMB29P) AppleWebKit/537.36 (KHTML, like Gecko) Chrome/152.0.7977.82 Mobile Safari/537.36 (compatible; GoogleOther)"
66.249.66.77 - - [15/Sep/2026:16:30:15 +0200] "GET /?n=1454042732 HTTP/1.1" 200 201351 "-" "Mozilla/5.0 (Linux; Android 6.0.1; Nexus 5X Build/MMB29P) AppleWebKit/537.36 (KHTML, like Gecko) Chrome/152.0.7977.82 Mobile Safari/537.36 (compatible; Googlebot/2.1; +http://www.google.com/bot.html)"
217.182.60.159 - - [15/Sep/2026:16:30:45 +0200] "GET / HTTP/1.1" 200 - "-" "Zabbix"
66.249.66.76 - - [15/Sep/2026:16:30:51 +0200] "GET /?k=18754685567 HTTP/1.1" 200 200410 "-" "Mozilla/5.0 (Linux; Android 6.0.1; Nexus 5X Build/MMB29P) AppleWebKit/537.36 (KHTML, like Gecko) Chrome/152.0.7977.82 Mobile Safari/537.36 (compatible; GoogleOther)"
66.249.66.76 - - [15/Sep/2026:16:31:15 +0200] "GET /?t=62205035840 HTTP/1.1" 200 194831 "-" "Mozilla/5.0 (Linux; Android 6.0.1; Nexus 5X Build/MMB29P) AppleWebKit/537.36 (KHTML, like Gecko) Chrome/152.0.7977.82 Mobile Safari/537.36 (compatible; GoogleOther)"
217.182.60.159 - - [15/Sep/2026:16:31:45 +0200] "GET / HTTP/1.1" 200 - "-" "Zabbix"
66.249.66.38 - - [15/Sep/2026:16:32:23 +0200] "GET /?q=91936878923 HTTP/1.1" 200 201518 "-" "Mozilla/5.0 (Linux; Android 6.0.1; Nexus 5X Build/MMB29P) AppleWebKit/537.36 (KHTML, like Gecko) Chrome/152.0.7977.82 Mobile Safari/537.36 (compatible; GoogleOther)"
66.249.66.38 - - [15/Sep/2026:16:32:34 +0200] "GET /?s=24864442062 HTTP/1.1" 200 194196 "-" "Mozilla/5.0 (Linux; Android 6.0.1; Nexus 5X Build/MMB29P) AppleWebKit/537.36 (KHTML, like Gecko) Chrome/152.0.7977.82 Mobile Safari/537.36 (compatible; Googlebot/2.1; +http://www.google.com/bot.html)"
217.182.60.159 - - [15/Sep/2026:16:32:46 +0200] "GET / HTTP/1.1" 200 - "-" "Zabbix"
66.249.66.77 - - [15/Sep/2026:16:33:07 +0200] "GET /?o=68575190476 HTTP/1.1" 200 193688 "-" "Mozilla/5.0 (Linux; Android 6.0.1; Nexus 5X Build/MMB29P) AppleWebKit/537.36 (KHTML, like Gecko) Chrome/152.0.7977.82 Mobile Safari/537.36 (compatible; GoogleOther)"
66.249.66.37 - - [15/Sep/2026:16:33:14 +0200] "GET /?g=6487035349 HTTP/1.1" 200 199284 "-" "Mozilla/5.0 (Linux; Android 6.0.1; Nexus 5X Build/MMB29P) AppleWebKit/537.36 (KHTML, like Gecko) Chrome/152.0.7977.82 Mobile Safari/537.36 (compatible; GoogleOther)"
217.182.60.159 - - [15/Sep/2026:16:33:47 +0200] "GET / HTTP/1.1" 200 - "-" "Zabbix"
217.182.60.159 - - [15/Sep/2026:16:34:47 +0200] "GET / HTTP/1.1" 200 - "-" "Zabbix"
66.249.66.206 - - [15/Sep/2026:16:34:54 +0200] "GET /?t=29535592937 HTTP/1.1" 200 197645 "-" "Mozilla/5.0 (Linux; Android 6.0.1; Nexus 5X Build/MMB29P) AppleWebKit/537.36 (KHTML, like Gecko) Chrome/152.0.7977.82 Mobile Safari/537.36 (compatible; Googlebot/2.1; +http://www.google.com/bot.html)"
66.249.66.206 - - [15/Sep/2026:16:35:02 +0200] "GET /?g=23989732798 HTTP/1.1" 200 196029 "-" "Mozilla/5.0 (Linux; Android 6.0.1; Nexus 5X Build/MMB29P) AppleWebKit/537.36 (KHTML, like Gecko) Chrome/152.0.7977.82 Mobile Safari/537.36 (compatible; GoogleOther)"
217.182.60.159 - - [15/Sep/2026:16:35:48 +0200] "GET / HTTP/1.1" 200 - "-" "Zabbix"
66.249.66.78 - - [15/Sep/2026:16:36:38 +0200] "GET /?o=87460605287 HTTP/1.1" 200 199787 "-" "Mozilla/5.0 (Linux; Android 6.0.1; Nexus 5X Build/MMB29P) AppleWebKit/537.36 (KHTML, like Gecko) Chrome/152.0.7977.82 Mobile Safari/537.36 (compatible; GoogleOther)"
217.182.60.159 - - [15/Sep/2026:16:36:48 +0200] "GET / HTTP/1.1" 200 - "-" "Zabbix"
66.249.66.37 - - [15/Sep/2026:16:36:56 +0200] "GET /?a=96728405084 HTTP/1.1" 200 198946 "-" "Mozilla/5.0 (Linux; Android 6.0.1; Nexus 5X Build/MMB29P) AppleWebKit/537.36 (KHTML, like Gecko) Chrome/152.0.7977.82 Mobile Safari/537.36 (compatible; GoogleOther)"
66.249.66.37 - - [15/Sep/2026:16:37:14 +0200] "GET /?o=87460605287 HTTP/1.1" 200 199787 "-" "Mozilla/5.0 (Linux; Android 6.0.1; Nexus 5X Build/MMB29P) AppleWebKit/537.36 (KHTML, like Gecko) Chrome/152.0.7977.82 Mobile Safari/537.36 (compatible; Googlebot/2.1; +http://www.google.com/bot.html)"
66.249.66.38 - - [15/Sep/2026:16:37:21 +0200] "GET /?q=91936878923 HTTP/1.1" 200 201518 "-" "Mozilla/5.0 (Linux; Android 6.0.1; Nexus 5X Build/MMB29P) AppleWebKit/537.36 (KHTML, like Gecko) Chrome/152.0.7977.82 Mobile Safari/537.36 (compatible; Googlebot/2.1; +http://www.google.com/bot.html)"
66.249.66.76 - - [15/Sep/2026:16:37:34 +0200] "GET /?u=10870290798 HTTP/1.1" 200 194847 "-" "Mozilla/5.0 (Linux; Android 6.0.1; Nexus 5X Build/MMB29P) AppleWebKit/537.36 (KHTML, like Gecko) Chrome/152.0.7977.82 Mobile Safari/537.36 (compatible; GoogleOther)"
217.182.60.159 - - [15/Sep/2026:16:37:49 +0200] "GET / HTTP/1.1" 200 - "-" "Zabbix"
66.249.66.206 - - [15/Sep/2026:16:38:45 +0200] "GET /?u=4667148591 HTTP/1.1" 200 201066 "-" "Mozilla/5.0 (Linux; Android 6.0.1; Nexus 5X Build/MMB29P) AppleWebKit/537.36 (KHTML, like Gecko) Chrome/152.0.7977.82 Mobile Safari/537.36 (compatible; GoogleOther)"
217.182.60.159 - - [15/Sep/2026:16:38:49 +0200] "GET / HTTP/1.1" 200 - "-" "Zabbix"
66.249.66.76 - - [15/Sep/2026:16:39:19 +0200] "GET /?u=39848352104 HTTP/1.1" 200 194233 "-" "Mozilla/5.0 (Linux; Android 6.0.1; Nexus 5X Build/MMB29P) AppleWebKit/537.36 (KHTML, like Gecko) Chrome/152.0.7977.82 Mobile Safari/537.36 (compatible; GoogleOther)"
66.249.66.38 - - [15/Sep/2026:16:39:32 +0200] "GET /?o=15669420897 HTTP/1.1" 200 195613 "-" "Mozilla/5.0 (Linux; Android 6.0.1; Nexus 5X Build/MMB29P) AppleWebKit/537.36 (KHTML, like Gecko) Chrome/152.0.7977.82 Mobile Safari/537.36 (compatible; Googlebot/2.1; +http://www.google.com/bot.html)"
217.182.60.159 - - [15/Sep/2026:16:39:50 +0200] "GET / HTTP/1.1" 200 - "-" "Zabbix"
66.249.66.76 - - [15/Sep/2026:16:40:27 +0200] "GET /?u=85570480457 HTTP/1.1" 200 199587 "-" "Mozilla/5.0 (Linux; Android 6.0.1; Nexus 5X Build/MMB29P) AppleWebKit/537.36 (KHTML, like Gecko) Chrome/152.0.7977.82 Mobile Safari/537.36 (compatible; GoogleOther)"
66.249.66.37 - - [15/Sep/2026:16:40:37 +0200] "GET /?x=60602590794 HTTP/1.1" 200 197267 "-" "Mozilla/5.0 (Linux; Android 6.0.1; Nexus 5X Build/MMB29P) AppleWebKit/537.36 (KHTML, like Gecko) Chrome/152.0.7977.82 Mobile Safari/537.36 (compatible; GoogleOther)"
217.182.60.159 - - [15/Sep/2026:16:40:51 +0200] "GET / HTTP/1.1" 200 - "-" "Zabbix"
66.249.66.78 - - [15/Sep/2026:16:41:40 +0200] "GET /?u=85570480457 HTTP/1.1" 200 199587 "-" "Mozilla/5.0 (Linux; Android 6.0.1; Nexus 5X Build/MMB29P) AppleWebKit/537.36 (KHTML, like Gecko) Chrome/152.0.7977.82 Mobile Safari/537.36 (compatible; Googlebot/2.1; +http://www.google.com/bot.html)"
217.182.60.159 - - [15/Sep/2026:16:41:52 +0200] "GET / HTTP/1.1" 200 - "-" "Zabbix"
66.249.66.38 - - [15/Sep/2026:16:41:56 +0200] "GET /?u=10870290798 HTTP/1.1" 200 194847 "-" "Mozilla/5.0 (Linux; Android 6.0.1; Nexus 5X Build/MMB29P) AppleWebKit/537.36 (KHTML, like Gecko) Chrome/152.0.7977.82 Mobile Safari/537.36 (compatible; Googlebot/2.1; +http://www.google.com/bot.html)"
66.249.66.206 - - [15/Sep/2026:16:42:23 +0200] "GET /?t=63810015449 HTTP/1.1" 200 197690 "-" "Mozilla/5.0 (Linux; Android 6.0.1; Nexus 5X Build/MMB29P) AppleWebKit/537.36 (KHTML, like Gecko) Chrome/152.0.7977.82 Mobile Safari/537.36 (compatible; GoogleOther)"
66.249.66.37 - - [15/Sep/2026:16:42:43 +0200] "GET /?a=70330608812 HTTP/1.1" 200 199942 "-" "Mozilla/5.0 (Linux; Android 6.0.1; Nexus 5X Build/MMB29P) AppleWebKit/537.36 (KHTML, like Gecko) Chrome/152.0.7977.82 Mobile Safari/537.36 (compatible; GoogleOther)"
217.182.60.159 - - [15/Sep/2026:16:42:52 +0200] "GET / HTTP/1.1" 200 - "-" "Zabbix"
66.249.66.76 - - [15/Sep/2026:16:43:22 +0200] "GET /?z=88317263754 HTTP/1.1" 200 200780 "-" "Mozilla/5.0 (Linux; Android 6.0.1; Nexus 5X Build/MMB29P) AppleWebKit/537.36 (KHTML, like Gecko) Chrome/152.0.7977.82 Mobile Safari/537.36 (compatible; GoogleOther)"
66.249.66.38 - - [15/Sep/2026:16:43:27 +0200] "GET /?s=97167174054 HTTP/1.1" 200 198474 "-" "Mozilla/5.0 (Linux; Android 6.0.1; Nexus 5X Build/MMB29P) AppleWebKit/537.36 (KHTML, like Gecko) Chrome/152.0.7977.82 Mobile Safari/537.36 (compatible; GoogleOther)"
217.182.60.159 - - [15/Sep/2026:16:43:52 +0200] "GET / HTTP/1.1" 200 - "-" "Zabbix"
66.249.66.78 - - [15/Sep/2026:16:44:06 +0200] "GET /?o=82144511204 HTTP/1.1" 200 194803 "-" "Mozilla/5.0 (Linux; Android 6.0.1; Nexus 5X Build/MMB29P) AppleWebKit/537.36 (KHTML, like Gecko) Chrome/152.0.7977.82 Mobile Safari/537.36 (compatible; GoogleOther)"
66.249.66.205 - - [15/Sep/2026:16:44:14 +0200] "GET /?n=79901466775 HTTP/1.1" 200 195518 "-" "Mozilla/5.0 (Linux; Android 6.0.1; Nexus 5X Build/MMB29P) AppleWebKit/537.36 (KHTML, like Gecko) Chrome/152.0.7977.82 Mobile Safari/537.36 (compatible; GoogleOther)"
217.182.60.159 - - [15/Sep/2026:16:44:52 +0200] "GET / HTTP/1.1" 200 - "-" "Zabbix"
66.249.66.78 - - [15/Sep/2026:16:45:30 +0200] "GET /?z=88317263754 HTTP/1.1" 200 200780 "-" "Mozilla/5.0 (Linux; Android 6.0.1; Nexus 5X Build/MMB29P) AppleWebKit/537.36 (KHTML, like Gecko) Chrome/152.0.7977.82 Mobile Safari/537.36 (compatible; Googlebot/2.1; +http://www.google.com/bot.html)"
66.249.66.205 - - [15/Sep/2026:16:45:42 +0200] "GET /?q=95872654157 HTTP/1.1" 200 197431 "-" "Mozilla/5.0 (Linux; Android 6.0.1; Nexus 5X Build/MMB29P) AppleWebKit/537.36 (KHTML, like Gecko) Chrome/152.0.7977.82 Mobile Safari/537.36 (compatible; GoogleOther)"
66.249.66.37 - - [15/Sep/2026:16:45:51 +0200] "GET /?q=59441897223 HTTP/1.1" 200 193614 "-" "Mozilla/5.0 (Linux; Android 6.0.1; Nexus 5X Build/MMB29P) AppleWebKit/537.36 (KHTML, like Gecko) Chrome/152.0.7977.82 Mobile Safari/537.36 (compatible; GoogleOther)"
217.182.60.159 - - [15/Sep/2026:16:45:53 +0200] "GET / HTTP/1.1" 200 - "-" "Zabbix"
66.249.66.38 - - [15/Sep/2026:16:46:32 +0200] "GET /?s=39562114923 HTTP/1.1" 200 198947 "-" "Mozilla/5.0 (Linux; Android 6.0.1; Nexus 5X Build/MMB29P) AppleWebKit/537.36 (KHTML, like Gecko) Chrome/152.0.7977.82 Mobile Safari/537.36 (compatible; GoogleOther)"
66.249.66.205 - - [15/Sep/2026:16:46:39 +0200] "GET /?s=97167174054 HTTP/1.1" 200 198474 "-" "Mozilla/5.0 (Linux; Android 6.0.1; Nexus 5X Build/MMB29P) AppleWebKit/537.36 (KHTML, like Gecko) Chrome/152.0.7977.82 Mobile Safari/537.36 (compatible; Googlebot/2.1; +http://www.google.com/bot.html)"
217.182.60.159 - - [15/Sep/2026:16:46:53 +0200] "GET / HTTP/1.1" 200 - "-" "Zabbix"
66.249.66.76 - - [15/Sep/2026:16:47:21 +0200] "GET /?q=65724034133 HTTP/1.1" 200 201057 "-" "Mozilla/5.0 (Linux; Android 6.0.1; Nexus 5X Build/MMB29P) AppleWebKit/537.36 (KHTML, like Gecko) Chrome/152.0.7977.82 Mobile Safari/537.36 (compatible; GoogleOther)"
66.249.66.205 - - [15/Sep/2026:16:47:44 +0200] "GET /?u=14249807193 HTTP/1.1" 200 200783 "-" "Mozilla/5.0 (Linux; Android 6.0.1; Nexus 5X Build/MMB29P) AppleWebKit/537.36 (KHTML, like Gecko) Chrome/152.0.7977.82 Mobile Safari/537.36 (compatible; GoogleOther)"
217.182.60.159 - - [15/Sep/2026:16:47:53 +0200] "GET / HTTP/1.1" 200 - "-" "Zabbix"
66.249.66.76 - - [15/Sep/2026:16:47:54 +0200] "GET /?q=95872654157 HTTP/1.1" 200 197431 "-" "Mozilla/5.0 (Linux; Android 6.0.1; Nexus 5X Build/MMB29P) AppleWebKit/537.36 (KHTML, like Gecko) Chrome/152.0.7977.82 Mobile Safari/537.36 (compatible; Googlebot/2.1; +http://www.google.com/bot.html)"
66.249.66.78 - - [15/Sep/2026:16:48:40 +0200] "GET /?q=75512932367 HTTP/1.1" 200 199066 "-" "Mozilla/5.0 (Linux; Android 6.0.1; Nexus 5X Build/MMB29P) AppleWebKit/537.36 (KHTML, like Gecko) Chrome/152.0.7977.82 Mobile Safari/537.36 (compatible; GoogleOther)"
217.182.60.159 - - [15/Sep/2026:16:48:52 +0200] "GET / HTTP/1.1" 200 - "-" "Zabbix"
66.249.66.206 - - [15/Sep/2026:16:49:07 +0200] "GET /?s=39562114923 HTTP/1.1" 200 198947 "-" "Mozilla/5.0 (Linux; Android 6.0.1; Nexus 5X Build/MMB29P) AppleWebKit/537.36 (KHTML, like Gecko) Chrome/152.0.7977.82 Mobile Safari/537.36 (compatible; Googlebot/2.1; +http://www.google.com/bot.html)"
66.249.66.205 - - [15/Sep/2026:16:49:24 +0200] "GET /?g=70307154417 HTTP/1.1" 200 195475 "-" "Mozilla/5.0 (Linux; Android 6.0.1; Nexus 5X Build/MMB29P) AppleWebKit/537.36 (KHTML, like Gecko) Chrome/152.0.7977.82 Mobile Safari/537.36 (compatible; GoogleOther)"
217.182.60.159 - - [15/Sep/2026:16:49:53 +0200] "GET / HTTP/1.1" 200 - "-" "Zabbix"
66.249.66.204 - - [15/Sep/2026:16:50:00 +0200] "GET /?q=87440836904 HTTP/1.1" 200 197318 "-" "Mozilla/5.0 (Linux; Android 6.0.1; Nexus 5X Build/MMB29P) AppleWebKit/537.36 (KHTML, like Gecko) Chrome/152.0.7977.82 Mobile Safari/537.36 (compatible; GoogleOther)"
66.249.66.76 - - [15/Sep/2026:16:50:09 +0200] "GET /shop/customer/entry.aspx HTTP/1.1" 200 200972 "-" "Mozilla/5.0 (Linux; Android 6.0.1; Nexus 5X Build/MMB29P) AppleWebKit/537.36 (KHTML, like Gecko) Chrome/152.0.7977.82 Mobile Safari/537.36 (compatible; GoogleOther)"
66.249.66.37 - - [15/Sep/2026:16:50:22 +0200] "GET /?n=79901466775 HTTP/1.1" 200 195518 "-" "Mozilla/5.0 (Linux; Android 6.0.1; Nexus 5X Build/MMB29P) AppleWebKit/537.36 (KHTML, like Gecko) Chrome/152.0.7977.82 Mobile Safari/537.36 (compatible; Googlebot/2.1; +http://www.google.com/bot.html)"
217.182.60.159 - - [15/Sep/2026:16:50:54 +0200] "GET / HTTP/1.1" 200 - "-" "Zabbix"
66.249.66.206 - - [15/Sep/2026:16:51:05 +0200] "GET /?o=99176812938 HTTP/1.1" 200 194433 "-" "Mozilla/5.0 (Linux; Android 6.0.1; Nexus 5X Build/MMB29P) AppleWebKit/537.36 (KHTML, like Gecko) Chrome/152.0.7977.82 Mobile Safari/537.36 (compatible; GoogleOther)"
66.249.66.37 - - [15/Sep/2026:16:51:38 +0200] "GET /shop/cart/cart.aspx HTTP/1.1" 200 194588 "-" "Mozilla/5.0 (Linux; Android 6.0.1; Nexus 5X Build/MMB29P) AppleWebKit/537.36 (KHTML, like Gecko) Chrome/152.0.7977.82 Mobile Safari/537.36 (compatible; GoogleOther)"
66.249.66.77 - - [15/Sep/2026:16:51:39 +0200] "GET /?z=27278227979 HTTP/1.1" 200 195326 "-" "Mozilla/5.0 (Linux; Android 6.0.1; Nexus 5X Build/MMB29P) AppleWebKit/537.36 (KHTML, like Gecko) Chrome/152.0.7977.82 Mobile Safari/537.36 (compatible; Googlebot/2.1; +http://www.google.com/bot.html)"
217.182.60.159 - - [15/Sep/2026:16:51:54 +0200] "GET / HTTP/1.1" 200 - "-" "Zabbix"
66.249.66.37 - - [15/Sep/2026:16:52:48 +0200] "GET /?x=52811432339 HTTP/1.1" 200 194324 "-" "Mozilla/5.0 (Linux; Android 6.0.1; Nexus 5X Build/MMB29P) AppleWebKit/537.36 (KHTML, like Gecko) Chrome/152.0.7977.82 Mobile Safari/537.36 (compatible; Googlebot/2.1; +http://www.google.com/bot.html)"
66.249.66.77 - - [15/Sep/2026:16:52:53 +0200] "GET /?q=57472837963 HTTP/1.1" 200 194542 "-" "Mozilla/5.0 (Linux; Android 6.0.1; Nexus 5X Build/MMB29P) AppleWebKit/537.36 (KHTML, like Gecko) Chrome/152.0.7977.82 Mobile Safari/537.36 (compatible; GoogleOther)"
217.182.60.159 - - [15/Sep/2026:16:52:54 +0200] "GET / HTTP/1.1" 200 - "-" "Zabbix"
66.249.66.39 - - [15/Sep/2026:16:53:09 +0200] "GET /?q=6871843876 HTTP/1.1" 200 198576 "-" "Mozilla/5.0 (Linux; Android 6.0.1; Nexus 5X Build/MMB29P) AppleWebKit/537.36 (KHTML, like Gecko) Chrome/152.0.7977.82 Mobile Safari/537.36 (compatible; GoogleOther)"
66.249.66.76 - - [15/Sep/2026:16:53:28 +0200] "GET /?a=20190986071 HTTP/1.1" 200 200345 "-" "Mozilla/5.0 (Linux; Android 6.0.1; Nexus 5X Build/MMB29P) AppleWebKit/537.36 (KHTML, like Gecko) Chrome/152.0.7977.82 Mobile Safari/537.36 (compatible; GoogleOther)"
217.182.60.159 - - [15/Sep/2026:16:53:54 +0200] "GET / HTTP/1.1" 200 - "-" "Zabbix"
66.249.66.76 - - [15/Sep/2026:16:54:03 +0200] "GET /?q=6871843876 HTTP/1.1" 200 198576 "-" "Mozilla/5.0 (Linux; Android 6.0.1; Nexus 5X Build/MMB29P) AppleWebKit/537.36 (KHTML, like Gecko) Chrome/152.0.7977.82 Mobile Safari/537.36 (compatible; Googlebot/2.1; +http://www.google.com/bot.html)"
66.249.66.37 - - [15/Sep/2026:16:54:45 +0200] "GET /?z=66657292558 HTTP/1.1" 200 195108 "-" "Mozilla/5.0 (Linux; Android 6.0.1; Nexus 5X Build/MMB29P) AppleWebKit/537.36 (KHTML, like Gecko) Chrome/152.0.7977.82 Mobile Safari/537.36 (compatible; GoogleOther)"
66.249.66.205 - - [15/Sep/2026:16:54:48 +0200] "GET /?o=27043336962 HTTP/1.1" 200 194145 "-" "Mozilla/5.0 (Linux; Android 6.0.1; Nexus 5X Build/MMB29P) AppleWebKit/537.36 (KHTML, like Gecko) Chrome/152.0.7977.82 Mobile Safari/537.36 (compatible; GoogleOther)"
217.182.60.159 - - [15/Sep/2026:16:54:54 +0200] "GET / HTTP/1.1" 200 - "-" "Zabbix"
66.249.66.76 - - [15/Sep/2026:16:54:51 +0200] "GET /?q=1220823881 HTTP/1.1" 200 201366 "-" "Mozilla/5.0 (Linux; Android 6.0.1; Nexus 5X Build/MMB29P) AppleWebKit/537.36 (KHTML, like Gecko) Chrome/152.0.7977.82 Mobile Safari/537.36 (compatible; GoogleOther)"
66.249.66.78 - - [15/Sep/2026:16:55:17 +0200] "GET /?a=52654087582 HTTP/1.1" 200 200869 "-" "Mozilla/5.0 (Linux; Android 6.0.1; Nexus 5X Build/MMB29P) AppleWebKit/537.36 (KHTML, like Gecko) Chrome/152.0.7977.82 Mobile Safari/537.36 (compatible; Googlebot/2.1; +http://www.google.com/bot.html)"
217.182.60.159 - - [15/Sep/2026:16:55:55 +0200] "GET / HTTP/1.1" 200 - "-" "Zabbix"
66.249.66.205 - - [15/Sep/2026:16:56:05 +0200] "GET /?s=58184177752 HTTP/1.1" 200 194788 "-" "Mozilla/5.0 (Linux; Android 6.0.1; Nexus 5X Build/MMB29P) AppleWebKit/537.36 (KHTML, like Gecko) Chrome/152.0.7977.82 Mobile Safari/537.36 (compatible; GoogleOther)"
66.249.66.76 - - [15/Sep/2026:16:56:19 +0200] "GET /?g=42865499966 HTTP/1.1" 200 194659 "-" "Mozilla/5.0 (Linux; Android 6.0.1; Nexus 5X Build/MMB29P) AppleWebKit/537.36 (KHTML, like Gecko) Chrome/152.0.7977.82 Mobile Safari/537.36 (compatible; GoogleOther)"
66.249.66.76 - - [15/Sep/2026:16:56:35 +0200] "GET /?q=1220823881 HTTP/1.1" 200 201366 "-" "Mozilla/5.0 (Linux; Android 6.0.1; Nexus 5X Build/MMB29P) AppleWebKit/537.36 (KHTML, like Gecko) Chrome/152.0.7977.82 Mobile Safari/537.36 (compatible; Googlebot/2.1; +http://www.google.com/bot.html)"
66.249.66.76 - - [15/Sep/2026:16:56:54 +0200] "GET /shop/storeSearch/CriteriaInput.aspx HTTP/1.1" 200 200580 "-" "Mozilla/5.0 (Linux; Android 6.0.1; Nexus 5X Build/MMB29P) AppleWebKit/537.36 (KHTML, like Gecko) Chrome/152.0.7977.82 Mobile Safari/537.36 (compatible; GoogleOther)"
217.182.60.159 - - [15/Sep/2026:16:56:57 +0200] "GET / HTTP/1.1" 200 - "-" "Zabbix"
109.234.167.83 - - [15/Sep/2026:16:57:01 +0200] "POST /wp-cron.php?doing_wp_cron=1789484221.9202070236206054687500 HTTP/1.1" 200 - "-" "WordPress/7.1; https://www.hftbot-propfirm.click"
95.142.47.113 - - [15/Sep/2026:16:57:01 +0200] "GET /wp-admin/admin-ajax.php HTTP/1.1" 400 1 "https://www.hftbot-propfirm.click/wp-admin/admin-ajax.php" "Mozilla/5.0 (Windows NT 10.0; Win64; x64) AppleWebKit/537.36 (KHTML, like Gecko) Chrome/131.0.0.0 Safari/537.36"
89.217.88.177 - - [15/Sep/2026:16:57:02 +0200] "GET /wp-login.php HTTP/1.1" 200 6791 "-" "Mozilla/5.0 (X11; Linux x86_64) AppleWebKit/537.36 (KHTML, like Gecko) Chrome/152.0.0.0 Safari/537.36"
89.217.88.177 - - [15/Sep/2026:16:57:03 +0200] "POST /wp-login.php HTTP/1.1" 200 7217 "https://www.hftbot-propfirm.click/wp-login.php" "Mozilla/5.0 (X11; Linux x86_64) AppleWebKit/537.36 (KHTML, like Gecko) Chrome/152.0.0.0 Safari/537.36"
95.142.47.113 - - [15/Sep/2026:16:57:19 +0200] "GET / HTTP/1.1" 200 - "https://www.hftbot-propfirm.click/" "Mozilla/5.0 (Windows NT 10.0; Win64; x64) AppleWebKit/537.36 (KHTML, like Gecko) Chrome/131.0.0.0 Safari/537.36"
66.249.66.37 - - [15/Sep/2026:16:57:35 +0200] "GET /?u=71622010921 HTTP/1.1" 200 202739 "-" "Mozilla/5.0 (Linux; Android 6.0.1; Nexus 5X Build/MMB29P) AppleWebKit/537.36 (KHTML, like Gecko) Chrome/152.0.7977.82 Mobile Safari/537.36 (compatible; GoogleOther)"
66.249.66.204 - - [15/Sep/2026:16:57:45 +0200] "GET /?u=67208759178 HTTP/1.1" 200 195764 "-" "Mozilla/5.0 (Linux; Android 6.0.1; Nexus 5X Build/MMB29P) AppleWebKit/537.36 (KHTML, like Gecko) Chrome/152.0.7977.82 Mobile Safari/537.36 (compatible; Googlebot/2.1; +http://www.google.com/bot.html)"
217.182.60.159 - - [15/Sep/2026:16:57:58 +0200] "GET / HTTP/1.1" 200 - "-" "Zabbix"
66.249.66.204 - - [15/Sep/2026:16:58:04 +0200] "GET /?x=27319009784 HTTP/1.1" 200 201672 "-" "Mozilla/5.0 (Linux; Android 6.0.1; Nexus 5X Build/MMB29P) AppleWebKit/537.36 (KHTML, like Gecko) Chrome/152.0.7977.82 Mobile Safari/537.36 (compatible; GoogleOther)"
217.182.60.159 - - [15/Sep/2026:16:58:58 +0200] "GET / HTTP/1.1" 200 - "-" "Zabbix"
66.249.66.37 - - [15/Sep/2026:16:58:57 +0200] "GET /?s=58184177752 HTTP/1.1" 200 194788 "-" "Mozilla/5.0 (Linux; Android 6.0.1; Nexus 5X Build/MMB29P) AppleWebKit/537.36 (KHTML, like Gecko) Chrome/152.0.7977.82 Mobile Safari/537.36 (compatible; Googlebot/2.1; +http://www.google.com/bot.html)"
66.249.66.76 - - [15/Sep/2026:16:59:03 +0200] "GET /?s=21180702940 HTTP/1.1" 200 199291 "-" "Mozilla/5.0 (Linux; Android 6.0.1; Nexus 5X Build/MMB29P) AppleWebKit/537.36 (KHTML, like Gecko) Chrome/152.0.7977.82 Mobile Safari/537.36 (compatible; GoogleOther)"
66.249.66.37 - - [15/Sep/2026:16:59:53 +0200] "GET /?n=71435376868 HTTP/1.1" 200 199867 "-" "Mozilla/5.0 (Linux; Android 6.0.1; Nexus 5X Build/MMB29P) AppleWebKit/537.36 (KHTML, like Gecko) Chrome/152.0.7977.82 Mobile Safari/537.36 (compatible; GoogleOther)"
217.182.60.159 - - [15/Sep/2026:16:59:59 +0200] "GET / HTTP/1.1" 200 - "-" "Zabbix"
66.249.66.37 - - [15/Sep/2026:17:00:11 +0200] "GET /?k=55685619942 HTTP/1.1" 200 197615 "-" "Mozilla/5.0 (Linux; Android 6.0.1; Nexus 5X Build/MMB29P) AppleWebKit/537.36 (KHTML, like Gecko) Chrome/152.0.7977.82 Mobile Safari/537.36 (compatible; Googlebot/2.1; +http://www.google.com/bot.html)"
217.182.60.159 - - [15/Sep/2026:17:00:58 +0200] "GET / HTTP/1.1" 200 - "-" "Zabbix"
66.249.66.39 - - [15/Sep/2026:17:01:29 +0200] "GET /?s=21180702940 HTTP/1.1" 200 199291 "-" "Mozilla/5.0 (Linux; Android 6.0.1; Nexus 5X Build/MMB29P) AppleWebKit/537.36 (KHTML, like Gecko) Chrome/152.0.7977.82 Mobile Safari/537.36 (compatible; Googlebot/2.1; +http://www.google.com/bot.html)"
66.249.66.77 - - [15/Sep/2026:17:01:34 +0200] "GET /?n=39015000680 HTTP/1.1" 200 198895 "-" "Mozilla/5.0 (Linux; Android 6.0.1; Nexus 5X Build/MMB29P) AppleWebKit/537.36 (KHTML, like Gecko) Chrome/152.0.7977.82 Mobile Safari/537.36 (compatible; GoogleOther)"
217.182.60.159 - - [15/Sep/2026:17:01:59 +0200] "GET / HTTP/1.1" 200 - "-" "Zabbix"
66.249.66.38 - - [15/Sep/2026:17:02:01 +0200] "GET /?k=68595634179 HTTP/1.1" 200 194241 "-" "Mozilla/5.0 (Linux; Android 6.0.1; Nexus 5X Build/MMB29P) AppleWebKit/537.36 (KHTML, like Gecko) Chrome/152.0.7977.82 Mobile Safari/537.36 (compatible; GoogleOther)"
66.249.66.77 - - [15/Sep/2026:17:02:07 +0200] "GET /?z=25593843219 HTTP/1.1" 200 195197 "-" "Mozilla/5.0 (Linux; Android 6.0.1; Nexus 5X Build/MMB29P) AppleWebKit/537.36 (KHTML, like Gecko) Chrome/152.0.7977.82 Mobile Safari/537.36 (compatible; GoogleOther)"
66.249.66.76 - - [15/Sep/2026:17:02:40 +0200] "GET /?t=43779790958 HTTP/1.1" 200 198040 "-" "Mozilla/5.0 (Linux; Android 6.0.1; Nexus 5X Build/MMB29P) AppleWebKit/537.36 (KHTML, like Gecko) Chrome/152.0.7977.82 Mobile Safari/537.36 (compatible; Googlebot/2.1; +http://www.google.com/bot.html)"
217.182.60.159 - - [15/Sep/2026:17:02:59 +0200] "GET / HTTP/1.1" 200 - "-" "Zabbix"
66.249.66.206 - - [15/Sep/2026:17:03:21 +0200] "GET /?s=89156243743 HTTP/1.1" 200 200832 "-" "Mozilla/5.0 (Linux; Android 6.0.1; Nexus 5X Build/MMB29P) AppleWebKit/537.36 (KHTML, like Gecko) Chrome/152.0.7977.82 Mobile Safari/537.36 (compatible; GoogleOther)"
66.249.66.38 - - [15/Sep/2026:17:03:55 +0200] "GET /?q=87440836904 HTTP/1.1" 200 197318 "-" "Mozilla/5.0 (Linux; Android 6.0.1; Nexus 5X Build/MMB29P) AppleWebKit/537.36 (KHTML, like Gecko) Chrome/152.0.7977.82 Mobile Safari/537.36 (compatible; Googlebot/2.1; +http://www.google.com/bot.html)"
217.182.60.159 - - [15/Sep/2026:17:03:59 +0200] "GET / HTTP/1.1" 200 - "-" "Zabbix"
217.182.60.159 - - [15/Sep/2026:17:04:59 +0200] "GET / HTTP/1.1" 200 - "-" "Zabbix"
66.249.66.38 - - [15/Sep/2026:17:05:01 +0200] "GET /?q=95488306922 HTTP/1.1" 200 200322 "-" "Mozilla/5.0 (Linux; Android 6.0.1; Nexus 5X Build/MMB29P) AppleWebKit/537.36 (KHTML, like Gecko) Chrome/152.0.7977.82 Mobile Safari/537.36 (compatible; GoogleOther)"
66.249.66.204 - - [15/Sep/2026:17:05:04 +0200] "GET /?a=7823151308 HTTP/1.1" 200 194700 "-" "Mozilla/5.0 (Linux; Android 6.0.1; Nexus 5X Build/MMB29P) AppleWebKit/537.36 (KHTML, like Gecko) Chrome/152.0.7977.82 Mobile Safari/537.36 (compatible; GoogleOther)"
66.249.66.205 - - [15/Sep/2026:17:05:35 +0200] "GET /?s=63404167872 HTTP/1.1" 200 196861 "-" "Mozilla/5.0 (Linux; Android 6.0.1; Nexus 5X Build/MMB29P) AppleWebKit/537.36 (KHTML, like Gecko) Chrome/152.0.7977.82 Mobile Safari/537.36 (compatible; GoogleOther)"
217.182.60.159 - - [15/Sep/2026:17:06:00 +0200] "GET / HTTP/1.1" 200 - "-" "Zabbix"
66.249.66.204 - - [15/Sep/2026:17:06:20 +0200] "GET /?o=74945140274 HTTP/1.1" 200 198069 "-" "Mozilla/5.0 (Linux; Android 6.0.1; Nexus 5X Build/MMB29P) AppleWebKit/537.36 (KHTML, like Gecko) Chrome/152.0.7977.82 Mobile Safari/537.36 (compatible; Googlebot/2.1; +http://www.google.com/bot.html)"
66.249.66.205 - - [15/Sep/2026:17:06:56 +0200] "GET /?s=74774780030 HTTP/1.1" 200 200753 "-" "Mozilla/5.0 (Linux; Android 6.0.1; Nexus 5X Build/MMB29P) AppleWebKit/537.36 (KHTML, like Gecko) Chrome/152.0.7977.82 Mobile Safari/537.36 (compatible; GoogleOther)"
217.182.60.159 - - [15/Sep/2026:17:06:59 +0200] "GET / HTTP/1.1" 200 - "-" "Zabbix"
66.249.66.38 - - [15/Sep/2026:17:07:06 +0200] "GET /?o=73349335875 HTTP/1.1" 200 201010 "-" "Mozilla/5.0 (Linux; Android 6.0.1; Nexus 5X Build/MMB29P) AppleWebKit/537.36 (KHTML, like Gecko) Chrome/152.0.7977.82 Mobile Safari/537.36 (compatible; GoogleOther)"
66.249.66.205 - - [15/Sep/2026:17:07:38 +0200] "GET /?q=95488306922 HTTP/1.1" 200 200322 "-" "Mozilla/5.0 (Linux; Android 6.0.1; Nexus 5X Build/MMB29P) AppleWebKit/537.36 (KHTML, like Gecko) Chrome/152.0.7977.82 Mobile Safari/537.36 (compatible; Googlebot/2.1; +http://www.google.com/bot.html)"
66.249.66.37 - - [15/Sep/2026:17:07:58 +0200] "GET /?s=64261129156 HTTP/1.1" 200 200254 "-" "Mozilla/5.0 (Linux; Android 6.0.1; Nexus 5X Build/MMB29P) AppleWebKit/537.36 (KHTML, like Gecko) Chrome/152.0.7977.82 Mobile Safari/537.36 (compatible; GoogleOther)"
217.182.60.159 - - [15/Sep/2026:17:08:00 +0200] "GET / HTTP/1.1" 200 - "-" "Zabbix"
66.249.66.206 - - [15/Sep/2026:17:08:31 +0200] "GET /?o=16222237271 HTTP/1.1" 200 194221 "-" "Mozilla/5.0 (Linux; Android 6.0.1; Nexus 5X Build/MMB29P) AppleWebKit/537.36 (KHTML, like Gecko) Chrome/152.0.7977.82 Mobile Safari/537.36 (compatible; GoogleOther)"
66.249.66.76 - - [15/Sep/2026:17:08:56 +0200] "GET /?k=83474695857 HTTP/1.1" 200 195700 "-" "Mozilla/5.0 (Linux; Android 6.0.1; Nexus 5X Build/MMB29P) AppleWebKit/537.36 (KHTML, like Gecko) Chrome/152.0.7977.82 Mobile Safari/537.36 (compatible; Googlebot/2.1; +http://www.google.com/bot.html)"
217.182.60.159 - - [15/Sep/2026:17:09:01 +0200] "GET / HTTP/1.1" 200 - "-" "Zabbix"
66.249.66.76 - - [15/Sep/2026:17:09:01 +0200] "GET /?s=30155745547 HTTP/1.1" 200 194690 "-" "Mozilla/5.0 (Linux; Android 6.0.1; Nexus 5X Build/MMB29P) AppleWebKit/537.36 (KHTML, like Gecko) Chrome/152.0.7977.82 Mobile Safari/537.36 (compatible; GoogleOther)"
217.182.60.159 - - [15/Sep/2026:17:10:02 +0200] "GET / HTTP/1.1" 200 - "-" "Zabbix"
66.249.66.37 - - [15/Sep/2026:17:10:02 +0200] "GET /?s=64261129156 HTTP/1.1" 200 200254 "-" "Mozilla/5.0 (Linux; Android 6.0.1; Nexus 5X Build/MMB29P) AppleWebKit/537.36 (KHTML, like Gecko) Chrome/152.0.7977.82 Mobile Safari/537.36 (compatible; Googlebot/2.1; +http://www.google.com/bot.html)"
66.249.66.205 - - [15/Sep/2026:17:10:16 +0200] "GET /?z=85564477762 HTTP/1.1" 200 194851 "-" "Mozilla/5.0 (Linux; Android 6.0.1; Nexus 5X Build/MMB29P) AppleWebKit/537.36 (KHTML, like Gecko) Chrome/152.0.7977.82 Mobile Safari/537.36 (compatible; GoogleOther)"
216.73.216.201 - - [15/Sep/2026:17:10:33 +0200] "GET /?a=36476649755 HTTP/1.1" 200 - "https://www.hftbot-propfirm.click/?a=36476649755" "Mozilla/5.0 AppleWebKit/537.36 (KHTML, like Gecko; compatible; ClaudeBot/1.0; +claudebot@anthropic.com)"
216.73.216.201 - - [15/Sep/2026:17:10:33 +0200] "GET /?g=90371946292 HTTP/1.1" 200 - "https://www.hftbot-propfirm.click/?g=90371946292" "Mozilla/5.0 AppleWebKit/537.36 (KHTML, like Gecko; compatible; ClaudeBot/1.0; +claudebot@anthropic.com)"
216.73.216.201 - - [15/Sep/2026:17:10:33 +0200] "GET /?g=19088047748 HTTP/1.1" 200 - "-" "Mozilla/5.0 AppleWebKit/537.36 (KHTML, like Gecko; compatible; ClaudeBot/1.0; +claudebot@anthropic.com)"
216.73.216.201 - - [15/Sep/2026:17:10:34 +0200] "GET /?u=25035449574 HTTP/1.1" 200 - "-" "Mozilla/5.0 AppleWebKit/537.36 (KHTML, like Gecko; compatible; ClaudeBot/1.0; +claudebot@anthropic.com)"
216.73.216.201 - - [15/Sep/2026:17:10:34 +0200] "GET /?x=59612715871 HTTP/1.1" 200 - "-" "Mozilla/5.0 AppleWebKit/537.36 (KHTML, like Gecko; compatible; ClaudeBot/1.0; +claudebot@anthropic.com)"
216.73.216.201 - - [15/Sep/2026:17:10:35 +0200] "GET /?a=14799693034 HTTP/1.1" 200 - "-" "Mozilla/5.0 AppleWebKit/537.36 (KHTML, like Gecko; compatible; ClaudeBot/1.0; +claudebot@anthropic.com)"
216.73.216.201 - - [15/Sep/2026:17:10:35 +0200] "GET /?t=45487522322 HTTP/1.1" 200 - "-" "Mozilla/5.0 AppleWebKit/537.36 (KHTML, like Gecko; compatible; ClaudeBot/1.0; +claudebot@anthropic.com)"
216.73.216.201 - - [15/Sep/2026:17:10:36 +0200] "GET /?k=74796719692 HTTP/1.1" 200 - "-" "Mozilla/5.0 AppleWebKit/537.36 (KHTML, like Gecko; compatible; ClaudeBot/1.0; +claudebot@anthropic.com)"
216.73.216.201 - - [15/Sep/2026:17:10:36 +0200] "GET /?n=50069080353 HTTP/1.1" 200 - "-" "Mozilla/5.0 AppleWebKit/537.36 (KHTML, like Gecko; compatible; ClaudeBot/1.0; +claudebot@anthropic.com)"
216.73.216.201 - - [15/Sep/2026:17:10:36 +0200] "GET /?z=29805321908 HTTP/1.1" 200 - "-" "Mozilla/5.0 AppleWebKit/537.36 (KHTML, like Gecko; compatible; ClaudeBot/1.0; +claudebot@anthropic.com)"
216.73.216.201 - - [15/Sep/2026:17:10:37 +0200] "GET /?x=36614074656 HTTP/1.1" 200 - "-" "Mozilla/5.0 AppleWebKit/537.36 (KHTML, like Gecko; compatible; ClaudeBot/1.0; +claudebot@anthropic.com)"
216.73.216.201 - - [15/Sep/2026:17:10:37 +0200] "GET /?t=25756894955 HTTP/1.1" 200 - "-" "Mozilla/5.0 AppleWebKit/537.36 (KHTML, like Gecko; compatible; ClaudeBot/1.0; +claudebot@anthropic.com)"
216.73.216.201 - - [15/Sep/2026:17:10:37 +0200] "GET /?n=40161318239 HTTP/1.1" 200 - "-" "Mozilla/5.0 AppleWebKit/537.36 (KHTML, like Gecko; compatible; ClaudeBot/1.0; +claudebot@anthropic.com)"
216.73.216.201 - - [15/Sep/2026:17:10:37 +0200] "GET /?a=75582808075 HTTP/1.1" 200 - "-" "Mozilla/5.0 AppleWebKit/537.36 (KHTML, like Gecko; compatible; ClaudeBot/1.0; +claudebot@anthropic.com)"
216.73.216.201 - - [15/Sep/2026:17:10:38 +0200] "GET /?a=4898769945 HTTP/1.1" 200 - "-" "Mozilla/5.0 AppleWebKit/537.36 (KHTML, like Gecko; compatible; ClaudeBot/1.0; +claudebot@anthropic.com)"
216.73.216.201 - - [15/Sep/2026:17:10:38 +0200] "GET /?a=81543923973 HTTP/1.1" 200 - "-" "Mozilla/5.0 AppleWebKit/537.36 (KHTML, like Gecko; compatible; ClaudeBot/1.0; +claudebot@anthropic.com)"
216.73.216.201 - - [15/Sep/2026:17:10:38 +0200] "GET /?a=21884419267 HTTP/1.1" 200 - "-" "Mozilla/5.0 AppleWebKit/537.36 (KHTML, like Gecko; compatible; ClaudeBot/1.0; +claudebot@anthropic.com)"
216.73.216.201 - - [15/Sep/2026:17:10:38 +0200] "GET /?u=4025751320 HTTP/1.1" 200 - "-" "Mozilla/5.0 AppleWebKit/537.36 (KHTML, like Gecko; compatible; ClaudeBot/1.0; +claudebot@anthropic.com)"
216.73.216.201 - - [15/Sep/2026:17:10:39 +0200] "GET /?k=2123201564 HTTP/1.1" 200 - "-" "Mozilla/5.0 AppleWebKit/537.36 (KHTML, like Gecko; compatible; ClaudeBot/1.0; +claudebot@anthropic.com)"
216.73.216.201 - - [15/Sep/2026:17:10:39 +0200] "GET /?k=52607936655 HTTP/1.1" 200 - "-" "Mozilla/5.0 AppleWebKit/537.36 (KHTML, like Gecko; compatible; ClaudeBot/1.0; +claudebot@anthropic.com)"
