45.130.83.110 - - [15/Sep/2026:12:06:55 +0200] "GET /wp-login.php?redirect_to=https%3A%2F%2Fwww.jeuxdecasino69.com%2Fwp-admin%2Findex.php&reauth=1 HTTP/1.1" 200 6492 "https://www.jeuxdecasino69.com/wp-login.php" "Mozilla/5.0 (X11; Linux x86_64) AppleWebKit/537.36 (KHTML, like Gecko) Chrome/90.0.4430.212 Safari/537.36"
45.130.83.110 - - [15/Sep/2026:12:06:55 +0200] "GET /wp-admin/index.php HTTP/1.1" 302 - "https://www.jeuxdecasino69.com/wp-login.php" "Mozilla/5.0 (Macintosh; Intel Mac OS X 10_15_7) AppleWebKit/605.1.15 (KHTML, like Gecko) Version/14.1 Safari/605.1.15"
45.130.83.110 - - [15/Sep/2026:12:06:56 +0200] "GET /wp-login.php?redirect_to=https%3A%2F%2Fwww.jeuxdecasino69.com%2Fwp-admin%2Findex.php&reauth=1 HTTP/1.1" 200 6492 "https://www.jeuxdecasino69.com/wp-login.php" "Mozilla/5.0 (Macintosh; Intel Mac OS X 10_15_7) AppleWebKit/605.1.15 (KHTML, like Gecko) Version/14.1 Safari/605.1.15"
45.130.83.110 - - [15/Sep/2026:12:06:56 +0200] "GET /wp-admin/index.php HTTP/1.1" 302 - "https://www.jeuxdecasino69.com/wp-login.php" "Mozilla/5.0 (Macintosh; Intel Mac OS X 10_15_7) AppleWebKit/605.1.15 (KHTML, like Gecko) Version/14.1 Safari/605.1.15"
45.130.83.110 - - [15/Sep/2026:12:06:56 +0200] "GET /wp-login.php?redirect_to=https%3A%2F%2Fwww.jeuxdecasino69.com%2Fwp-admin%2Findex.php&reauth=1 HTTP/1.1" 200 6492 "https://www.jeuxdecasino69.com/wp-login.php" "Mozilla/5.0 (Macintosh; Intel Mac OS X 10_15_7) AppleWebKit/605.1.15 (KHTML, like Gecko) Version/14.1 Safari/605.1.15"
45.130.83.110 - - [15/Sep/2026:12:06:57 +0200] "GET /wp-admin/index.php HTTP/1.1" 302 - "https://www.jeuxdecasino69.com/wp-login.php" "Mozilla/5.0 (Windows NT 6.1; Win64; x64) AppleWebKit/537.36 (KHTML, like Gecko) Chrome/94.0.4606.71 Safari/537.36"
45.130.83.110 - - [15/Sep/2026:12:06:57 +0200] "GET /wp-login.php?redirect_to=https%3A%2F%2Fwww.jeuxdecasino69.com%2Fwp-admin%2Findex.php&reauth=1 HTTP/1.1" 200 6492 "https://www.jeuxdecasino69.com/wp-login.php" "Mozilla/5.0 (Windows NT 6.1; Win64; x64) AppleWebKit/537.36 (KHTML, like Gecko) Chrome/94.0.4606.71 Safari/537.36"
45.130.83.110 - - [15/Sep/2026:12:06:58 +0200] "GET /wp-admin/index.php HTTP/1.1" 302 - "https://www.jeuxdecasino69.com/wp-login.php" "Mozilla/5.0 (Windows NT 6.1; Win64; x64) AppleWebKit/537.36 (KHTML, like Gecko) Chrome/94.0.4606.71 Safari/537.36"
45.130.83.110 - - [15/Sep/2026:12:06:58 +0200] "GET /wp-login.php?redirect_to=https%3A%2F%2Fwww.jeuxdecasino69.com%2Fwp-admin%2Findex.php&reauth=1 HTTP/1.1" 200 6492 "https://www.jeuxdecasino69.com/wp-login.php" "Mozilla/5.0 (Windows NT 6.1; Win64; x64) AppleWebKit/537.36 (KHTML, like Gecko) Chrome/94.0.4606.71 Safari/537.36"
91.224.92.19 - - [15/Sep/2026:12:06:58 +0200] "GET /wp-login.php HTTP/1.1" 200 6371 "-" "Mozilla/5.0 (X11; Linux x86_64) AppleWebKit/537.36 (KHTML, like Gecko) Chrome/120.0.0.0 Safari/537.36"
45.130.83.110 - - [15/Sep/2026:12:06:58 +0200] "GET /wp-admin/index.php HTTP/1.1" 302 - "https://www.jeuxdecasino69.com/wp-login.php" "Mozilla/5.0 (X11; Linux x86_64) AppleWebKit/537.36 (KHTML, like Gecko) Chrome/91.0.4472.124 Safari/537.36"
91.224.92.19 - - [15/Sep/2026:12:06:59 +0200] "GET /?author=1 HTTP/1.1" 301 - "-" "Mozilla/5.0 (X11; Linux x86_64) AppleWebKit/537.36 (KHTML, like Gecko) Chrome/120.0.0.0 Safari/537.36"
91.224.92.19 - - [15/Sep/2026:12:06:59 +0200] "GET /author/yun/ HTTP/1.1" 200 69091 "-" "Mozilla/5.0 (X11; Linux x86_64) AppleWebKit/537.36 (KHTML, like Gecko) Chrome/120.0.0.0 Safari/537.36"
45.130.83.110 - - [15/Sep/2026:12:06:59 +0200] "GET /wp-login.php?redirect_to=https%3A%2F%2Fwww.jeuxdecasino69.com%2Fwp-admin%2Findex.php&reauth=1 HTTP/1.1" 200 6492 "https://www.jeuxdecasino69.com/wp-login.php" "Mozilla/5.0 (X11; Linux x86_64) AppleWebKit/537.36 (KHTML, like Gecko) Chrome/91.0.4472.124 Safari/537.36"
45.130.83.110 - - [15/Sep/2026:12:07:00 +0200] "GET /wp-admin/index.php HTTP/1.1" 302 - "https://www.jeuxdecasino69.com/wp-login.php" "Mozilla/5.0 (X11; Linux x86_64) AppleWebKit/537.36 (KHTML, like Gecko) Chrome/91.0.4472.124 Safari/537.36"
91.224.92.19 - - [15/Sep/2026:12:07:00 +0200] "GET /?author=2 HTTP/1.1" 301 - "-" "Mozilla/5.0 (Macintosh; Intel Mac OS X 10_15_7) AppleWebKit/537.36 (KHTML, like Gecko) Chrome/120.0.0.0 Safari/537.36"
45.130.83.110 - - [15/Sep/2026:12:07:00 +0200] "GET /wp-login.php?redirect_to=https%3A%2F%2Fwww.jeuxdecasino69.com%2Fwp-admin%2Findex.php&reauth=1 HTTP/1.1" 200 6492 "https://www.jeuxdecasino69.com/wp-login.php" "Mozilla/5.0 (X11; Linux x86_64) AppleWebKit/537.36 (KHTML, like Gecko) Chrome/91.0.4472.124 Safari/537.36"
91.224.92.19 - - [15/Sep/2026:12:07:00 +0200] "GET /?author=2 HTTP/1.1" 200 65184 "-" "Mozilla/5.0 (Macintosh; Intel Mac OS X 10_15_7) AppleWebKit/537.36 (KHTML, like Gecko) Chrome/120.0.0.0 Safari/537.36"
45.130.83.110 - - [15/Sep/2026:12:07:01 +0200] "POST /wp-login.php HTTP/1.1" 200 6744 "https://www.jeuxdecasino69.com/wp-login.php" "Mozilla/5.0 (X11; Linux x86_64) AppleWebKit/537.36 (KHTML, like Gecko) Chrome/91.0.4472.124 Safari/537.36"
91.224.92.19 - - [15/Sep/2026:12:07:00 +0200] "GET /?author=3 HTTP/1.1" 301 - "-" "Mozilla/5.0 (Windows NT 11.0; Win64; x64) AppleWebKit/537.36 (KHTML, like Gecko) Chrome/121.0.0.0 Safari/537.36"
91.224.92.19 - - [15/Sep/2026:12:07:01 +0200] "GET /?author=3 HTTP/1.1" 200 65146 "-" "Mozilla/5.0 (Windows NT 11.0; Win64; x64) AppleWebKit/537.36 (KHTML, like Gecko) Chrome/121.0.0.0 Safari/537.36"
45.130.83.110 - - [15/Sep/2026:12:07:01 +0200] "GET /wp-admin/index.php HTTP/1.1" 302 - "https://www.jeuxdecasino69.com/wp-login.php" "Mozilla/5.0 (Macintosh; Intel Mac OS X 10_15_7) AppleWebKit/605.1.15 (KHTML, like Gecko) Version/14.1.2 Safari/605.1.15"
91.224.92.19 - - [15/Sep/2026:12:07:01 +0200] "GET /?author=4 HTTP/1.1" 301 - "-" "Mozilla/5.0 (X11; Linux x86_64) AppleWebKit/537.36 (KHTML, like Gecko) Chrome/120.0.0.0 Safari/537.36"
45.130.83.110 - - [15/Sep/2026:12:07:01 +0200] "GET /wp-login.php?redirect_to=https%3A%2F%2Fwww.jeuxdecasino69.com%2Fwp-admin%2Findex.php&reauth=1 HTTP/1.1" 200 6492 "https://www.jeuxdecasino69.com/wp-login.php" "Mozilla/5.0 (Macintosh; Intel Mac OS X 10_15_7) AppleWebKit/605.1.15 (KHTML, like Gecko) Version/14.1.2 Safari/605.1.15"
45.130.83.110 - - [15/Sep/2026:12:07:02 +0200] "GET /wp-admin/index.php HTTP/1.1" 302 - "https://www.jeuxdecasino69.com/wp-login.php" "Mozilla/5.0 (Macintosh; Intel Mac OS X 10_15_7) AppleWebKit/605.1.15 (KHTML, like Gecko) Version/14.1.2 Safari/605.1.15"
91.224.92.19 - - [15/Sep/2026:12:07:02 +0200] "GET /?author=4 HTTP/1.1" 200 65146 "-" "Mozilla/5.0 (X11; Linux x86_64) AppleWebKit/537.36 (KHTML, like Gecko) Chrome/120.0.0.0 Safari/537.36"
45.130.83.110 - - [15/Sep/2026:12:07:02 +0200] "GET /wp-login.php?redirect_to=https%3A%2F%2Fwww.jeuxdecasino69.com%2Fwp-admin%2Findex.php&reauth=1 HTTP/1.1" 200 6492 "https://www.jeuxdecasino69.com/wp-login.php" "Mozilla/5.0 (Macintosh; Intel Mac OS X 10_15_7) AppleWebKit/605.1.15 (KHTML, like Gecko) Version/14.1.2 Safari/605.1.15"
91.224.92.19 - - [15/Sep/2026:12:07:02 +0200] "GET /?author=5 HTTP/1.1" 301 - "-" "Mozilla/5.0 (X11; Linux x86_64) AppleWebKit/537.36 (KHTML, like Gecko) Chrome/120.0.0.0 Safari/537.36"
91.224.92.19 - - [15/Sep/2026:12:07:02 +0200] "GET /?author=5 HTTP/1.1" 200 65146 "-" "Mozilla/5.0 (X11; Linux x86_64) AppleWebKit/537.36 (KHTML, like Gecko) Chrome/120.0.0.0 Safari/537.36"
45.130.83.110 - - [15/Sep/2026:12:07:03 +0200] "GET /wp-admin/index.php HTTP/1.1" 302 - "https://www.jeuxdecasino69.com/wp-login.php" "Mozilla/5.0 (Windows NT 6.1; Win64; x64; rv:90.0) Gecko/20100101 Firefox/90.0.1"
91.224.92.19 - - [15/Sep/2026:12:07:03 +0200] "GET /?author=6 HTTP/1.1" 301 - "-" "Mozilla/5.0 (Windows NT 10.0; Win64; x64) AppleWebKit/537.36 (KHTML, like Gecko) Chrome/120.0.0.0 Safari/537.36"
45.130.83.110 - - [15/Sep/2026:12:07:03 +0200] "GET /wp-login.php?redirect_to=https%3A%2F%2Fwww.jeuxdecasino69.com%2Fwp-admin%2Findex.php&reauth=1 HTTP/1.1" 200 6492 "https://www.jeuxdecasino69.com/wp-login.php" "Mozilla/5.0 (Windows NT 6.1; Win64; x64; rv:90.0) Gecko/20100101 Firefox/90.0.1"
45.130.83.110 - - [15/Sep/2026:12:07:03 +0200] "GET /wp-admin/index.php HTTP/1.1" 302 - "https://www.jeuxdecasino69.com/wp-login.php" "Mozilla/5.0 (Windows NT 6.1; Win64; x64; rv:90.0) Gecko/20100101 Firefox/90.0.1"
91.224.92.19 - - [15/Sep/2026:12:07:03 +0200] "GET /?author=6 HTTP/1.1" 200 65146 "-" "Mozilla/5.0 (Windows NT 10.0; Win64; x64) AppleWebKit/537.36 (KHTML, like Gecko) Chrome/120.0.0.0 Safari/537.36"
45.130.83.110 - - [15/Sep/2026:12:07:04 +0200] "GET /wp-login.php?redirect_to=https%3A%2F%2Fwww.jeuxdecasino69.com%2Fwp-admin%2Findex.php&reauth=1 HTTP/1.1" 200 6492 "https://www.jeuxdecasino69.com/wp-login.php" "Mozilla/5.0 (Windows NT 6.1; Win64; x64; rv:90.0) Gecko/20100101 Firefox/90.0.1"
91.224.92.19 - - [15/Sep/2026:12:07:04 +0200] "GET /?author=7 HTTP/1.1" 301 - "-" "Mozilla/5.0 (Macintosh; Intel Mac OS X 10_15_7) AppleWebKit/537.36 (KHTML, like Gecko) Chrome/120.0.0.0 Safari/537.36"
91.224.92.19 - - [15/Sep/2026:12:07:04 +0200] "GET /?author=7 HTTP/1.1" 200 65146 "-" "Mozilla/5.0 (Macintosh; Intel Mac OS X 10_15_7) AppleWebKit/537.36 (KHTML, like Gecko) Chrome/120.0.0.0 Safari/537.36"
45.130.83.110 - - [15/Sep/2026:12:07:04 +0200] "GET /wp-admin/index.php HTTP/1.1" 302 - "https://www.jeuxdecasino69.com/wp-login.php" "Mozilla/5.0 (Windows NT 6.1; Win64; x64) AppleWebKit/537.36 (KHTML, like Gecko) Chrome/92.0.4515.131 Safari/537.36"
91.224.92.19 - - [15/Sep/2026:12:07:04 +0200] "GET /?author=8 HTTP/1.1" 301 - "-" "Mozilla/5.0 (Windows NT 10.0; Win64; x64; rv:121.0) Gecko/20100101 Firefox/121.0"
45.130.83.110 - - [15/Sep/2026:12:07:05 +0200] "GET /wp-login.php?redirect_to=https%3A%2F%2Fwww.jeuxdecasino69.com%2Fwp-admin%2Findex.php&reauth=1 HTTP/1.1" 200 6492 "https://www.jeuxdecasino69.com/wp-login.php" "Mozilla/5.0 (Windows NT 6.1; Win64; x64) AppleWebKit/537.36 (KHTML, like Gecko) Chrome/92.0.4515.131 Safari/537.36"
91.224.92.19 - - [15/Sep/2026:12:07:05 +0200] "GET /?author=8 HTTP/1.1" 200 65146 "-" "Mozilla/5.0 (Windows NT 10.0; Win64; x64; rv:121.0) Gecko/20100101 Firefox/121.0"
45.130.83.110 - - [15/Sep/2026:12:07:05 +0200] "GET /wp-admin/index.php HTTP/1.1" 302 - "https://www.jeuxdecasino69.com/wp-login.php" "Mozilla/5.0 (Windows NT 6.1; Win64; x64) AppleWebKit/537.36 (KHTML, like Gecko) Chrome/92.0.4515.131 Safari/537.36"
45.130.83.110 - - [15/Sep/2026:12:07:05 +0200] "GET /wp-login.php?redirect_to=https%3A%2F%2Fwww.jeuxdecasino69.com%2Fwp-admin%2Findex.php&reauth=1 HTTP/1.1" 200 6492 "https://www.jeuxdecasino69.com/wp-login.php" "Mozilla/5.0 (Windows NT 6.1; Win64; x64) AppleWebKit/537.36 (KHTML, like Gecko) Chrome/92.0.4515.131 Safari/537.36"
91.224.92.19 - - [15/Sep/2026:12:07:05 +0200] "GET /?author=9 HTTP/1.1" 301 - "-" "Mozilla/5.0 (Windows NT 10.0; Win64; x64; rv:121.0) Gecko/20100101 Firefox/121.0"
91.224.92.19 - - [15/Sep/2026:12:07:05 +0200] "GET /?author=9 HTTP/1.1" 200 65146 "-" "Mozilla/5.0 (Windows NT 10.0; Win64; x64; rv:121.0) Gecko/20100101 Firefox/121.0"
45.130.83.110 - - [15/Sep/2026:12:07:06 +0200] "GET /wp-admin/index.php HTTP/1.1" 302 - "https://www.jeuxdecasino69.com/wp-login.php" "Mozilla/5.0 (Windows NT 10.0; Win64; x64) AppleWebKit/537.36 (KHTML, like Gecko) Chrome/93.0.4577.63 Safari/537.36"
91.224.92.19 - - [15/Sep/2026:12:07:06 +0200] "GET /?rest_route=/wp/v2/users&per_page=30&orderby=id&order=asc HTTP/1.1" 200 758 "-" "Mozilla/5.0 (Macintosh; Intel Mac OS X 10_15_7) AppleWebKit/537.36 (KHTML, like Gecko) Chrome/120.0.0.0 Safari/537.36"
45.130.83.110 - - [15/Sep/2026:12:07:06 +0200] "GET /wp-login.php?redirect_to=https%3A%2F%2Fwww.jeuxdecasino69.com%2Fwp-admin%2Findex.php&reauth=1 HTTP/1.1" 200 6492 "https://www.jeuxdecasino69.com/wp-login.php" "Mozilla/5.0 (Windows NT 10.0; Win64; x64) AppleWebKit/537.36 (KHTML, like Gecko) Chrome/93.0.4577.63 Safari/537.36"
91.224.92.19 - - [15/Sep/2026:12:07:06 +0200] "GET /?feed=feed HTTP/1.1" 301 - "-" "Mozilla/5.0 (Windows NT 11.0; Win64; x64) AppleWebKit/537.36 (KHTML, like Gecko) Chrome/121.0.0.0 Safari/537.36"
45.130.83.110 - - [15/Sep/2026:12:07:06 +0200] "GET /wp-admin/index.php HTTP/1.1" 302 - "https://www.jeuxdecasino69.com/wp-login.php" "Mozilla/5.0 (Windows NT 10.0; Win64; x64) AppleWebKit/537.36 (KHTML, like Gecko) Chrome/93.0.4577.63 Safari/537.36"
45.130.83.110 - - [15/Sep/2026:12:07:07 +0200] "GET /wp-login.php?redirect_to=https%3A%2F%2Fwww.jeuxdecasino69.com%2Fwp-admin%2Findex.php&reauth=1 HTTP/1.1" 200 6492 "https://www.jeuxdecasino69.com/wp-login.php" "Mozilla/5.0 (Windows NT 10.0; Win64; x64) AppleWebKit/537.36 (KHTML, like Gecko) Chrome/93.0.4577.63 Safari/537.36"
91.224.92.19 - - [15/Sep/2026:12:07:07 +0200] "GET /feed/ HTTP/1.1" 200 1719 "-" "Mozilla/5.0 (Windows NT 11.0; Win64; x64) AppleWebKit/537.36 (KHTML, like Gecko) Chrome/121.0.0.0 Safari/537.36"
91.224.92.19 - - [15/Sep/2026:12:07:07 +0200] "GET /?feed=rss HTTP/1.1" 301 - "-" "Mozilla/5.0 (Windows NT 10.0; Win64; x64; rv:121.0) Gecko/20100101 Firefox/121.0"
45.130.83.110 - - [15/Sep/2026:12:07:07 +0200] "GET /wp-admin/index.php HTTP/1.1" 302 - "https://www.jeuxdecasino69.com/wp-login.php" "Mozilla/5.0 (Macintosh; Intel Mac OS X 10_15_7) AppleWebKit/605.1.15 (KHTML, like Gecko) Version/15.0 Safari/605.1.15"
91.224.92.19 - - [15/Sep/2026:12:07:07 +0200] "GET /feed/ HTTP/1.1" 200 1719 "-" "Mozilla/5.0 (Windows NT 10.0; Win64; x64; rv:121.0) Gecko/20100101 Firefox/121.0"
45.130.83.110 - - [15/Sep/2026:12:07:08 +0200] "GET /wp-login.php?redirect_to=https%3A%2F%2Fwww.jeuxdecasino69.com%2Fwp-admin%2Findex.php&reauth=1 HTTP/1.1" 200 6492 "https://www.jeuxdecasino69.com/wp-login.php" "Mozilla/5.0 (Macintosh; Intel Mac OS X 10_15_7) AppleWebKit/605.1.15 (KHTML, like Gecko) Version/15.0 Safari/605.1.15"
91.224.92.19 - - [15/Sep/2026:12:07:08 +0200] "GET /?feed=rss2 HTTP/1.1" 301 - "-" "Mozilla/5.0 (Windows NT 10.0; Win64; x64) AppleWebKit/537.36 (KHTML, like Gecko) Chrome/120.0.0.0 Safari/537.36"
45.130.83.110 - - [15/Sep/2026:12:07:08 +0200] "GET /wp-admin/index.php HTTP/1.1" 302 - "https://www.jeuxdecasino69.com/wp-login.php" "Mozilla/5.0 (Macintosh; Intel Mac OS X 10_15_7) AppleWebKit/605.1.15 (KHTML, like Gecko) Version/15.0 Safari/605.1.15"
45.130.83.110 - - [15/Sep/2026:12:07:08 +0200] "GET /wp-login.php?redirect_to=https%3A%2F%2Fwww.jeuxdecasino69.com%2Fwp-admin%2Findex.php&reauth=1 HTTP/1.1" 200 6492 "https://www.jeuxdecasino69.com/wp-login.php" "Mozilla/5.0 (Macintosh; Intel Mac OS X 10_15_7) AppleWebKit/605.1.15 (KHTML, like Gecko) Version/15.0 Safari/605.1.15"
91.224.92.19 - - [15/Sep/2026:12:07:08 +0200] "GET /feed/ HTTP/1.1" 200 1719 "-" "Mozilla/5.0 (Windows NT 10.0; Win64; x64) AppleWebKit/537.36 (KHTML, like Gecko) Chrome/120.0.0.0 Safari/537.36"
91.224.92.19 - - [15/Sep/2026:12:07:08 +0200] "GET /?feed=atom HTTP/1.1" 301 - "-" "Mozilla/5.0 (Windows NT 10.0; Win64; x64; rv:121.0) Gecko/20100101 Firefox/121.0"
45.130.83.110 - - [15/Sep/2026:12:07:09 +0200] "GET /wp-admin/index.php HTTP/1.1" 302 - "https://www.jeuxdecasino69.com/wp-login.php" "Mozilla/5.0 (Macintosh; Intel Mac OS X 10_15_7) AppleWebKit/537.36 (KHTML, like Gecko) Chrome/94.0.4606.71 Safari/537.36"
91.224.92.19 - - [15/Sep/2026:12:07:09 +0200] "GET /feed/atom/ HTTP/1.1" 200 1747 "-" "Mozilla/5.0 (Windows NT 10.0; Win64; x64; rv:121.0) Gecko/20100101 Firefox/121.0"
45.130.83.110 - - [15/Sep/2026:12:07:09 +0200] "GET /wp-login.php?redirect_to=https%3A%2F%2Fwww.jeuxdecasino69.com%2Fwp-admin%2Findex.php&reauth=1 HTTP/1.1" 200 6492 "https://www.jeuxdecasino69.com/wp-login.php" "Mozilla/5.0 (Macintosh; Intel Mac OS X 10_15_7) AppleWebKit/537.36 (KHTML, like Gecko) Chrome/94.0.4606.71 Safari/537.36"
45.130.83.110 - - [15/Sep/2026:12:07:10 +0200] "GET /wp-admin/index.php HTTP/1.1" 302 - "https://www.jeuxdecasino69.com/wp-login.php" "Mozilla/5.0 (Macintosh; Intel Mac OS X 10_15_7) AppleWebKit/537.36 (KHTML, like Gecko) Chrome/94.0.4606.71 Safari/537.36"
45.130.83.110 - - [15/Sep/2026:12:07:10 +0200] "GET /wp-login.php?redirect_to=https%3A%2F%2Fwww.jeuxdecasino69.com%2Fwp-admin%2Findex.php&reauth=1 HTTP/1.1" 200 6492 "https://www.jeuxdecasino69.com/wp-login.php" "Mozilla/5.0 (Macintosh; Intel Mac OS X 10_15_7) AppleWebKit/537.36 (KHTML, like Gecko) Chrome/94.0.4606.71 Safari/537.36"
45.130.83.110 - - [15/Sep/2026:12:07:11 +0200] "GET /wp-admin/index.php HTTP/1.1" 302 - "https://www.jeuxdecasino69.com/wp-login.php" "Mozilla/5.0 (Windows NT 10.0; Win64; x64) AppleWebKit/605.1.15 (KHTML, like Gecko) Version/15.0 Safari/605.1.15"
45.130.83.110 - - [15/Sep/2026:12:07:11 +0200] "GET /wp-login.php?redirect_to=https%3A%2F%2Fwww.jeuxdecasino69.com%2Fwp-admin%2Findex.php&reauth=1 HTTP/1.1" 200 6492 "https://www.jeuxdecasino69.com/wp-login.php" "Mozilla/5.0 (Windows NT 10.0; Win64; x64) AppleWebKit/605.1.15 (KHTML, like Gecko) Version/15.0 Safari/605.1.15"
45.130.83.110 - - [15/Sep/2026:12:07:11 +0200] "GET /wp-admin/index.php HTTP/1.1" 302 - "https://www.jeuxdecasino69.com/wp-login.php" "Mozilla/5.0 (Windows NT 10.0; Win64; x64) AppleWebKit/605.1.15 (KHTML, like Gecko) Version/15.0 Safari/605.1.15"
45.130.83.110 - - [15/Sep/2026:12:07:12 +0200] "GET /wp-login.php?redirect_to=https%3A%2F%2Fwww.jeuxdecasino69.com%2Fwp-admin%2Findex.php&reauth=1 HTTP/1.1" 200 6492 "https://www.jeuxdecasino69.com/wp-login.php" "Mozilla/5.0 (Windows NT 10.0; Win64; x64) AppleWebKit/605.1.15 (KHTML, like Gecko) Version/15.0 Safari/605.1.15"
45.130.83.110 - - [15/Sep/2026:12:07:12 +0200] "GET /wp-admin/index.php HTTP/1.1" 302 - "https://www.jeuxdecasino69.com/wp-login.php" "Mozilla/5.0 (Windows NT 6.1; Win64; x64) AppleWebKit/537.36 (KHTML, like Gecko) Chrome/92.0.4515.131 Safari/537.36"
45.130.83.110 - - [15/Sep/2026:12:07:13 +0200] "GET /wp-login.php?redirect_to=https%3A%2F%2Fwww.jeuxdecasino69.com%2Fwp-admin%2Findex.php&reauth=1 HTTP/1.1" 200 6492 "https://www.jeuxdecasino69.com/wp-login.php" "Mozilla/5.0 (Windows NT 6.1; Win64; x64) AppleWebKit/537.36 (KHTML, like Gecko) Chrome/92.0.4515.131 Safari/537.36"
45.130.83.110 - - [15/Sep/2026:12:07:13 +0200] "GET /wp-admin/index.php HTTP/1.1" 302 - "https://www.jeuxdecasino69.com/wp-login.php" "Mozilla/5.0 (Windows NT 6.1; Win64; x64) AppleWebKit/537.36 (KHTML, like Gecko) Chrome/92.0.4515.131 Safari/537.36"
45.130.83.110 - - [15/Sep/2026:12:07:13 +0200] "GET /wp-login.php?redirect_to=https%3A%2F%2Fwww.jeuxdecasino69.com%2Fwp-admin%2Findex.php&reauth=1 HTTP/1.1" 200 6492 "https://www.jeuxdecasino69.com/wp-login.php" "Mozilla/5.0 (Windows NT 6.1; Win64; x64) AppleWebKit/537.36 (KHTML, like Gecko) Chrome/92.0.4515.131 Safari/537.36"
45.130.83.110 - - [15/Sep/2026:12:07:14 +0200] "GET /wp-admin/index.php HTTP/1.1" 302 - "https://www.jeuxdecasino69.com/wp-login.php" "Mozilla/5.0 (Windows NT 10.0; Win64; x64) AppleWebKit/537.36 (KHTML, like Gecko) Chrome/90.0.4430.212 Safari/537.36"
45.130.83.110 - - [15/Sep/2026:12:07:14 +0200] "GET /wp-login.php?redirect_to=https%3A%2F%2Fwww.jeuxdecasino69.com%2Fwp-admin%2Findex.php&reauth=1 HTTP/1.1" 200 6492 "https://www.jeuxdecasino69.com/wp-login.php" "Mozilla/5.0 (Windows NT 10.0; Win64; x64) AppleWebKit/537.36 (KHTML, like Gecko) Chrome/90.0.4430.212 Safari/537.36"
45.130.83.110 - - [15/Sep/2026:12:07:15 +0200] "GET /wp-admin/index.php HTTP/1.1" 302 - "https://www.jeuxdecasino69.com/wp-login.php" "Mozilla/5.0 (Windows NT 10.0; Win64; x64) AppleWebKit/537.36 (KHTML, like Gecko) Chrome/90.0.4430.212 Safari/537.36"
45.130.83.110 - - [15/Sep/2026:12:07:15 +0200] "GET /wp-login.php?redirect_to=https%3A%2F%2Fwww.jeuxdecasino69.com%2Fwp-admin%2Findex.php&reauth=1 HTTP/1.1" 200 6492 "https://www.jeuxdecasino69.com/wp-login.php" "Mozilla/5.0 (Windows NT 10.0; Win64; x64) AppleWebKit/537.36 (KHTML, like Gecko) Chrome/90.0.4430.212 Safari/537.36"
45.130.83.110 - - [15/Sep/2026:12:07:16 +0200] "GET /wp-admin/index.php HTTP/1.1" 302 - "https://www.jeuxdecasino69.com/wp-login.php" "Mozilla/5.0 (Macintosh; Intel Mac OS X 10_15_7) AppleWebKit/537.36 (KHTML, like Gecko) Chrome/93.0.4577.63 Safari/537.36"
45.130.83.110 - - [15/Sep/2026:12:07:16 +0200] "GET /wp-login.php?redirect_to=https%3A%2F%2Fwww.jeuxdecasino69.com%2Fwp-admin%2Findex.php&reauth=1 HTTP/1.1" 200 6492 "https://www.jeuxdecasino69.com/wp-login.php" "Mozilla/5.0 (Macintosh; Intel Mac OS X 10_15_7) AppleWebKit/537.36 (KHTML, like Gecko) Chrome/93.0.4577.63 Safari/537.36"
45.130.83.110 - - [15/Sep/2026:12:07:16 +0200] "GET /wp-admin/index.php HTTP/1.1" 302 - "https://www.jeuxdecasino69.com/wp-login.php" "Mozilla/5.0 (Macintosh; Intel Mac OS X 10_15_7) AppleWebKit/537.36 (KHTML, like Gecko) Chrome/93.0.4577.63 Safari/537.36"
45.130.83.110 - - [15/Sep/2026:12:07:17 +0200] "GET /wp-login.php?redirect_to=https%3A%2F%2Fwww.jeuxdecasino69.com%2Fwp-admin%2Findex.php&reauth=1 HTTP/1.1" 200 6492 "https://www.jeuxdecasino69.com/wp-login.php" "Mozilla/5.0 (Macintosh; Intel Mac OS X 10_15_7) AppleWebKit/537.36 (KHTML, like Gecko) Chrome/93.0.4577.63 Safari/537.36"
45.130.83.110 - - [15/Sep/2026:12:07:17 +0200] "GET /wp-admin/index.php HTTP/1.1" 302 - "https://www.jeuxdecasino69.com/wp-login.php" "Mozilla/5.0 (X11; Linux x86_64) AppleWebKit/537.36 (KHTML, like Gecko) Chrome/94.0.4606.71 Safari/537.36"
45.130.83.110 - - [15/Sep/2026:12:07:18 +0200] "GET /wp-login.php?redirect_to=https%3A%2F%2Fwww.jeuxdecasino69.com%2Fwp-admin%2Findex.php&reauth=1 HTTP/1.1" 200 6492 "https://www.jeuxdecasino69.com/wp-login.php" "Mozilla/5.0 (X11; Linux x86_64) AppleWebKit/537.36 (KHTML, like Gecko) Chrome/94.0.4606.71 Safari/537.36"
45.130.83.110 - - [15/Sep/2026:12:07:18 +0200] "GET /wp-admin/index.php HTTP/1.1" 302 - "https://www.jeuxdecasino69.com/wp-login.php" "Mozilla/5.0 (X11; Linux x86_64) AppleWebKit/537.36 (KHTML, like Gecko) Chrome/94.0.4606.71 Safari/537.36"
45.130.83.110 - - [15/Sep/2026:12:07:18 +0200] "GET /wp-login.php?redirect_to=https%3A%2F%2Fwww.jeuxdecasino69.com%2Fwp-admin%2Findex.php&reauth=1 HTTP/1.1" 200 6492 "https://www.jeuxdecasino69.com/wp-login.php" "Mozilla/5.0 (X11; Linux x86_64) AppleWebKit/537.36 (KHTML, like Gecko) Chrome/94.0.4606.71 Safari/537.36"
45.130.83.110 - - [15/Sep/2026:12:07:19 +0200] "GET /wp-admin/index.php HTTP/1.1" 302 - "https://www.jeuxdecasino69.com/wp-login.php" "Mozilla/5.0 (Windows NT 10.0; Win64; x64) AppleWebKit/537.36 (KHTML, like Gecko) Chrome/92.0.4515.131 Safari/537.36"
45.130.83.110 - - [15/Sep/2026:12:07:19 +0200] "GET /wp-login.php?redirect_to=https%3A%2F%2Fwww.jeuxdecasino69.com%2Fwp-admin%2Findex.php&reauth=1 HTTP/1.1" 200 6492 "https://www.jeuxdecasino69.com/wp-login.php" "Mozilla/5.0 (Windows NT 10.0; Win64; x64) AppleWebKit/537.36 (KHTML, like Gecko) Chrome/92.0.4515.131 Safari/537.36"
45.130.83.110 - - [15/Sep/2026:12:07:19 +0200] "GET /wp-admin/index.php HTTP/1.1" 302 - "https://www.jeuxdecasino69.com/wp-login.php" "Mozilla/5.0 (Windows NT 10.0; Win64; x64) AppleWebKit/537.36 (KHTML, like Gecko) Chrome/92.0.4515.131 Safari/537.36"
45.130.83.110 - - [15/Sep/2026:12:07:20 +0200] "GET /wp-login.php?redirect_to=https%3A%2F%2Fwww.jeuxdecasino69.com%2Fwp-admin%2Findex.php&reauth=1 HTTP/1.1" 200 6492 "https://www.jeuxdecasino69.com/wp-login.php" "Mozilla/5.0 (Windows NT 10.0; Win64; x64) AppleWebKit/537.36 (KHTML, like Gecko) Chrome/92.0.4515.131 Safari/537.36"
45.130.83.110 - - [15/Sep/2026:12:07:20 +0200] "GET /wp-admin/index.php HTTP/1.1" 302 - "https://www.jeuxdecasino69.com/wp-login.php" "Mozilla/5.0 (Windows NT 10.0; Win64; x64) AppleWebKit/605.1.15 (KHTML, like Gecko) Version/14.1 Safari/605.1.15"
45.130.83.110 - - [15/Sep/2026:12:07:21 +0200] "GET /wp-login.php?redirect_to=https%3A%2F%2Fwww.jeuxdecasino69.com%2Fwp-admin%2Findex.php&reauth=1 HTTP/1.1" 200 6492 "https://www.jeuxdecasino69.com/wp-login.php" "Mozilla/5.0 (Windows NT 10.0; Win64; x64) AppleWebKit/605.1.15 (KHTML, like Gecko) Version/14.1 Safari/605.1.15"
45.130.83.110 - - [15/Sep/2026:12:07:21 +0200] "GET /wp-admin/index.php HTTP/1.1" 302 - "https://www.jeuxdecasino69.com/wp-login.php" "Mozilla/5.0 (Windows NT 10.0; Win64; x64) AppleWebKit/605.1.15 (KHTML, like Gecko) Version/14.1 Safari/605.1.15"
45.130.83.110 - - [15/Sep/2026:12:07:21 +0200] "GET /wp-login.php?redirect_to=https%3A%2F%2Fwww.jeuxdecasino69.com%2Fwp-admin%2Findex.php&reauth=1 HTTP/1.1" 200 6492 "https://www.jeuxdecasino69.com/wp-login.php" "Mozilla/5.0 (Windows NT 10.0; Win64; x64) AppleWebKit/605.1.15 (KHTML, like Gecko) Version/14.1 Safari/605.1.15"
45.130.83.110 - - [15/Sep/2026:12:07:22 +0200] "GET /wp-admin/index.php HTTP/1.1" 302 - "https://www.jeuxdecasino69.com/wp-login.php" "Mozilla/5.0 (Windows NT 6.1; Win64; x64) AppleWebKit/537.36 (KHTML, like Gecko) Chrome/91.0.4472.124 Safari/537.36"
45.130.83.110 - - [15/Sep/2026:12:07:22 +0200] "GET /wp-login.php?redirect_to=https%3A%2F%2Fwww.jeuxdecasino69.com%2Fwp-admin%2Findex.php&reauth=1 HTTP/1.1" 200 6492 "https://www.jeuxdecasino69.com/wp-login.php" "Mozilla/5.0 (Windows NT 6.1; Win64; x64) AppleWebKit/537.36 (KHTML, like Gecko) Chrome/91.0.4472.124 Safari/537.36"
45.130.83.110 - - [15/Sep/2026:12:07:23 +0200] "GET /wp-admin/index.php HTTP/1.1" 302 - "https://www.jeuxdecasino69.com/wp-login.php" "Mozilla/5.0 (Windows NT 6.1; Win64; x64) AppleWebKit/537.36 (KHTML, like Gecko) Chrome/91.0.4472.124 Safari/537.36"
45.130.83.110 - - [15/Sep/2026:12:07:23 +0200] "GET /wp-login.php?redirect_to=https%3A%2F%2Fwww.jeuxdecasino69.com%2Fwp-admin%2Findex.php&reauth=1 HTTP/1.1" 200 6492 "https://www.jeuxdecasino69.com/wp-login.php" "Mozilla/5.0 (Windows NT 6.1; Win64; x64) AppleWebKit/537.36 (KHTML, like Gecko) Chrome/91.0.4472.124 Safari/537.36"
45.130.83.110 - - [15/Sep/2026:12:07:24 +0200] "GET /wp-admin/index.php HTTP/1.1" 302 - "https://www.jeuxdecasino69.com/wp-login.php" "Mozilla/5.0 (Macintosh; Intel Mac OS X 10_15_7) AppleWebKit/605.1.15 (KHTML, like Gecko) Version/14.0.3 Safari/605.1.15"
45.130.83.110 - - [15/Sep/2026:12:07:24 +0200] "GET /wp-login.php?redirect_to=https%3A%2F%2Fwww.jeuxdecasino69.com%2Fwp-admin%2Findex.php&reauth=1 HTTP/1.1" 200 6492 "https://www.jeuxdecasino69.com/wp-login.php" "Mozilla/5.0 (Macintosh; Intel Mac OS X 10_15_7) AppleWebKit/605.1.15 (KHTML, like Gecko) Version/14.0.3 Safari/605.1.15"
45.130.83.110 - - [15/Sep/2026:12:07:24 +0200] "GET /wp-admin/index.php HTTP/1.1" 302 - "https://www.jeuxdecasino69.com/wp-login.php" "Mozilla/5.0 (Macintosh; Intel Mac OS X 10_15_7) AppleWebKit/605.1.15 (KHTML, like Gecko) Version/14.0.3 Safari/605.1.15"
45.130.83.110 - - [15/Sep/2026:12:07:24 +0200] "GET /wp-login.php?redirect_to=https%3A%2F%2Fwww.jeuxdecasino69.com%2Fwp-admin%2Findex.php&reauth=1 HTTP/1.1" 200 6492 "https://www.jeuxdecasino69.com/wp-login.php" "Mozilla/5.0 (Macintosh; Intel Mac OS X 10_15_7) AppleWebKit/605.1.15 (KHTML, like Gecko) Version/14.0.3 Safari/605.1.15"
45.130.83.110 - - [15/Sep/2026:12:07:25 +0200] "GET /wp-admin/index.php HTTP/1.1" 302 - "https://www.jeuxdecasino69.com/wp-login.php" "Mozilla/5.0 (Macintosh; Intel Mac OS X 10_15_7) AppleWebKit/605.1.15 (KHTML, like Gecko) Version/14.0.3 Safari/605.1.15"
45.130.83.110 - - [15/Sep/2026:12:07:25 +0200] "GET /wp-login.php?redirect_to=https%3A%2F%2Fwww.jeuxdecasino69.com%2Fwp-admin%2Findex.php&reauth=1 HTTP/1.1" 200 6492 "https://www.jeuxdecasino69.com/wp-login.php" "Mozilla/5.0 (Macintosh; Intel Mac OS X 10_15_7) AppleWebKit/605.1.15 (KHTML, like Gecko) Version/14.0.3 Safari/605.1.15"
45.130.83.110 - - [15/Sep/2026:12:07:26 +0200] "GET /wp-admin/index.php HTTP/1.1" 302 - "https://www.jeuxdecasino69.com/wp-login.php" "Mozilla/5.0 (Macintosh; Intel Mac OS X 10_15_7) AppleWebKit/605.1.15 (KHTML, like Gecko) Version/14.0.3 Safari/605.1.15"
45.130.83.110 - - [15/Sep/2026:12:07:26 +0200] "GET /wp-login.php?redirect_to=https%3A%2F%2Fwww.jeuxdecasino69.com%2Fwp-admin%2Findex.php&reauth=1 HTTP/1.1" 200 6492 "https://www.jeuxdecasino69.com/wp-login.php" "Mozilla/5.0 (Macintosh; Intel Mac OS X 10_15_7) AppleWebKit/605.1.15 (KHTML, like Gecko) Version/14.0.3 Safari/605.1.15"
45.130.83.110 - - [15/Sep/2026:12:07:27 +0200] "GET /wp-admin/index.php HTTP/1.1" 302 - "https://www.jeuxdecasino69.com/wp-login.php" "Mozilla/5.0 (Windows NT 10.0; Win64; x64) AppleWebKit/605.1.15 (KHTML, like Gecko) Version/14.1.2 Safari/605.1.15"
45.130.83.110 - - [15/Sep/2026:12:07:27 +0200] "GET /wp-login.php?redirect_to=https%3A%2F%2Fwww.jeuxdecasino69.com%2Fwp-admin%2Findex.php&reauth=1 HTTP/1.1" 200 6492 "https://www.jeuxdecasino69.com/wp-login.php" "Mozilla/5.0 (Windows NT 10.0; Win64; x64) AppleWebKit/605.1.15 (KHTML, like Gecko) Version/14.1.2 Safari/605.1.15"
45.130.83.110 - - [15/Sep/2026:12:07:27 +0200] "GET /wp-admin/index.php HTTP/1.1" 302 - "https://www.jeuxdecasino69.com/wp-login.php" "Mozilla/5.0 (Windows NT 10.0; Win64; x64) AppleWebKit/605.1.15 (KHTML, like Gecko) Version/14.1.2 Safari/605.1.15"
45.130.83.110 - - [15/Sep/2026:12:07:27 +0200] "GET /wp-login.php?redirect_to=https%3A%2F%2Fwww.jeuxdecasino69.com%2Fwp-admin%2Findex.php&reauth=1 HTTP/1.1" 200 6492 "https://www.jeuxdecasino69.com/wp-login.php" "Mozilla/5.0 (Windows NT 10.0; Win64; x64) AppleWebKit/605.1.15 (KHTML, like Gecko) Version/14.1.2 Safari/605.1.15"
45.130.83.110 - - [15/Sep/2026:12:07:28 +0200] "GET /wp-admin/index.php HTTP/1.1" 302 - "https://www.jeuxdecasino69.com/wp-login.php" "Mozilla/5.0 (Macintosh; Intel Mac OS X 10_15_7) AppleWebKit/605.1.15 (KHTML, like Gecko) Version/14.0.3 Safari/605.1.15"
45.130.83.110 - - [15/Sep/2026:12:07:28 +0200] "GET /wp-login.php?redirect_to=https%3A%2F%2Fwww.jeuxdecasino69.com%2Fwp-admin%2Findex.php&reauth=1 HTTP/1.1" 200 6492 "https://www.jeuxdecasino69.com/wp-login.php" "Mozilla/5.0 (Macintosh; Intel Mac OS X 10_15_7) AppleWebKit/605.1.15 (KHTML, like Gecko) Version/14.0.3 Safari/605.1.15"
45.130.83.110 - - [15/Sep/2026:12:07:29 +0200] "GET /wp-admin/index.php HTTP/1.1" 302 - "https://www.jeuxdecasino69.com/wp-login.php" "Mozilla/5.0 (Macintosh; Intel Mac OS X 10_15_7) AppleWebKit/605.1.15 (KHTML, like Gecko) Version/14.0.3 Safari/605.1.15"
45.130.83.110 - - [15/Sep/2026:12:07:29 +0200] "GET /wp-login.php?redirect_to=https%3A%2F%2Fwww.jeuxdecasino69.com%2Fwp-admin%2Findex.php&reauth=1 HTTP/1.1" 200 6492 "https://www.jeuxdecasino69.com/wp-login.php" "Mozilla/5.0 (Macintosh; Intel Mac OS X 10_15_7) AppleWebKit/605.1.15 (KHTML, like Gecko) Version/14.0.3 Safari/605.1.15"
45.130.83.110 - - [15/Sep/2026:12:07:30 +0200] "GET /wp-admin/index.php HTTP/1.1" 302 - "https://www.jeuxdecasino69.com/wp-login.php" "Mozilla/5.0 (Windows NT 6.1; Win64; x64) AppleWebKit/537.36 (KHTML, like Gecko) Chrome/91.0.4472.124 Safari/537.36"
45.130.83.110 - - [15/Sep/2026:12:07:30 +0200] "GET /wp-login.php?redirect_to=https%3A%2F%2Fwww.jeuxdecasino69.com%2Fwp-admin%2Findex.php&reauth=1 HTTP/1.1" 200 6492 "https://www.jeuxdecasino69.com/wp-login.php" "Mozilla/5.0 (Windows NT 6.1; Win64; x64) AppleWebKit/537.36 (KHTML, like Gecko) Chrome/91.0.4472.124 Safari/537.36"
45.130.83.110 - - [15/Sep/2026:12:07:31 +0200] "GET /wp-admin/index.php HTTP/1.1" 302 - "https://www.jeuxdecasino69.com/wp-login.php" "Mozilla/5.0 (Windows NT 6.1; Win64; x64) AppleWebKit/537.36 (KHTML, like Gecko) Chrome/91.0.4472.124 Safari/537.36"
45.130.83.110 - - [15/Sep/2026:12:07:31 +0200] "GET /wp-login.php?redirect_to=https%3A%2F%2Fwww.jeuxdecasino69.com%2Fwp-admin%2Findex.php&reauth=1 HTTP/1.1" 200 6492 "https://www.jeuxdecasino69.com/wp-login.php" "Mozilla/5.0 (Windows NT 6.1; Win64; x64) AppleWebKit/537.36 (KHTML, like Gecko) Chrome/91.0.4472.124 Safari/537.36"
45.130.83.110 - - [15/Sep/2026:12:07:32 +0200] "GET /wp-admin/index.php HTTP/1.1" 302 - "https://www.jeuxdecasino69.com/wp-login.php" "Mozilla/5.0 (Macintosh; Intel Mac OS X 10_15_7) AppleWebKit/605.1.15 (KHTML, like Gecko) Version/14.1 Safari/605.1.15"
45.130.83.110 - - [15/Sep/2026:12:07:32 +0200] "GET /wp-login.php?redirect_to=https%3A%2F%2Fwww.jeuxdecasino69.com%2Fwp-admin%2Findex.php&reauth=1 HTTP/1.1" 200 6492 "https://www.jeuxdecasino69.com/wp-login.php" "Mozilla/5.0 (Macintosh; Intel Mac OS X 10_15_7) AppleWebKit/605.1.15 (KHTML, like Gecko) Version/14.1 Safari/605.1.15"
45.130.83.110 - - [15/Sep/2026:12:07:32 +0200] "GET /wp-admin/index.php HTTP/1.1" 302 - "https://www.jeuxdecasino69.com/wp-login.php" "Mozilla/5.0 (Macintosh; Intel Mac OS X 10_15_7) AppleWebKit/605.1.15 (KHTML, like Gecko) Version/14.1 Safari/605.1.15"
45.130.83.110 - - [15/Sep/2026:12:07:32 +0200] "GET /wp-login.php?redirect_to=https%3A%2F%2Fwww.jeuxdecasino69.com%2Fwp-admin%2Findex.php&reauth=1 HTTP/1.1" 200 6492 "https://www.jeuxdecasino69.com/wp-login.php" "Mozilla/5.0 (Macintosh; Intel Mac OS X 10_15_7) AppleWebKit/605.1.15 (KHTML, like Gecko) Version/14.1 Safari/605.1.15"
45.130.83.110 - - [15/Sep/2026:12:07:33 +0200] "GET /wp-admin/index.php HTTP/1.1" 302 - "https://www.jeuxdecasino69.com/wp-login.php" "Mozilla/5.0 (Macintosh; Intel Mac OS X 10_15_7) AppleWebKit/605.1.15 (KHTML, like Gecko) Version/14.1.2 Safari/605.1.15"
45.130.83.110 - - [15/Sep/2026:12:07:33 +0200] "GET /wp-login.php?redirect_to=https%3A%2F%2Fwww.jeuxdecasino69.com%2Fwp-admin%2Findex.php&reauth=1 HTTP/1.1" 200 6492 "https://www.jeuxdecasino69.com/wp-login.php" "Mozilla/5.0 (Macintosh; Intel Mac OS X 10_15_7) AppleWebKit/605.1.15 (KHTML, like Gecko) Version/14.1.2 Safari/605.1.15"
45.130.83.110 - - [15/Sep/2026:12:07:34 +0200] "GET /wp-admin/index.php HTTP/1.1" 302 - "https://www.jeuxdecasino69.com/wp-login.php" "Mozilla/5.0 (Macintosh; Intel Mac OS X 10_15_7) AppleWebKit/605.1.15 (KHTML, like Gecko) Version/14.1.2 Safari/605.1.15"
45.130.83.110 - - [15/Sep/2026:12:07:34 +0200] "GET /wp-login.php?redirect_to=https%3A%2F%2Fwww.jeuxdecasino69.com%2Fwp-admin%2Findex.php&reauth=1 HTTP/1.1" 200 6492 "https://www.jeuxdecasino69.com/wp-login.php" "Mozilla/5.0 (Macintosh; Intel Mac OS X 10_15_7) AppleWebKit/605.1.15 (KHTML, like Gecko) Version/14.1.2 Safari/605.1.15"
45.130.83.110 - - [15/Sep/2026:12:07:35 +0200] "GET /wp-admin/index.php HTTP/1.1" 302 - "https://www.jeuxdecasino69.com/wp-login.php" "Mozilla/5.0 (Windows NT 10.0; Win64; x64) AppleWebKit/605.1.15 (KHTML, like Gecko) Version/14.1 Safari/605.1.15"
45.130.83.110 - - [15/Sep/2026:12:07:35 +0200] "GET /wp-login.php?redirect_to=https%3A%2F%2Fwww.jeuxdecasino69.com%2Fwp-admin%2Findex.php&reauth=1 HTTP/1.1" 200 6492 "https://www.jeuxdecasino69.com/wp-login.php" "Mozilla/5.0 (Windows NT 10.0; Win64; x64) AppleWebKit/605.1.15 (KHTML, like Gecko) Version/14.1 Safari/605.1.15"
45.130.83.110 - - [15/Sep/2026:12:07:35 +0200] "GET /wp-admin/index.php HTTP/1.1" 302 - "https://www.jeuxdecasino69.com/wp-login.php" "Mozilla/5.0 (Windows NT 10.0; Win64; x64) AppleWebKit/605.1.15 (KHTML, like Gecko) Version/14.1 Safari/605.1.15"
45.130.83.110 - - [15/Sep/2026:12:07:35 +0200] "GET /wp-login.php?redirect_to=https%3A%2F%2Fwww.jeuxdecasino69.com%2Fwp-admin%2Findex.php&reauth=1 HTTP/1.1" 200 6492 "https://www.jeuxdecasino69.com/wp-login.php" "Mozilla/5.0 (Windows NT 10.0; Win64; x64) AppleWebKit/605.1.15 (KHTML, like Gecko) Version/14.1 Safari/605.1.15"
45.130.83.110 - - [15/Sep/2026:12:07:36 +0200] "GET /wp-admin/index.php HTTP/1.1" 302 - "https://www.jeuxdecasino69.com/wp-login.php" "Mozilla/5.0 (Windows NT 6.1; Win64; x64) AppleWebKit/537.36 (KHTML, like Gecko) Chrome/90.0.4430.212 Safari/537.36"
45.130.83.110 - - [15/Sep/2026:12:07:36 +0200] "GET /wp-login.php?redirect_to=https%3A%2F%2Fwww.jeuxdecasino69.com%2Fwp-admin%2Findex.php&reauth=1 HTTP/1.1" 200 6492 "https://www.jeuxdecasino69.com/wp-login.php" "Mozilla/5.0 (Windows NT 6.1; Win64; x64) AppleWebKit/537.36 (KHTML, like Gecko) Chrome/90.0.4430.212 Safari/537.36"
45.130.83.110 - - [15/Sep/2026:12:07:37 +0200] "GET /wp-admin/index.php HTTP/1.1" 302 - "https://www.jeuxdecasino69.com/wp-login.php" "Mozilla/5.0 (Windows NT 6.1; Win64; x64) AppleWebKit/537.36 (KHTML, like Gecko) Chrome/90.0.4430.212 Safari/537.36"
45.130.83.110 - - [15/Sep/2026:12:07:37 +0200] "GET /wp-login.php?redirect_to=https%3A%2F%2Fwww.jeuxdecasino69.com%2Fwp-admin%2Findex.php&reauth=1 HTTP/1.1" 200 6492 "https://www.jeuxdecasino69.com/wp-login.php" "Mozilla/5.0 (Windows NT 6.1; Win64; x64) AppleWebKit/537.36 (KHTML, like Gecko) Chrome/90.0.4430.212 Safari/537.36"
45.130.83.110 - - [15/Sep/2026:12:07:38 +0200] "GET /wp-admin/index.php HTTP/1.1" 302 - "https://www.jeuxdecasino69.com/wp-login.php" "Mozilla/5.0 (Windows NT 6.1; Win64; x64) AppleWebKit/537.36 (KHTML, like Gecko) Chrome/93.0.4577.63 Safari/537.36"
45.130.83.110 - - [15/Sep/2026:12:07:38 +0200] "GET /wp-login.php?redirect_to=https%3A%2F%2Fwww.jeuxdecasino69.com%2Fwp-admin%2Findex.php&reauth=1 HTTP/1.1" 200 6492 "https://www.jeuxdecasino69.com/wp-login.php" "Mozilla/5.0 (Windows NT 6.1; Win64; x64) AppleWebKit/537.36 (KHTML, like Gecko) Chrome/93.0.4577.63 Safari/537.36"
45.130.83.110 - - [15/Sep/2026:12:07:38 +0200] "GET /wp-admin/index.php HTTP/1.1" 302 - "https://www.jeuxdecasino69.com/wp-login.php" "Mozilla/5.0 (Windows NT 6.1; Win64; x64) AppleWebKit/537.36 (KHTML, like Gecko) Chrome/93.0.4577.63 Safari/537.36"
45.130.83.110 - - [15/Sep/2026:12:07:39 +0200] "GET /wp-login.php?redirect_to=https%3A%2F%2Fwww.jeuxdecasino69.com%2Fwp-admin%2Findex.php&reauth=1 HTTP/1.1" 200 6492 "https://www.jeuxdecasino69.com/wp-login.php" "Mozilla/5.0 (Windows NT 6.1; Win64; x64) AppleWebKit/537.36 (KHTML, like Gecko) Chrome/93.0.4577.63 Safari/537.36"
45.130.83.110 - - [15/Sep/2026:12:07:39 +0200] "GET /wp-admin/index.php HTTP/1.1" 302 - "https://www.jeuxdecasino69.com/wp-login.php" "Mozilla/5.0 (Macintosh; Intel Mac OS X 10_15_7) AppleWebKit/605.1.15 (KHTML, like Gecko) Version/14.0.3 Safari/605.1.15"
45.130.83.110 - - [15/Sep/2026:12:07:40 +0200] "GET /wp-login.php?redirect_to=https%3A%2F%2Fwww.jeuxdecasino69.com%2Fwp-admin%2Findex.php&reauth=1 HTTP/1.1" 200 6492 "https://www.jeuxdecasino69.com/wp-login.php" "Mozilla/5.0 (Macintosh; Intel Mac OS X 10_15_7) AppleWebKit/605.1.15 (KHTML, like Gecko) Version/14.0.3 Safari/605.1.15"
45.130.83.110 - - [15/Sep/2026:12:07:40 +0200] "GET /wp-admin/index.php HTTP/1.1" 302 - "https://www.jeuxdecasino69.com/wp-login.php" "Mozilla/5.0 (Macintosh; Intel Mac OS X 10_15_7) AppleWebKit/605.1.15 (KHTML, like Gecko) Version/14.0.3 Safari/605.1.15"
45.130.83.110 - - [15/Sep/2026:12:07:40 +0200] "GET /wp-login.php?redirect_to=https%3A%2F%2Fwww.jeuxdecasino69.com%2Fwp-admin%2Findex.php&reauth=1 HTTP/1.1" 200 6492 "https://www.jeuxdecasino69.com/wp-login.php" "Mozilla/5.0 (Macintosh; Intel Mac OS X 10_15_7) AppleWebKit/605.1.15 (KHTML, like Gecko) Version/14.0.3 Safari/605.1.15"
45.130.83.110 - - [15/Sep/2026:12:07:42 +0200] "GET /wp-admin/index.php HTTP/1.1" 302 - "https://www.jeuxdecasino69.com/wp-login.php" "Mozilla/5.0 (X11; Linux x86_64) AppleWebKit/537.36 (KHTML, like Gecko) Chrome/92.0.4515.131 Safari/537.36"
45.130.83.110 - - [15/Sep/2026:12:07:42 +0200] "GET /wp-login.php?redirect_to=https%3A%2F%2Fwww.jeuxdecasino69.com%2Fwp-admin%2Findex.php&reauth=1 HTTP/1.1" 200 6492 "https://www.jeuxdecasino69.com/wp-login.php" "Mozilla/5.0 (X11; Linux x86_64) AppleWebKit/537.36 (KHTML, like Gecko) Chrome/92.0.4515.131 Safari/537.36"
45.130.83.110 - - [15/Sep/2026:12:07:42 +0200] "GET /wp-admin/index.php HTTP/1.1" 302 - "https://www.jeuxdecasino69.com/wp-login.php" "Mozilla/5.0 (X11; Linux x86_64) AppleWebKit/537.36 (KHTML, like Gecko) Chrome/92.0.4515.131 Safari/537.36"
45.130.83.110 - - [15/Sep/2026:12:07:43 +0200] "GET /wp-login.php?redirect_to=https%3A%2F%2Fwww.jeuxdecasino69.com%2Fwp-admin%2Findex.php&reauth=1 HTTP/1.1" 200 6492 "https://www.jeuxdecasino69.com/wp-login.php" "Mozilla/5.0 (X11; Linux x86_64) AppleWebKit/537.36 (KHTML, like Gecko) Chrome/92.0.4515.131 Safari/537.36"
45.130.83.110 - - [15/Sep/2026:12:07:43 +0200] "GET /wp-admin/index.php HTTP/1.1" 302 - "https://www.jeuxdecasino69.com/wp-login.php" "Mozilla/5.0 (Windows NT 10.0; Win64; x64) AppleWebKit/605.1.15 (KHTML, like Gecko) Version/14.1.2 Safari/605.1.15"
45.130.83.110 - - [15/Sep/2026:12:07:44 +0200] "GET /wp-login.php?redirect_to=https%3A%2F%2Fwww.jeuxdecasino69.com%2Fwp-admin%2Findex.php&reauth=1 HTTP/1.1" 200 6492 "https://www.jeuxdecasino69.com/wp-login.php" "Mozilla/5.0 (Windows NT 10.0; Win64; x64) AppleWebKit/605.1.15 (KHTML, like Gecko) Version/14.1.2 Safari/605.1.15"
45.130.83.110 - - [15/Sep/2026:12:07:44 +0200] "GET /wp-admin/index.php HTTP/1.1" 302 - "https://www.jeuxdecasino69.com/wp-login.php" "Mozilla/5.0 (Windows NT 10.0; Win64; x64) AppleWebKit/605.1.15 (KHTML, like Gecko) Version/14.1.2 Safari/605.1.15"
45.130.83.110 - - [15/Sep/2026:12:07:44 +0200] "GET /wp-login.php?redirect_to=https%3A%2F%2Fwww.jeuxdecasino69.com%2Fwp-admin%2Findex.php&reauth=1 HTTP/1.1" 200 6492 "https://www.jeuxdecasino69.com/wp-login.php" "Mozilla/5.0 (Windows NT 10.0; Win64; x64) AppleWebKit/605.1.15 (KHTML, like Gecko) Version/14.1.2 Safari/605.1.15"
45.130.83.110 - - [15/Sep/2026:12:07:45 +0200] "GET /wp-admin/index.php HTTP/1.1" 302 - "https://www.jeuxdecasino69.com/wp-login.php" "Mozilla/5.0 (X11; Linux x86_64; rv:90.0) Gecko/20100101 Firefox/90.0.1"
45.130.83.110 - - [15/Sep/2026:12:07:45 +0200] "GET /wp-login.php?redirect_to=https%3A%2F%2Fwww.jeuxdecasino69.com%2Fwp-admin%2Findex.php&reauth=1 HTTP/1.1" 200 6492 "https://www.jeuxdecasino69.com/wp-login.php" "Mozilla/5.0 (X11; Linux x86_64; rv:90.0) Gecko/20100101 Firefox/90.0.1"
45.130.83.110 - - [15/Sep/2026:12:07:46 +0200] "GET /wp-admin/index.php HTTP/1.1" 302 - "https://www.jeuxdecasino69.com/wp-login.php" "Mozilla/5.0 (X11; Linux x86_64; rv:90.0) Gecko/20100101 Firefox/90.0.1"
45.130.83.110 - - [15/Sep/2026:12:07:46 +0200] "GET /wp-login.php?redirect_to=https%3A%2F%2Fwww.jeuxdecasino69.com%2Fwp-admin%2Findex.php&reauth=1 HTTP/1.1" 200 6492 "https://www.jeuxdecasino69.com/wp-login.php" "Mozilla/5.0 (X11; Linux x86_64; rv:90.0) Gecko/20100101 Firefox/90.0.1"
45.130.83.110 - - [15/Sep/2026:12:07:47 +0200] "GET /wp-admin/index.php HTTP/1.1" 302 - "https://www.jeuxdecasino69.com/wp-login.php" "Mozilla/5.0 (Windows NT 10.0; Win64; x64; rv:92.0) Gecko/20100101 Firefox/92.0"
45.130.83.110 - - [15/Sep/2026:12:07:47 +0200] "GET /wp-login.php?redirect_to=https%3A%2F%2Fwww.jeuxdecasino69.com%2Fwp-admin%2Findex.php&reauth=1 HTTP/1.1" 200 6492 "https://www.jeuxdecasino69.com/wp-login.php" "Mozilla/5.0 (Windows NT 10.0; Win64; x64; rv:92.0) Gecko/20100101 Firefox/92.0"
45.130.83.110 - - [15/Sep/2026:12:07:47 +0200] "GET /wp-admin/index.php HTTP/1.1" 302 - "https://www.jeuxdecasino69.com/wp-login.php" "Mozilla/5.0 (Windows NT 10.0; Win64; x64; rv:92.0) Gecko/20100101 Firefox/92.0"
45.130.83.110 - - [15/Sep/2026:12:07:47 +0200] "GET /wp-login.php?redirect_to=https%3A%2F%2Fwww.jeuxdecasino69.com%2Fwp-admin%2Findex.php&reauth=1 HTTP/1.1" 200 6492 "https://www.jeuxdecasino69.com/wp-login.php" "Mozilla/5.0 (Windows NT 10.0; Win64; x64; rv:92.0) Gecko/20100101 Firefox/92.0"
45.130.83.110 - - [15/Sep/2026:12:07:48 +0200] "GET /wp-admin/index.php HTTP/1.1" 302 - "https://www.jeuxdecasino69.com/wp-login.php" "Mozilla/5.0 (Windows NT 10.0; Win64; x64) AppleWebKit/605.1.15 (KHTML, like Gecko) Version/14.0.3 Safari/605.1.15"
45.130.83.110 - - [15/Sep/2026:12:07:48 +0200] "GET /wp-login.php?redirect_to=https%3A%2F%2Fwww.jeuxdecasino69.com%2Fwp-admin%2Findex.php&reauth=1 HTTP/1.1" 200 6492 "https://www.jeuxdecasino69.com/wp-login.php" "Mozilla/5.0 (Windows NT 10.0; Win64; x64) AppleWebKit/605.1.15 (KHTML, like Gecko) Version/14.0.3 Safari/605.1.15"
45.130.83.110 - - [15/Sep/2026:12:07:49 +0200] "GET /wp-admin/index.php HTTP/1.1" 302 - "https://www.jeuxdecasino69.com/wp-login.php" "Mozilla/5.0 (Windows NT 10.0; Win64; x64) AppleWebKit/605.1.15 (KHTML, like Gecko) Version/14.0.3 Safari/605.1.15"
45.130.83.110 - - [15/Sep/2026:12:07:49 +0200] "GET /wp-login.php?redirect_to=https%3A%2F%2Fwww.jeuxdecasino69.com%2Fwp-admin%2Findex.php&reauth=1 HTTP/1.1" 200 6492 "https://www.jeuxdecasino69.com/wp-login.php" "Mozilla/5.0 (Windows NT 10.0; Win64; x64) AppleWebKit/605.1.15 (KHTML, like Gecko) Version/14.0.3 Safari/605.1.15"
45.130.83.110 - - [15/Sep/2026:12:07:50 +0200] "GET /wp-admin/index.php HTTP/1.1" 302 - "https://www.jeuxdecasino69.com/wp-login.php" "Mozilla/5.0 (Windows NT 6.1; Win64; x64; rv:89.0) Gecko/20100101 Firefox/89.0.2"
45.130.83.110 - - [15/Sep/2026:12:07:50 +0200] "GET /wp-login.php?redirect_to=https%3A%2F%2Fwww.jeuxdecasino69.com%2Fwp-admin%2Findex.php&reauth=1 HTTP/1.1" 200 6492 "https://www.jeuxdecasino69.com/wp-login.php" "Mozilla/5.0 (Windows NT 6.1; Win64; x64; rv:89.0) Gecko/20100101 Firefox/89.0.2"
45.130.83.110 - - [15/Sep/2026:12:07:50 +0200] "GET /wp-admin/index.php HTTP/1.1" 302 - "https://www.jeuxdecasino69.com/wp-login.php" "Mozilla/5.0 (Windows NT 6.1; Win64; x64; rv:89.0) Gecko/20100101 Firefox/89.0.2"
45.130.83.110 - - [15/Sep/2026:12:07:50 +0200] "GET /wp-login.php?redirect_to=https%3A%2F%2Fwww.jeuxdecasino69.com%2Fwp-admin%2Findex.php&reauth=1 HTTP/1.1" 200 6492 "https://www.jeuxdecasino69.com/wp-login.php" "Mozilla/5.0 (Windows NT 6.1; Win64; x64; rv:89.0) Gecko/20100101 Firefox/89.0.2"
45.130.83.110 - - [15/Sep/2026:12:07:51 +0200] "GET /wp-admin/index.php HTTP/1.1" 302 - "https://www.jeuxdecasino69.com/wp-login.php" "Mozilla/5.0 (Windows NT 10.0; Win64; x64) AppleWebKit/605.1.15 (KHTML, like Gecko) Version/14.1 Safari/605.1.15"
45.130.83.110 - - [15/Sep/2026:12:07:52 +0200] "GET /wp-login.php?redirect_to=https%3A%2F%2Fwww.jeuxdecasino69.com%2Fwp-admin%2Findex.php&reauth=1 HTTP/1.1" 200 6492 "https://www.jeuxdecasino69.com/wp-login.php" "Mozilla/5.0 (Windows NT 10.0; Win64; x64) AppleWebKit/605.1.15 (KHTML, like Gecko) Version/14.1 Safari/605.1.15"
45.130.83.110 - - [15/Sep/2026:12:07:52 +0200] "GET /wp-admin/index.php HTTP/1.1" 302 - "https://www.jeuxdecasino69.com/wp-login.php" "Mozilla/5.0 (Windows NT 10.0; Win64; x64) AppleWebKit/605.1.15 (KHTML, like Gecko) Version/14.1 Safari/605.1.15"
45.130.83.110 - - [15/Sep/2026:12:07:52 +0200] "GET /wp-login.php?redirect_to=https%3A%2F%2Fwww.jeuxdecasino69.com%2Fwp-admin%2Findex.php&reauth=1 HTTP/1.1" 200 6492 "https://www.jeuxdecasino69.com/wp-login.php" "Mozilla/5.0 (Windows NT 10.0; Win64; x64) AppleWebKit/605.1.15 (KHTML, like Gecko) Version/14.1 Safari/605.1.15"
45.130.83.110 - - [15/Sep/2026:12:07:53 +0200] "GET /wp-admin/index.php HTTP/1.1" 302 - "https://www.jeuxdecasino69.com/wp-login.php" "Mozilla/5.0 (X11; Linux x86_64) AppleWebKit/537.36 (KHTML, like Gecko) Chrome/93.0.4577.63 Safari/537.36"
45.130.83.110 - - [15/Sep/2026:12:07:54 +0200] "GET /wp-login.php?redirect_to=https%3A%2F%2Fwww.jeuxdecasino69.com%2Fwp-admin%2Findex.php&reauth=1 HTTP/1.1" 200 6492 "https://www.jeuxdecasino69.com/wp-login.php" "Mozilla/5.0 (X11; Linux x86_64) AppleWebKit/537.36 (KHTML, like Gecko) Chrome/93.0.4577.63 Safari/537.36"
45.130.83.110 - - [15/Sep/2026:12:07:54 +0200] "GET /wp-admin/index.php HTTP/1.1" 302 - "https://www.jeuxdecasino69.com/wp-login.php" "Mozilla/5.0 (X11; Linux x86_64) AppleWebKit/537.36 (KHTML, like Gecko) Chrome/93.0.4577.63 Safari/537.36"
45.130.83.110 - - [15/Sep/2026:12:07:54 +0200] "GET /wp-login.php?redirect_to=https%3A%2F%2Fwww.jeuxdecasino69.com%2Fwp-admin%2Findex.php&reauth=1 HTTP/1.1" 200 6492 "https://www.jeuxdecasino69.com/wp-login.php" "Mozilla/5.0 (X11; Linux x86_64) AppleWebKit/537.36 (KHTML, like Gecko) Chrome/93.0.4577.63 Safari/537.36"
45.130.83.110 - - [15/Sep/2026:12:07:55 +0200] "GET /wp-admin/index.php HTTP/1.1" 302 - "https://www.jeuxdecasino69.com/wp-login.php" "Mozilla/5.0 (Macintosh; Intel Mac OS X 10_15_7) AppleWebKit/605.1.15 (KHTML, like Gecko) Version/14.1.2 Safari/605.1.15"
45.130.83.110 - - [15/Sep/2026:12:07:55 +0200] "GET /wp-login.php?redirect_to=https%3A%2F%2Fwww.jeuxdecasino69.com%2Fwp-admin%2Findex.php&reauth=1 HTTP/1.1" 200 6492 "https://www.jeuxdecasino69.com/wp-login.php" "Mozilla/5.0 (Macintosh; Intel Mac OS X 10_15_7) AppleWebKit/605.1.15 (KHTML, like Gecko) Version/14.1.2 Safari/605.1.15"
45.130.83.110 - - [15/Sep/2026:12:07:56 +0200] "GET /wp-admin/index.php HTTP/1.1" 302 - "https://www.jeuxdecasino69.com/wp-login.php" "Mozilla/5.0 (Macintosh; Intel Mac OS X 10_15_7) AppleWebKit/605.1.15 (KHTML, like Gecko) Version/14.1.2 Safari/605.1.15"
45.130.83.110 - - [15/Sep/2026:12:07:56 +0200] "GET /wp-login.php?redirect_to=https%3A%2F%2Fwww.jeuxdecasino69.com%2Fwp-admin%2Findex.php&reauth=1 HTTP/1.1" 200 6492 "https://www.jeuxdecasino69.com/wp-login.php" "Mozilla/5.0 (Macintosh; Intel Mac OS X 10_15_7) AppleWebKit/605.1.15 (KHTML, like Gecko) Version/14.1.2 Safari/605.1.15"
45.130.83.110 - - [15/Sep/2026:12:07:57 +0200] "GET /wp-admin/index.php HTTP/1.1" 302 - "https://www.jeuxdecasino69.com/wp-login.php" "Mozilla/5.0 (Macintosh; Intel Mac OS X 10_15_7) AppleWebKit/537.36 (KHTML, like Gecko) Chrome/92.0.4515.131 Safari/537.36"
45.130.83.110 - - [15/Sep/2026:12:07:57 +0200] "GET /wp-login.php?redirect_to=https%3A%2F%2Fwww.jeuxdecasino69.com%2Fwp-admin%2Findex.php&reauth=1 HTTP/1.1" 200 6492 "https://www.jeuxdecasino69.com/wp-login.php" "Mozilla/5.0 (Macintosh; Intel Mac OS X 10_15_7) AppleWebKit/537.36 (KHTML, like Gecko) Chrome/92.0.4515.131 Safari/537.36"
45.130.83.110 - - [15/Sep/2026:12:07:57 +0200] "GET /wp-admin/index.php HTTP/1.1" 302 - "https://www.jeuxdecasino69.com/wp-login.php" "Mozilla/5.0 (Macintosh; Intel Mac OS X 10_15_7) AppleWebKit/537.36 (KHTML, like Gecko) Chrome/92.0.4515.131 Safari/537.36"
45.130.83.110 - - [15/Sep/2026:12:07:57 +0200] "GET /wp-login.php?redirect_to=https%3A%2F%2Fwww.jeuxdecasino69.com%2Fwp-admin%2Findex.php&reauth=1 HTTP/1.1" 200 6492 "https://www.jeuxdecasino69.com/wp-login.php" "Mozilla/5.0 (Macintosh; Intel Mac OS X 10_15_7) AppleWebKit/537.36 (KHTML, like Gecko) Chrome/92.0.4515.131 Safari/537.36"
45.130.83.110 - - [15/Sep/2026:12:07:58 +0200] "GET /wp-admin/index.php HTTP/1.1" 302 - "https://www.jeuxdecasino69.com/wp-login.php" "Mozilla/5.0 (Windows NT 10.0; Win64; x64) AppleWebKit/537.36 (KHTML, like Gecko) Chrome/93.0.4577.63 Safari/537.36"
45.130.83.110 - - [15/Sep/2026:12:07:58 +0200] "GET /wp-login.php?redirect_to=https%3A%2F%2Fwww.jeuxdecasino69.com%2Fwp-admin%2Findex.php&reauth=1 HTTP/1.1" 200 6492 "https://www.jeuxdecasino69.com/wp-login.php" "Mozilla/5.0 (Windows NT 10.0; Win64; x64) AppleWebKit/537.36 (KHTML, like Gecko) Chrome/93.0.4577.63 Safari/537.36"
