45.79.162.239 - - [15/Sep/2026:16:13:50 +0200] "GET /wp-login.php?redirect_to=https%3A%2F%2Fjeuxdecasino69.com%2Fwp-admin%2Findex.php&reauth=1 HTTP/1.1" 200 6484 "http://jeuxdecasino69.com/wp-login.php" "Mozilla/5.0 (X11; Linux x86_64; rv:93.0) Gecko/20100101 Firefox/93.0"
45.79.162.239 - - [15/Sep/2026:16:13:51 +0200] "GET /wp-admin/index.php HTTP/1.1" 302 - "http://jeuxdecasino69.com/wp-login.php" "Mozilla/5.0 (Macintosh; Intel Mac OS X 10_15_7) AppleWebKit/537.36 (KHTML, like Gecko) Chrome/92.0.4515.131 Safari/537.36"
45.79.162.239 - - [15/Sep/2026:16:13:51 +0200] "GET /wp-login.php?redirect_to=https%3A%2F%2Fjeuxdecasino69.com%2Fwp-admin%2Findex.php&reauth=1 HTTP/1.1" 200 6484 "http://jeuxdecasino69.com/wp-login.php" "Mozilla/5.0 (Macintosh; Intel Mac OS X 10_15_7) AppleWebKit/537.36 (KHTML, like Gecko) Chrome/92.0.4515.131 Safari/537.36"
45.79.162.239 - - [15/Sep/2026:16:13:52 +0200] "GET /wp-admin/index.php HTTP/1.1" 302 - "http://jeuxdecasino69.com/wp-login.php" "Mozilla/5.0 (Macintosh; Intel Mac OS X 10_15_7) AppleWebKit/537.36 (KHTML, like Gecko) Chrome/92.0.4515.131 Safari/537.36"
45.79.162.239 - - [15/Sep/2026:16:13:52 +0200] "GET /wp-login.php?redirect_to=https%3A%2F%2Fjeuxdecasino69.com%2Fwp-admin%2Findex.php&reauth=1 HTTP/1.1" 200 6484 "http://jeuxdecasino69.com/wp-login.php" "Mozilla/5.0 (Macintosh; Intel Mac OS X 10_15_7) AppleWebKit/537.36 (KHTML, like Gecko) Chrome/92.0.4515.131 Safari/537.36"
45.79.162.239 - - [15/Sep/2026:16:13:53 +0200] "GET /wp-admin/index.php HTTP/1.1" 302 - "http://jeuxdecasino69.com/wp-login.php" "Mozilla/5.0 (Windows NT 10.0; Win64; x64) AppleWebKit/537.36 (KHTML, like Gecko) Chrome/94.0.4606.71 Safari/537.36"
45.79.162.239 - - [15/Sep/2026:16:13:53 +0200] "GET /wp-login.php?redirect_to=https%3A%2F%2Fjeuxdecasino69.com%2Fwp-admin%2Findex.php&reauth=1 HTTP/1.1" 200 6484 "http://jeuxdecasino69.com/wp-login.php" "Mozilla/5.0 (Windows NT 10.0; Win64; x64) AppleWebKit/537.36 (KHTML, like Gecko) Chrome/94.0.4606.71 Safari/537.36"
45.79.162.239 - - [15/Sep/2026:16:13:53 +0200] "GET /wp-admin/index.php HTTP/1.1" 302 - "http://jeuxdecasino69.com/wp-login.php" "Mozilla/5.0 (Windows NT 10.0; Win64; x64) AppleWebKit/537.36 (KHTML, like Gecko) Chrome/94.0.4606.71 Safari/537.36"
45.79.162.239 - - [15/Sep/2026:16:13:54 +0200] "GET /wp-login.php?redirect_to=https%3A%2F%2Fjeuxdecasino69.com%2Fwp-admin%2Findex.php&reauth=1 HTTP/1.1" 200 6484 "http://jeuxdecasino69.com/wp-login.php" "Mozilla/5.0 (Windows NT 10.0; Win64; x64) AppleWebKit/537.36 (KHTML, like Gecko) Chrome/94.0.4606.71 Safari/537.36"
45.79.162.239 - - [15/Sep/2026:16:13:54 +0200] "GET /wp-admin/index.php HTTP/1.1" 302 - "http://jeuxdecasino69.com/wp-login.php" "Mozilla/5.0 (Windows NT 6.1; Win64; x64) AppleWebKit/537.36 (KHTML, like Gecko) Chrome/92.0.4515.131 Safari/537.36"
45.79.162.239 - - [15/Sep/2026:16:13:54 +0200] "GET /wp-login.php?redirect_to=https%3A%2F%2Fjeuxdecasino69.com%2Fwp-admin%2Findex.php&reauth=1 HTTP/1.1" 200 6484 "http://jeuxdecasino69.com/wp-login.php" "Mozilla/5.0 (Windows NT 6.1; Win64; x64) AppleWebKit/537.36 (KHTML, like Gecko) Chrome/92.0.4515.131 Safari/537.36"
45.79.162.239 - - [15/Sep/2026:16:13:55 +0200] "GET /wp-admin/index.php HTTP/1.1" 302 - "http://jeuxdecasino69.com/wp-login.php" "Mozilla/5.0 (Windows NT 6.1; Win64; x64) AppleWebKit/537.36 (KHTML, like Gecko) Chrome/92.0.4515.131 Safari/537.36"
45.79.162.239 - - [15/Sep/2026:16:13:55 +0200] "GET /wp-login.php?redirect_to=https%3A%2F%2Fjeuxdecasino69.com%2Fwp-admin%2Findex.php&reauth=1 HTTP/1.1" 200 6484 "http://jeuxdecasino69.com/wp-login.php" "Mozilla/5.0 (Windows NT 6.1; Win64; x64) AppleWebKit/537.36 (KHTML, like Gecko) Chrome/92.0.4515.131 Safari/537.36"
45.79.162.239 - - [15/Sep/2026:16:13:55 +0200] "GET /wp-admin/index.php HTTP/1.1" 302 - "http://jeuxdecasino69.com/wp-login.php" "Mozilla/5.0 (Macintosh; Intel Mac OS X 10_15_7) AppleWebKit/537.36 (KHTML, like Gecko) Chrome/94.0.4606.71 Safari/537.36"
45.79.162.239 - - [15/Sep/2026:16:13:56 +0200] "GET /wp-login.php?redirect_to=https%3A%2F%2Fjeuxdecasino69.com%2Fwp-admin%2Findex.php&reauth=1 HTTP/1.1" 200 6484 "http://jeuxdecasino69.com/wp-login.php" "Mozilla/5.0 (Macintosh; Intel Mac OS X 10_15_7) AppleWebKit/537.36 (KHTML, like Gecko) Chrome/94.0.4606.71 Safari/537.36"
45.79.162.239 - - [15/Sep/2026:16:13:56 +0200] "GET /wp-admin/index.php HTTP/1.1" 302 - "http://jeuxdecasino69.com/wp-login.php" "Mozilla/5.0 (Macintosh; Intel Mac OS X 10_15_7) AppleWebKit/537.36 (KHTML, like Gecko) Chrome/94.0.4606.71 Safari/537.36"
45.79.162.239 - - [15/Sep/2026:16:13:56 +0200] "GET /wp-login.php?redirect_to=https%3A%2F%2Fjeuxdecasino69.com%2Fwp-admin%2Findex.php&reauth=1 HTTP/1.1" 200 6484 "http://jeuxdecasino69.com/wp-login.php" "Mozilla/5.0 (Macintosh; Intel Mac OS X 10_15_7) AppleWebKit/537.36 (KHTML, like Gecko) Chrome/94.0.4606.71 Safari/537.36"
45.79.162.239 - - [15/Sep/2026:16:13:57 +0200] "GET /wp-admin/index.php HTTP/1.1" 302 - "http://jeuxdecasino69.com/wp-login.php" "Mozilla/5.0 (Macintosh; Intel Mac OS X 10_15_7) AppleWebKit/605.1.15 (KHTML, like Gecko) Version/14.1.2 Safari/605.1.15"
45.79.162.239 - - [15/Sep/2026:16:13:57 +0200] "GET /wp-login.php?redirect_to=https%3A%2F%2Fjeuxdecasino69.com%2Fwp-admin%2Findex.php&reauth=1 HTTP/1.1" 200 6484 "http://jeuxdecasino69.com/wp-login.php" "Mozilla/5.0 (Macintosh; Intel Mac OS X 10_15_7) AppleWebKit/605.1.15 (KHTML, like Gecko) Version/14.1.2 Safari/605.1.15"
45.79.162.239 - - [15/Sep/2026:16:13:57 +0200] "GET /wp-admin/index.php HTTP/1.1" 302 - "http://jeuxdecasino69.com/wp-login.php" "Mozilla/5.0 (Macintosh; Intel Mac OS X 10_15_7) AppleWebKit/605.1.15 (KHTML, like Gecko) Version/14.1.2 Safari/605.1.15"
45.79.162.239 - - [15/Sep/2026:16:13:58 +0200] "GET /wp-login.php?redirect_to=https%3A%2F%2Fjeuxdecasino69.com%2Fwp-admin%2Findex.php&reauth=1 HTTP/1.1" 200 6484 "http://jeuxdecasino69.com/wp-login.php" "Mozilla/5.0 (Macintosh; Intel Mac OS X 10_15_7) AppleWebKit/605.1.15 (KHTML, like Gecko) Version/14.1.2 Safari/605.1.15"
45.79.162.239 - - [15/Sep/2026:16:13:58 +0200] "GET /wp-admin/index.php HTTP/1.1" 302 - "http://jeuxdecasino69.com/wp-login.php" "Mozilla/5.0 (Macintosh; Intel Mac OS X 10_15_7) AppleWebKit/605.1.15 (KHTML, like Gecko) Version/14.0.3 Safari/605.1.15"
45.79.162.239 - - [15/Sep/2026:16:13:58 +0200] "GET /wp-login.php?redirect_to=https%3A%2F%2Fjeuxdecasino69.com%2Fwp-admin%2Findex.php&reauth=1 HTTP/1.1" 200 6484 "http://jeuxdecasino69.com/wp-login.php" "Mozilla/5.0 (Macintosh; Intel Mac OS X 10_15_7) AppleWebKit/605.1.15 (KHTML, like Gecko) Version/14.0.3 Safari/605.1.15"
45.79.162.239 - - [15/Sep/2026:16:13:59 +0200] "GET /wp-admin/index.php HTTP/1.1" 302 - "http://jeuxdecasino69.com/wp-login.php" "Mozilla/5.0 (Macintosh; Intel Mac OS X 10_15_7) AppleWebKit/605.1.15 (KHTML, like Gecko) Version/14.0.3 Safari/605.1.15"
45.79.162.239 - - [15/Sep/2026:16:13:59 +0200] "GET /wp-login.php?redirect_to=https%3A%2F%2Fjeuxdecasino69.com%2Fwp-admin%2Findex.php&reauth=1 HTTP/1.1" 200 6484 "http://jeuxdecasino69.com/wp-login.php" "Mozilla/5.0 (Macintosh; Intel Mac OS X 10_15_7) AppleWebKit/605.1.15 (KHTML, like Gecko) Version/14.0.3 Safari/605.1.15"
34.88.24.229 - - [15/Sep/2026:16:13:59 +0200] "GET /phpinfo.php HTTP/1.1" 301 - "-" "Mozilla/5.0 (X11; Linux x86_64) AppleWebKit/537.36 (KHTML, like Gecko) Chrome/131.0.0.0 Safari/537.36"
45.79.162.239 - - [15/Sep/2026:16:13:59 +0200] "GET /wp-admin/index.php HTTP/1.1" 302 - "http://jeuxdecasino69.com/wp-login.php" "Mozilla/5.0 (Macintosh; Intel Mac OS X 10_15_7) AppleWebKit/605.1.15 (KHTML, like Gecko) Version/14.1 Safari/605.1.15"
45.79.162.239 - - [15/Sep/2026:16:14:00 +0200] "GET /wp-login.php?redirect_to=https%3A%2F%2Fjeuxdecasino69.com%2Fwp-admin%2Findex.php&reauth=1 HTTP/1.1" 200 6484 "http://jeuxdecasino69.com/wp-login.php" "Mozilla/5.0 (Macintosh; Intel Mac OS X 10_15_7) AppleWebKit/605.1.15 (KHTML, like Gecko) Version/14.1 Safari/605.1.15"
45.79.162.239 - - [15/Sep/2026:16:14:00 +0200] "GET /wp-admin/index.php HTTP/1.1" 302 - "http://jeuxdecasino69.com/wp-login.php" "Mozilla/5.0 (Macintosh; Intel Mac OS X 10_15_7) AppleWebKit/605.1.15 (KHTML, like Gecko) Version/14.1 Safari/605.1.15"
34.88.24.229 - - [15/Sep/2026:16:14:00 +0200] "GET /phpinfo.php HTTP/1.1" 404 58662 "-" "Mozilla/5.0 (X11; Linux x86_64) AppleWebKit/537.36 (KHTML, like Gecko) Chrome/131.0.0.0 Safari/537.36"
45.79.162.239 - - [15/Sep/2026:16:14:00 +0200] "GET /wp-login.php?redirect_to=https%3A%2F%2Fjeuxdecasino69.com%2Fwp-admin%2Findex.php&reauth=1 HTTP/1.1" 200 6484 "http://jeuxdecasino69.com/wp-login.php" "Mozilla/5.0 (Macintosh; Intel Mac OS X 10_15_7) AppleWebKit/605.1.15 (KHTML, like Gecko) Version/14.1 Safari/605.1.15"
45.79.162.239 - - [15/Sep/2026:16:14:01 +0200] "GET /wp-admin/index.php HTTP/1.1" 302 - "http://jeuxdecasino69.com/wp-login.php" "Mozilla/5.0 (Macintosh; Intel Mac OS X 10_15_7) AppleWebKit/537.36 (KHTML, like Gecko) Chrome/92.0.4515.131 Safari/537.36"
45.79.162.239 - - [15/Sep/2026:16:14:01 +0200] "GET /wp-login.php?redirect_to=https%3A%2F%2Fjeuxdecasino69.com%2Fwp-admin%2Findex.php&reauth=1 HTTP/1.1" 200 6484 "http://jeuxdecasino69.com/wp-login.php" "Mozilla/5.0 (Macintosh; Intel Mac OS X 10_15_7) AppleWebKit/537.36 (KHTML, like Gecko) Chrome/92.0.4515.131 Safari/537.36"
34.88.24.229 - - [15/Sep/2026:16:14:01 +0200] "GET /info.php HTTP/1.1" 301 - "-" "Mozilla/5.0 (X11; Linux x86_64) AppleWebKit/537.36 (KHTML, like Gecko) Chrome/131.0.0.0 Safari/537.36"
45.79.162.239 - - [15/Sep/2026:16:14:02 +0200] "GET /wp-admin/index.php HTTP/1.1" 302 - "http://jeuxdecasino69.com/wp-login.php" "Mozilla/5.0 (Macintosh; Intel Mac OS X 10_15_7) AppleWebKit/537.36 (KHTML, like Gecko) Chrome/92.0.4515.131 Safari/537.36"
45.79.162.239 - - [15/Sep/2026:16:14:02 +0200] "GET /wp-login.php?redirect_to=https%3A%2F%2Fjeuxdecasino69.com%2Fwp-admin%2Findex.php&reauth=1 HTTP/1.1" 200 6484 "http://jeuxdecasino69.com/wp-login.php" "Mozilla/5.0 (Macintosh; Intel Mac OS X 10_15_7) AppleWebKit/537.36 (KHTML, like Gecko) Chrome/92.0.4515.131 Safari/537.36"
34.88.24.229 - - [15/Sep/2026:16:14:02 +0200] "GET /info.php HTTP/1.1" 404 58662 "-" "Mozilla/5.0 (X11; Linux x86_64) AppleWebKit/537.36 (KHTML, like Gecko) Chrome/131.0.0.0 Safari/537.36"
34.88.24.229 - - [15/Sep/2026:16:14:02 +0200] "GET /php.php HTTP/1.1" 301 - "-" "Mozilla/5.0 (X11; Linux x86_64) AppleWebKit/537.36 (KHTML, like Gecko) Chrome/131.0.0.0 Safari/537.36"
45.79.162.239 - - [15/Sep/2026:16:14:02 +0200] "GET /wp-admin/index.php HTTP/1.1" 302 - "http://jeuxdecasino69.com/wp-login.php" "Mozilla/5.0 (Macintosh; Intel Mac OS X 10_15_7) AppleWebKit/605.1.15 (KHTML, like Gecko) Version/14.1.2 Safari/605.1.15"
45.79.162.239 - - [15/Sep/2026:16:14:02 +0200] "GET /wp-login.php?redirect_to=https%3A%2F%2Fjeuxdecasino69.com%2Fwp-admin%2Findex.php&reauth=1 HTTP/1.1" 200 6484 "http://jeuxdecasino69.com/wp-login.php" "Mozilla/5.0 (Macintosh; Intel Mac OS X 10_15_7) AppleWebKit/605.1.15 (KHTML, like Gecko) Version/14.1.2 Safari/605.1.15"
34.88.24.229 - - [15/Sep/2026:16:14:02 +0200] "GET /php.php HTTP/1.1" 404 58662 "-" "Mozilla/5.0 (X11; Linux x86_64) AppleWebKit/537.36 (KHTML, like Gecko) Chrome/131.0.0.0 Safari/537.36"
45.79.162.239 - - [15/Sep/2026:16:14:03 +0200] "GET /wp-admin/index.php HTTP/1.1" 302 - "http://jeuxdecasino69.com/wp-login.php" "Mozilla/5.0 (Macintosh; Intel Mac OS X 10_15_7) AppleWebKit/605.1.15 (KHTML, like Gecko) Version/14.1.2 Safari/605.1.15"
45.79.162.239 - - [15/Sep/2026:16:14:03 +0200] "GET /wp-login.php?redirect_to=https%3A%2F%2Fjeuxdecasino69.com%2Fwp-admin%2Findex.php&reauth=1 HTTP/1.1" 200 6484 "http://jeuxdecasino69.com/wp-login.php" "Mozilla/5.0 (Macintosh; Intel Mac OS X 10_15_7) AppleWebKit/605.1.15 (KHTML, like Gecko) Version/14.1.2 Safari/605.1.15"
34.88.24.229 - - [15/Sep/2026:16:14:03 +0200] "GET /i.php HTTP/1.1" 301 - "-" "Mozilla/5.0 (X11; Linux x86_64) AppleWebKit/537.36 (KHTML, like Gecko) Chrome/131.0.0.0 Safari/537.36"
45.79.162.239 - - [15/Sep/2026:16:14:04 +0200] "GET /wp-admin/index.php HTTP/1.1" 302 - "http://jeuxdecasino69.com/wp-login.php" "Mozilla/5.0 (Windows NT 10.0; Win64; x64) AppleWebKit/605.1.15 (KHTML, like Gecko) Version/15.0 Safari/605.1.15"
34.88.24.229 - - [15/Sep/2026:16:14:03 +0200] "GET /i.php HTTP/1.1" 404 58662 "-" "Mozilla/5.0 (X11; Linux x86_64) AppleWebKit/537.36 (KHTML, like Gecko) Chrome/131.0.0.0 Safari/537.36"
45.79.162.239 - - [15/Sep/2026:16:14:04 +0200] "GET /wp-login.php?redirect_to=https%3A%2F%2Fjeuxdecasino69.com%2Fwp-admin%2Findex.php&reauth=1 HTTP/1.1" 200 6484 "http://jeuxdecasino69.com/wp-login.php" "Mozilla/5.0 (Windows NT 10.0; Win64; x64) AppleWebKit/605.1.15 (KHTML, like Gecko) Version/15.0 Safari/605.1.15"
34.88.24.229 - - [15/Sep/2026:16:14:04 +0200] "GET /pi.php HTTP/1.1" 301 - "-" "Mozilla/5.0 (X11; Linux x86_64) AppleWebKit/537.36 (KHTML, like Gecko) Chrome/131.0.0.0 Safari/537.36"
45.79.162.239 - - [15/Sep/2026:16:14:04 +0200] "GET /wp-admin/index.php HTTP/1.1" 302 - "http://jeuxdecasino69.com/wp-login.php" "Mozilla/5.0 (Windows NT 10.0; Win64; x64) AppleWebKit/605.1.15 (KHTML, like Gecko) Version/15.0 Safari/605.1.15"
45.79.162.239 - - [15/Sep/2026:16:14:04 +0200] "GET /wp-login.php?redirect_to=https%3A%2F%2Fjeuxdecasino69.com%2Fwp-admin%2Findex.php&reauth=1 HTTP/1.1" 200 6484 "http://jeuxdecasino69.com/wp-login.php" "Mozilla/5.0 (Windows NT 10.0; Win64; x64) AppleWebKit/605.1.15 (KHTML, like Gecko) Version/15.0 Safari/605.1.15"
34.88.24.229 - - [15/Sep/2026:16:14:04 +0200] "GET /pi.php HTTP/1.1" 404 58662 "-" "Mozilla/5.0 (X11; Linux x86_64) AppleWebKit/537.36 (KHTML, like Gecko) Chrome/131.0.0.0 Safari/537.36"
45.79.162.239 - - [15/Sep/2026:16:14:05 +0200] "GET /wp-admin/index.php HTTP/1.1" 302 - "http://jeuxdecasino69.com/wp-login.php" "Mozilla/5.0 (Windows NT 6.1; Win64; x64) AppleWebKit/537.36 (KHTML, like Gecko) Chrome/91.0.4472.124 Safari/537.36"
34.88.24.229 - - [15/Sep/2026:16:14:05 +0200] "GET /pinfo.php HTTP/1.1" 301 - "-" "Mozilla/5.0 (X11; Linux x86_64) AppleWebKit/537.36 (KHTML, like Gecko) Chrome/131.0.0.0 Safari/537.36"
45.79.162.239 - - [15/Sep/2026:16:14:05 +0200] "GET /wp-login.php?redirect_to=https%3A%2F%2Fjeuxdecasino69.com%2Fwp-admin%2Findex.php&reauth=1 HTTP/1.1" 200 6484 "http://jeuxdecasino69.com/wp-login.php" "Mozilla/5.0 (Windows NT 6.1; Win64; x64) AppleWebKit/537.36 (KHTML, like Gecko) Chrome/91.0.4472.124 Safari/537.36"
34.88.24.229 - - [15/Sep/2026:16:14:05 +0200] "GET /pinfo.php HTTP/1.1" 404 58662 "-" "Mozilla/5.0 (X11; Linux x86_64) AppleWebKit/537.36 (KHTML, like Gecko) Chrome/131.0.0.0 Safari/537.36"
45.79.162.239 - - [15/Sep/2026:16:14:05 +0200] "GET /wp-admin/index.php HTTP/1.1" 302 - "http://jeuxdecasino69.com/wp-login.php" "Mozilla/5.0 (Windows NT 6.1; Win64; x64) AppleWebKit/537.36 (KHTML, like Gecko) Chrome/91.0.4472.124 Safari/537.36"
45.79.162.239 - - [15/Sep/2026:16:14:06 +0200] "GET /wp-login.php?redirect_to=https%3A%2F%2Fjeuxdecasino69.com%2Fwp-admin%2Findex.php&reauth=1 HTTP/1.1" 200 6484 "http://jeuxdecasino69.com/wp-login.php" "Mozilla/5.0 (Windows NT 6.1; Win64; x64) AppleWebKit/537.36 (KHTML, like Gecko) Chrome/91.0.4472.124 Safari/537.36"
34.88.24.229 - - [15/Sep/2026:16:14:05 +0200] "GET /test.php HTTP/1.1" 301 - "-" "Mozilla/5.0 (X11; Linux x86_64) AppleWebKit/537.36 (KHTML, like Gecko) Chrome/131.0.0.0 Safari/537.36"
45.79.162.239 - - [15/Sep/2026:16:14:06 +0200] "GET /wp-admin/index.php HTTP/1.1" 302 - "http://jeuxdecasino69.com/wp-login.php" "Mozilla/5.0 (Windows NT 10.0; Win64; x64; rv:92.0) Gecko/20100101 Firefox/92.0"
34.88.24.229 - - [15/Sep/2026:16:14:06 +0200] "GET /test.php HTTP/1.1" 404 58662 "-" "Mozilla/5.0 (X11; Linux x86_64) AppleWebKit/537.36 (KHTML, like Gecko) Chrome/131.0.0.0 Safari/537.36"
45.79.162.239 - - [15/Sep/2026:16:14:06 +0200] "GET /wp-login.php?redirect_to=https%3A%2F%2Fjeuxdecasino69.com%2Fwp-admin%2Findex.php&reauth=1 HTTP/1.1" 200 6484 "http://jeuxdecasino69.com/wp-login.php" "Mozilla/5.0 (Windows NT 10.0; Win64; x64; rv:92.0) Gecko/20100101 Firefox/92.0"
34.88.24.229 - - [15/Sep/2026:16:14:06 +0200] "GET /phpinfo HTTP/1.1" 301 - "-" "Mozilla/5.0 (X11; Linux x86_64) AppleWebKit/537.36 (KHTML, like Gecko) Chrome/131.0.0.0 Safari/537.36"
45.79.162.239 - - [15/Sep/2026:16:14:07 +0200] "GET /wp-admin/index.php HTTP/1.1" 302 - "http://jeuxdecasino69.com/wp-login.php" "Mozilla/5.0 (Windows NT 10.0; Win64; x64; rv:92.0) Gecko/20100101 Firefox/92.0"
45.79.162.239 - - [15/Sep/2026:16:14:07 +0200] "GET /wp-login.php?redirect_to=https%3A%2F%2Fjeuxdecasino69.com%2Fwp-admin%2Findex.php&reauth=1 HTTP/1.1" 200 6484 "http://jeuxdecasino69.com/wp-login.php" "Mozilla/5.0 (Windows NT 10.0; Win64; x64; rv:92.0) Gecko/20100101 Firefox/92.0"
34.88.24.229 - - [15/Sep/2026:16:14:07 +0200] "GET /phpinfo HTTP/1.1" 404 58662 "-" "Mozilla/5.0 (X11; Linux x86_64) AppleWebKit/537.36 (KHTML, like Gecko) Chrome/131.0.0.0 Safari/537.36"
34.88.24.229 - - [15/Sep/2026:16:14:07 +0200] "GET /p.php HTTP/1.1" 301 - "-" "Mozilla/5.0 (X11; Linux x86_64) AppleWebKit/537.36 (KHTML, like Gecko) Chrome/131.0.0.0 Safari/537.36"
45.79.162.239 - - [15/Sep/2026:16:14:08 +0200] "GET /wp-admin/index.php HTTP/1.1" 302 - "http://jeuxdecasino69.com/wp-login.php" "Mozilla/5.0 (X11; Linux x86_64; rv:90.0) Gecko/20100101 Firefox/90.0.1"
34.88.24.229 - - [15/Sep/2026:16:14:08 +0200] "GET /p.php HTTP/1.1" 404 58662 "-" "Mozilla/5.0 (X11; Linux x86_64) AppleWebKit/537.36 (KHTML, like Gecko) Chrome/131.0.0.0 Safari/537.36"
45.79.162.239 - - [15/Sep/2026:16:14:08 +0200] "GET /wp-login.php?redirect_to=https%3A%2F%2Fjeuxdecasino69.com%2Fwp-admin%2Findex.php&reauth=1 HTTP/1.1" 200 6484 "http://jeuxdecasino69.com/wp-login.php" "Mozilla/5.0 (X11; Linux x86_64; rv:90.0) Gecko/20100101 Firefox/90.0.1"
45.79.162.239 - - [15/Sep/2026:16:14:08 +0200] "GET /wp-admin/index.php HTTP/1.1" 302 - "http://jeuxdecasino69.com/wp-login.php" "Mozilla/5.0 (X11; Linux x86_64; rv:90.0) Gecko/20100101 Firefox/90.0.1"
45.79.162.239 - - [15/Sep/2026:16:14:08 +0200] "GET /wp-login.php?redirect_to=https%3A%2F%2Fjeuxdecasino69.com%2Fwp-admin%2Findex.php&reauth=1 HTTP/1.1" 200 6484 "http://jeuxdecasino69.com/wp-login.php" "Mozilla/5.0 (X11; Linux x86_64; rv:90.0) Gecko/20100101 Firefox/90.0.1"
45.79.162.239 - - [15/Sep/2026:16:14:09 +0200] "GET /wp-admin/index.php HTTP/1.1" 302 - "http://jeuxdecasino69.com/wp-login.php" "Mozilla/5.0 (Windows NT 6.1; Win64; x64) AppleWebKit/537.36 (KHTML, like Gecko) Chrome/92.0.4515.131 Safari/537.36"
45.79.162.239 - - [15/Sep/2026:16:14:09 +0200] "GET /wp-login.php?redirect_to=https%3A%2F%2Fjeuxdecasino69.com%2Fwp-admin%2Findex.php&reauth=1 HTTP/1.1" 200 6484 "http://jeuxdecasino69.com/wp-login.php" "Mozilla/5.0 (Windows NT 6.1; Win64; x64) AppleWebKit/537.36 (KHTML, like Gecko) Chrome/92.0.4515.131 Safari/537.36"
34.88.24.229 - - [15/Sep/2026:16:14:09 +0200] "GET /debug.php HTTP/1.1" 301 - "-" "Mozilla/5.0 (X11; Linux x86_64) AppleWebKit/537.36 (KHTML, like Gecko) Chrome/131.0.0.0 Safari/537.36"
45.79.162.239 - - [15/Sep/2026:16:14:09 +0200] "GET /wp-admin/index.php HTTP/1.1" 302 - "http://jeuxdecasino69.com/wp-login.php" "Mozilla/5.0 (Windows NT 6.1; Win64; x64) AppleWebKit/537.36 (KHTML, like Gecko) Chrome/92.0.4515.131 Safari/537.36"
34.88.24.229 - - [15/Sep/2026:16:14:09 +0200] "GET /debug.php HTTP/1.1" 404 58662 "-" "Mozilla/5.0 (X11; Linux x86_64) AppleWebKit/537.36 (KHTML, like Gecko) Chrome/131.0.0.0 Safari/537.36"
45.79.162.239 - - [15/Sep/2026:16:14:10 +0200] "GET /wp-login.php?redirect_to=https%3A%2F%2Fjeuxdecasino69.com%2Fwp-admin%2Findex.php&reauth=1 HTTP/1.1" 200 6484 "http://jeuxdecasino69.com/wp-login.php" "Mozilla/5.0 (Windows NT 6.1; Win64; x64) AppleWebKit/537.36 (KHTML, like Gecko) Chrome/92.0.4515.131 Safari/537.36"
34.88.24.229 - - [15/Sep/2026:16:14:10 +0200] "GET /admin/phpinfo.php HTTP/1.1" 301 - "-" "Mozilla/5.0 (X11; Linux x86_64) AppleWebKit/537.36 (KHTML, like Gecko) Chrome/131.0.0.0 Safari/537.36"
45.79.162.239 - - [15/Sep/2026:16:14:11 +0200] "GET /wp-admin/index.php HTTP/1.1" 302 - "http://jeuxdecasino69.com/wp-login.php" "Mozilla/5.0 (X11; Linux x86_64; rv:92.0) Gecko/20100101 Firefox/92.0"
45.79.162.239 - - [15/Sep/2026:16:14:11 +0200] "GET /wp-login.php?redirect_to=https%3A%2F%2Fjeuxdecasino69.com%2Fwp-admin%2Findex.php&reauth=1 HTTP/1.1" 200 6484 "http://jeuxdecasino69.com/wp-login.php" "Mozilla/5.0 (X11; Linux x86_64; rv:92.0) Gecko/20100101 Firefox/92.0"
34.88.24.229 - - [15/Sep/2026:16:14:11 +0200] "GET /admin/phpinfo.php HTTP/1.1" 404 58662 "-" "Mozilla/5.0 (X11; Linux x86_64) AppleWebKit/537.36 (KHTML, like Gecko) Chrome/131.0.0.0 Safari/537.36"
45.79.162.239 - - [15/Sep/2026:16:14:11 +0200] "GET /wp-admin/index.php HTTP/1.1" 302 - "http://jeuxdecasino69.com/wp-login.php" "Mozilla/5.0 (X11; Linux x86_64; rv:92.0) Gecko/20100101 Firefox/92.0"
34.88.24.229 - - [15/Sep/2026:16:14:11 +0200] "GET /test/phpinfo.php HTTP/1.1" 301 - "-" "Mozilla/5.0 (X11; Linux x86_64) AppleWebKit/537.36 (KHTML, like Gecko) Chrome/131.0.0.0 Safari/537.36"
45.79.162.239 - - [15/Sep/2026:16:14:12 +0200] "GET /wp-login.php?redirect_to=https%3A%2F%2Fjeuxdecasino69.com%2Fwp-admin%2Findex.php&reauth=1 HTTP/1.1" 200 6484 "http://jeuxdecasino69.com/wp-login.php" "Mozilla/5.0 (X11; Linux x86_64; rv:92.0) Gecko/20100101 Firefox/92.0"
34.88.24.229 - - [15/Sep/2026:16:14:12 +0200] "GET /test/phpinfo.php HTTP/1.1" 404 58662 "-" "Mozilla/5.0 (X11; Linux x86_64) AppleWebKit/537.36 (KHTML, like Gecko) Chrome/131.0.0.0 Safari/537.36"
45.79.162.239 - - [15/Sep/2026:16:14:12 +0200] "GET /wp-admin/index.php HTTP/1.1" 302 - "http://jeuxdecasino69.com/wp-login.php" "Mozilla/5.0 (Macintosh; Intel Mac OS X 10_15_7) AppleWebKit/605.1.15 (KHTML, like Gecko) Version/14.1.2 Safari/605.1.15"
34.88.24.229 - - [15/Sep/2026:16:14:12 +0200] "GET /dev/phpinfo.php HTTP/1.1" 301 - "-" "Mozilla/5.0 (X11; Linux x86_64) AppleWebKit/537.36 (KHTML, like Gecko) Chrome/131.0.0.0 Safari/537.36"
45.79.162.239 - - [15/Sep/2026:16:14:12 +0200] "GET /wp-login.php?redirect_to=https%3A%2F%2Fjeuxdecasino69.com%2Fwp-admin%2Findex.php&reauth=1 HTTP/1.1" 200 6484 "http://jeuxdecasino69.com/wp-login.php" "Mozilla/5.0 (Macintosh; Intel Mac OS X 10_15_7) AppleWebKit/605.1.15 (KHTML, like Gecko) Version/14.1.2 Safari/605.1.15"
45.79.162.239 - - [15/Sep/2026:16:14:13 +0200] "GET /wp-admin/index.php HTTP/1.1" 302 - "http://jeuxdecasino69.com/wp-login.php" "Mozilla/5.0 (Macintosh; Intel Mac OS X 10_15_7) AppleWebKit/605.1.15 (KHTML, like Gecko) Version/14.1.2 Safari/605.1.15"
34.88.24.229 - - [15/Sep/2026:16:14:12 +0200] "GET /dev/phpinfo.php HTTP/1.1" 404 58662 "-" "Mozilla/5.0 (X11; Linux x86_64) AppleWebKit/537.36 (KHTML, like Gecko) Chrome/131.0.0.0 Safari/537.36"
45.79.162.239 - - [15/Sep/2026:16:14:13 +0200] "GET /wp-login.php?redirect_to=https%3A%2F%2Fjeuxdecasino69.com%2Fwp-admin%2Findex.php&reauth=1 HTTP/1.1" 200 6484 "http://jeuxdecasino69.com/wp-login.php" "Mozilla/5.0 (Macintosh; Intel Mac OS X 10_15_7) AppleWebKit/605.1.15 (KHTML, like Gecko) Version/14.1.2 Safari/605.1.15"
34.88.24.229 - - [15/Sep/2026:16:14:13 +0200] "GET /old/phpinfo.php HTTP/1.1" 301 - "-" "Mozilla/5.0 (X11; Linux x86_64) AppleWebKit/537.36 (KHTML, like Gecko) Chrome/131.0.0.0 Safari/537.36"
45.79.162.239 - - [15/Sep/2026:16:14:13 +0200] "GET /wp-admin/index.php HTTP/1.1" 302 - "http://jeuxdecasino69.com/wp-login.php" "Mozilla/5.0 (Windows NT 10.0; Win64; x64) AppleWebKit/605.1.15 (KHTML, like Gecko) Version/14.1.2 Safari/605.1.15"
34.88.24.229 - - [15/Sep/2026:16:14:13 +0200] "GET /old/phpinfo.php HTTP/1.1" 404 58662 "-" "Mozilla/5.0 (X11; Linux x86_64) AppleWebKit/537.36 (KHTML, like Gecko) Chrome/131.0.0.0 Safari/537.36"
45.79.162.239 - - [15/Sep/2026:16:14:14 +0200] "GET /wp-login.php?redirect_to=https%3A%2F%2Fjeuxdecasino69.com%2Fwp-admin%2Findex.php&reauth=1 HTTP/1.1" 200 6484 "http://jeuxdecasino69.com/wp-login.php" "Mozilla/5.0 (Windows NT 10.0; Win64; x64) AppleWebKit/605.1.15 (KHTML, like Gecko) Version/14.1.2 Safari/605.1.15"
34.88.24.229 - - [15/Sep/2026:16:14:14 +0200] "GET /tmp/phpinfo.php HTTP/1.1" 301 - "-" "Mozilla/5.0 (X11; Linux x86_64) AppleWebKit/537.36 (KHTML, like Gecko) Chrome/131.0.0.0 Safari/537.36"
45.79.162.239 - - [15/Sep/2026:16:14:14 +0200] "GET /wp-admin/index.php HTTP/1.1" 302 - "http://jeuxdecasino69.com/wp-login.php" "Mozilla/5.0 (Windows NT 10.0; Win64; x64) AppleWebKit/605.1.15 (KHTML, like Gecko) Version/14.1.2 Safari/605.1.15"
45.79.162.239 - - [15/Sep/2026:16:14:14 +0200] "GET /wp-login.php?redirect_to=https%3A%2F%2Fjeuxdecasino69.com%2Fwp-admin%2Findex.php&reauth=1 HTTP/1.1" 200 6484 "http://jeuxdecasino69.com/wp-login.php" "Mozilla/5.0 (Windows NT 10.0; Win64; x64) AppleWebKit/605.1.15 (KHTML, like Gecko) Version/14.1.2 Safari/605.1.15"
34.88.24.229 - - [15/Sep/2026:16:14:14 +0200] "GET /tmp/phpinfo.php HTTP/1.1" 404 58662 "-" "Mozilla/5.0 (X11; Linux x86_64) AppleWebKit/537.36 (KHTML, like Gecko) Chrome/131.0.0.0 Safari/537.36"
45.79.162.239 - - [15/Sep/2026:16:14:15 +0200] "GET /wp-admin/index.php HTTP/1.1" 302 - "http://jeuxdecasino69.com/wp-login.php" "Mozilla/5.0 (X11; Linux x86_64) AppleWebKit/537.36 (KHTML, like Gecko) Chrome/94.0.4606.71 Safari/537.36"
34.88.24.229 - - [15/Sep/2026:16:14:15 +0200] "GET /public/phpinfo.php HTTP/1.1" 301 - "-" "Mozilla/5.0 (X11; Linux x86_64) AppleWebKit/537.36 (KHTML, like Gecko) Chrome/131.0.0.0 Safari/537.36"
45.79.162.239 - - [15/Sep/2026:16:14:15 +0200] "GET /wp-login.php?redirect_to=https%3A%2F%2Fjeuxdecasino69.com%2Fwp-admin%2Findex.php&reauth=1 HTTP/1.1" 200 6484 "http://jeuxdecasino69.com/wp-login.php" "Mozilla/5.0 (X11; Linux x86_64) AppleWebKit/537.36 (KHTML, like Gecko) Chrome/94.0.4606.71 Safari/537.36"
45.79.162.239 - - [15/Sep/2026:16:14:15 +0200] "GET /wp-admin/index.php HTTP/1.1" 302 - "http://jeuxdecasino69.com/wp-login.php" "Mozilla/5.0 (X11; Linux x86_64) AppleWebKit/537.36 (KHTML, like Gecko) Chrome/94.0.4606.71 Safari/537.36"
34.88.24.229 - - [15/Sep/2026:16:14:15 +0200] "GET /public/phpinfo.php HTTP/1.1" 404 58662 "-" "Mozilla/5.0 (X11; Linux x86_64) AppleWebKit/537.36 (KHTML, like Gecko) Chrome/131.0.0.0 Safari/537.36"
45.79.162.239 - - [15/Sep/2026:16:14:15 +0200] "GET /wp-login.php?redirect_to=https%3A%2F%2Fjeuxdecasino69.com%2Fwp-admin%2Findex.php&reauth=1 HTTP/1.1" 200 6484 "http://jeuxdecasino69.com/wp-login.php" "Mozilla/5.0 (X11; Linux x86_64) AppleWebKit/537.36 (KHTML, like Gecko) Chrome/94.0.4606.71 Safari/537.36"
34.88.24.229 - - [15/Sep/2026:16:14:16 +0200] "GET /info HTTP/1.1" 301 - "-" "Mozilla/5.0 (X11; Linux x86_64) AppleWebKit/537.36 (KHTML, like Gecko) Chrome/131.0.0.0 Safari/537.36"
45.79.162.239 - - [15/Sep/2026:16:14:16 +0200] "GET /wp-admin/index.php HTTP/1.1" 302 - "http://jeuxdecasino69.com/wp-login.php" "Mozilla/5.0 (X11; Linux x86_64) AppleWebKit/537.36 (KHTML, like Gecko) Chrome/91.0.4472.124 Safari/537.36"
34.88.24.229 - - [15/Sep/2026:16:14:16 +0200] "GET /info HTTP/1.1" 404 58662 "-" "Mozilla/5.0 (X11; Linux x86_64) AppleWebKit/537.36 (KHTML, like Gecko) Chrome/131.0.0.0 Safari/537.36"
45.79.162.239 - - [15/Sep/2026:16:14:16 +0200] "GET /wp-login.php?redirect_to=https%3A%2F%2Fjeuxdecasino69.com%2Fwp-admin%2Findex.php&reauth=1 HTTP/1.1" 200 6484 "http://jeuxdecasino69.com/wp-login.php" "Mozilla/5.0 (X11; Linux x86_64) AppleWebKit/537.36 (KHTML, like Gecko) Chrome/91.0.4472.124 Safari/537.36"
45.79.162.239 - - [15/Sep/2026:16:14:17 +0200] "GET /wp-admin/index.php HTTP/1.1" 302 - "http://jeuxdecasino69.com/wp-login.php" "Mozilla/5.0 (X11; Linux x86_64) AppleWebKit/537.36 (KHTML, like Gecko) Chrome/91.0.4472.124 Safari/537.36"
34.88.24.229 - - [15/Sep/2026:16:14:17 +0200] "GET /php-info.php HTTP/1.1" 301 - "-" "Mozilla/5.0 (X11; Linux x86_64) AppleWebKit/537.36 (KHTML, like Gecko) Chrome/131.0.0.0 Safari/537.36"
45.79.162.239 - - [15/Sep/2026:16:14:17 +0200] "GET /wp-login.php?redirect_to=https%3A%2F%2Fjeuxdecasino69.com%2Fwp-admin%2Findex.php&reauth=1 HTTP/1.1" 200 6484 "http://jeuxdecasino69.com/wp-login.php" "Mozilla/5.0 (X11; Linux x86_64) AppleWebKit/537.36 (KHTML, like Gecko) Chrome/91.0.4472.124 Safari/537.36"
34.88.24.229 - - [15/Sep/2026:16:14:17 +0200] "GET /php-info.php HTTP/1.1" 404 58662 "-" "Mozilla/5.0 (X11; Linux x86_64) AppleWebKit/537.36 (KHTML, like Gecko) Chrome/131.0.0.0 Safari/537.36"
45.79.162.239 - - [15/Sep/2026:16:14:17 +0200] "GET /wp-admin/index.php HTTP/1.1" 302 - "http://jeuxdecasino69.com/wp-login.php" "Mozilla/5.0 (Windows NT 6.1; Win64; x64; rv:90.0) Gecko/20100101 Firefox/90.0.1"
34.88.24.229 - - [15/Sep/2026:16:14:17 +0200] "GET /phpversion.php HTTP/1.1" 301 - "-" "Mozilla/5.0 (X11; Linux x86_64) AppleWebKit/537.36 (KHTML, like Gecko) Chrome/131.0.0.0 Safari/537.36"
45.79.162.239 - - [15/Sep/2026:16:14:18 +0200] "GET /wp-login.php?redirect_to=https%3A%2F%2Fjeuxdecasino69.com%2Fwp-admin%2Findex.php&reauth=1 HTTP/1.1" 200 6484 "http://jeuxdecasino69.com/wp-login.php" "Mozilla/5.0 (Windows NT 6.1; Win64; x64; rv:90.0) Gecko/20100101 Firefox/90.0.1"
45.79.162.239 - - [15/Sep/2026:16:14:18 +0200] "GET /wp-admin/index.php HTTP/1.1" 302 - "http://jeuxdecasino69.com/wp-login.php" "Mozilla/5.0 (Windows NT 6.1; Win64; x64; rv:90.0) Gecko/20100101 Firefox/90.0.1"
34.88.24.229 - - [15/Sep/2026:16:14:18 +0200] "GET /phpversion.php HTTP/1.1" 404 58662 "-" "Mozilla/5.0 (X11; Linux x86_64) AppleWebKit/537.36 (KHTML, like Gecko) Chrome/131.0.0.0 Safari/537.36"
45.79.162.239 - - [15/Sep/2026:16:14:18 +0200] "GET /wp-login.php?redirect_to=https%3A%2F%2Fjeuxdecasino69.com%2Fwp-admin%2Findex.php&reauth=1 HTTP/1.1" 200 6484 "http://jeuxdecasino69.com/wp-login.php" "Mozilla/5.0 (Windows NT 6.1; Win64; x64; rv:90.0) Gecko/20100101 Firefox/90.0.1"
34.88.24.229 - - [15/Sep/2026:16:14:18 +0200] "GET /_phpinfo.php HTTP/1.1" 301 - "-" "Mozilla/5.0 (X11; Linux x86_64) AppleWebKit/537.36 (KHTML, like Gecko) Chrome/131.0.0.0 Safari/537.36"
45.79.162.239 - - [15/Sep/2026:16:14:19 +0200] "GET /wp-admin/index.php HTTP/1.1" 302 - "http://jeuxdecasino69.com/wp-login.php" "Mozilla/5.0 (Macintosh; Intel Mac OS X 10_15_7) AppleWebKit/605.1.15 (KHTML, like Gecko) Version/14.1 Safari/605.1.15"
34.88.24.229 - - [15/Sep/2026:16:14:19 +0200] "GET /_phpinfo.php HTTP/1.1" 404 58662 "-" "Mozilla/5.0 (X11; Linux x86_64) AppleWebKit/537.36 (KHTML, like Gecko) Chrome/131.0.0.0 Safari/537.36"
45.79.162.239 - - [15/Sep/2026:16:14:19 +0200] "GET /wp-login.php?redirect_to=https%3A%2F%2Fjeuxdecasino69.com%2Fwp-admin%2Findex.php&reauth=1 HTTP/1.1" 200 6484 "http://jeuxdecasino69.com/wp-login.php" "Mozilla/5.0 (Macintosh; Intel Mac OS X 10_15_7) AppleWebKit/605.1.15 (KHTML, like Gecko) Version/14.1 Safari/605.1.15"
45.79.162.239 - - [15/Sep/2026:16:14:19 +0200] "GET /wp-admin/index.php HTTP/1.1" 302 - "http://jeuxdecasino69.com/wp-login.php" "Mozilla/5.0 (Macintosh; Intel Mac OS X 10_15_7) AppleWebKit/605.1.15 (KHTML, like Gecko) Version/14.1 Safari/605.1.15"
34.88.24.229 - - [15/Sep/2026:16:14:19 +0200] "GET /old_phpinfo.php HTTP/1.1" 301 - "-" "Mozilla/5.0 (X11; Linux x86_64) AppleWebKit/537.36 (KHTML, like Gecko) Chrome/131.0.0.0 Safari/537.36"
45.79.162.239 - - [15/Sep/2026:16:14:20 +0200] "GET /wp-login.php?redirect_to=https%3A%2F%2Fjeuxdecasino69.com%2Fwp-admin%2Findex.php&reauth=1 HTTP/1.1" 200 6484 "http://jeuxdecasino69.com/wp-login.php" "Mozilla/5.0 (Macintosh; Intel Mac OS X 10_15_7) AppleWebKit/605.1.15 (KHTML, like Gecko) Version/14.1 Safari/605.1.15"
34.88.24.229 - - [15/Sep/2026:16:14:20 +0200] "GET /old_phpinfo.php HTTP/1.1" 404 58662 "-" "Mozilla/5.0 (X11; Linux x86_64) AppleWebKit/537.36 (KHTML, like Gecko) Chrome/131.0.0.0 Safari/537.36"
45.79.162.239 - - [15/Sep/2026:16:14:20 +0200] "GET /wp-admin/index.php HTTP/1.1" 302 - "http://jeuxdecasino69.com/wp-login.php" "Mozilla/5.0 (Windows NT 6.1; Win64; x64) AppleWebKit/537.36 (KHTML, like Gecko) Chrome/92.0.4515.131 Safari/537.36"
34.88.24.229 - - [15/Sep/2026:16:14:20 +0200] "GET /server-info.php HTTP/1.1" 301 - "-" "Mozilla/5.0 (X11; Linux x86_64) AppleWebKit/537.36 (KHTML, like Gecko) Chrome/131.0.0.0 Safari/537.36"
45.79.162.239 - - [15/Sep/2026:16:14:20 +0200] "GET /wp-login.php?redirect_to=https%3A%2F%2Fjeuxdecasino69.com%2Fwp-admin%2Findex.php&reauth=1 HTTP/1.1" 200 6484 "http://jeuxdecasino69.com/wp-login.php" "Mozilla/5.0 (Windows NT 6.1; Win64; x64) AppleWebKit/537.36 (KHTML, like Gecko) Chrome/92.0.4515.131 Safari/537.36"
34.88.24.229 - - [15/Sep/2026:16:14:20 +0200] "GET /server-info.php HTTP/1.1" 404 58662 "-" "Mozilla/5.0 (X11; Linux x86_64) AppleWebKit/537.36 (KHTML, like Gecko) Chrome/131.0.0.0 Safari/537.36"
45.79.162.239 - - [15/Sep/2026:16:14:21 +0200] "GET /wp-admin/index.php HTTP/1.1" 302 - "http://jeuxdecasino69.com/wp-login.php" "Mozilla/5.0 (Windows NT 6.1; Win64; x64) AppleWebKit/537.36 (KHTML, like Gecko) Chrome/92.0.4515.131 Safari/537.36"
45.79.162.239 - - [15/Sep/2026:16:14:21 +0200] "GET /wp-login.php?redirect_to=https%3A%2F%2Fjeuxdecasino69.com%2Fwp-admin%2Findex.php&reauth=1 HTTP/1.1" 200 6484 "http://jeuxdecasino69.com/wp-login.php" "Mozilla/5.0 (Windows NT 6.1; Win64; x64) AppleWebKit/537.36 (KHTML, like Gecko) Chrome/92.0.4515.131 Safari/537.36"
34.88.24.229 - - [15/Sep/2026:16:14:21 +0200] "GET /server-status.php HTTP/1.1" 301 - "-" "Mozilla/5.0 (X11; Linux x86_64) AppleWebKit/537.36 (KHTML, like Gecko) Chrome/131.0.0.0 Safari/537.36"
34.88.24.229 - - [15/Sep/2026:16:14:22 +0200] "GET /server-status.php HTTP/1.1" 404 58662 "-" "Mozilla/5.0 (X11; Linux x86_64) AppleWebKit/537.36 (KHTML, like Gecko) Chrome/131.0.0.0 Safari/537.36"
45.79.162.239 - - [15/Sep/2026:16:14:23 +0200] "GET /wp-admin/index.php HTTP/1.1" 302 - "http://jeuxdecasino69.com/wp-login.php" "Mozilla/5.0 (Macintosh; Intel Mac OS X 10_15_7) AppleWebKit/605.1.15 (KHTML, like Gecko) Version/14.1.2 Safari/605.1.15"
45.79.162.239 - - [15/Sep/2026:16:14:23 +0200] "GET /wp-login.php?redirect_to=https%3A%2F%2Fjeuxdecasino69.com%2Fwp-admin%2Findex.php&reauth=1 HTTP/1.1" 200 6484 "http://jeuxdecasino69.com/wp-login.php" "Mozilla/5.0 (Macintosh; Intel Mac OS X 10_15_7) AppleWebKit/605.1.15 (KHTML, like Gecko) Version/14.1.2 Safari/605.1.15"
34.88.24.229 - - [15/Sep/2026:16:14:23 +0200] "GET /_profiler/phpinfo HTTP/1.1" 301 - "-" "Mozilla/5.0 (X11; Linux x86_64) AppleWebKit/537.36 (KHTML, like Gecko) Chrome/131.0.0.0 Safari/537.36"
45.79.162.239 - - [15/Sep/2026:16:14:24 +0200] "GET /wp-admin/index.php HTTP/1.1" 302 - "http://jeuxdecasino69.com/wp-login.php" "Mozilla/5.0 (Macintosh; Intel Mac OS X 10_15_7) AppleWebKit/605.1.15 (KHTML, like Gecko) Version/14.1.2 Safari/605.1.15"
45.79.162.239 - - [15/Sep/2026:16:14:24 +0200] "GET /wp-login.php?redirect_to=https%3A%2F%2Fjeuxdecasino69.com%2Fwp-admin%2Findex.php&reauth=1 HTTP/1.1" 200 6484 "http://jeuxdecasino69.com/wp-login.php" "Mozilla/5.0 (Macintosh; Intel Mac OS X 10_15_7) AppleWebKit/605.1.15 (KHTML, like Gecko) Version/14.1.2 Safari/605.1.15"
45.79.162.239 - - [15/Sep/2026:16:14:24 +0200] "GET /wp-admin/index.php HTTP/1.1" 302 - "http://jeuxdecasino69.com/wp-login.php" "Mozilla/5.0 (Macintosh; Intel Mac OS X 10_15_7) AppleWebKit/605.1.15 (KHTML, like Gecko) Version/14.1.2 Safari/605.1.15"
34.88.24.229 - - [15/Sep/2026:16:14:24 +0200] "GET /_profiler/phpinfo HTTP/1.1" 404 58662 "-" "Mozilla/5.0 (X11; Linux x86_64) AppleWebKit/537.36 (KHTML, like Gecko) Chrome/131.0.0.0 Safari/537.36"
45.79.162.239 - - [15/Sep/2026:16:14:24 +0200] "GET /wp-login.php?redirect_to=https%3A%2F%2Fjeuxdecasino69.com%2Fwp-admin%2Findex.php&reauth=1 HTTP/1.1" 200 6484 "http://jeuxdecasino69.com/wp-login.php" "Mozilla/5.0 (Macintosh; Intel Mac OS X 10_15_7) AppleWebKit/605.1.15 (KHTML, like Gecko) Version/14.1.2 Safari/605.1.15"
34.88.24.229 - - [15/Sep/2026:16:14:25 +0200] "GET /_environment HTTP/1.1" 301 - "-" "Mozilla/5.0 (X11; Linux x86_64) AppleWebKit/537.36 (KHTML, like Gecko) Chrome/131.0.0.0 Safari/537.36"
45.79.162.239 - - [15/Sep/2026:16:14:25 +0200] "GET /wp-admin/index.php HTTP/1.1" 302 - "http://jeuxdecasino69.com/wp-login.php" "Mozilla/5.0 (Windows NT 10.0; Win64; x64) AppleWebKit/605.1.15 (KHTML, like Gecko) Version/14.1.2 Safari/605.1.15"
34.88.24.229 - - [15/Sep/2026:16:14:25 +0200] "GET /_environment HTTP/1.1" 404 58662 "-" "Mozilla/5.0 (X11; Linux x86_64) AppleWebKit/537.36 (KHTML, like Gecko) Chrome/131.0.0.0 Safari/537.36"
45.79.162.239 - - [15/Sep/2026:16:14:25 +0200] "GET /wp-login.php?redirect_to=https%3A%2F%2Fjeuxdecasino69.com%2Fwp-admin%2Findex.php&reauth=1 HTTP/1.1" 200 6484 "http://jeuxdecasino69.com/wp-login.php" "Mozilla/5.0 (Windows NT 10.0; Win64; x64) AppleWebKit/605.1.15 (KHTML, like Gecko) Version/14.1.2 Safari/605.1.15"
45.79.162.239 - - [15/Sep/2026:16:14:26 +0200] "GET /wp-admin/index.php HTTP/1.1" 302 - "http://jeuxdecasino69.com/wp-login.php" "Mozilla/5.0 (Windows NT 10.0; Win64; x64) AppleWebKit/605.1.15 (KHTML, like Gecko) Version/14.1.2 Safari/605.1.15"
34.88.24.229 - - [15/Sep/2026:16:14:25 +0200] "GET /webroot/index.php/_environment HTTP/1.1" 301 - "-" "Mozilla/5.0 (X11; Linux x86_64) AppleWebKit/537.36 (KHTML, like Gecko) Chrome/131.0.0.0 Safari/537.36"
45.79.162.239 - - [15/Sep/2026:16:14:26 +0200] "GET /wp-login.php?redirect_to=https%3A%2F%2Fjeuxdecasino69.com%2Fwp-admin%2Findex.php&reauth=1 HTTP/1.1" 200 6484 "http://jeuxdecasino69.com/wp-login.php" "Mozilla/5.0 (Windows NT 10.0; Win64; x64) AppleWebKit/605.1.15 (KHTML, like Gecko) Version/14.1.2 Safari/605.1.15"
34.88.24.229 - - [15/Sep/2026:16:14:26 +0200] "GET /webroot/_environment HTTP/1.1" 404 58662 "-" "Mozilla/5.0 (X11; Linux x86_64) AppleWebKit/537.36 (KHTML, like Gecko) Chrome/131.0.0.0 Safari/537.36"
45.79.162.239 - - [15/Sep/2026:16:14:26 +0200] "GET /wp-admin/index.php HTTP/1.1" 302 - "http://jeuxdecasino69.com/wp-login.php" "Mozilla/5.0 (Macintosh; Intel Mac OS X 10_15_7) AppleWebKit/605.1.15 (KHTML, like Gecko) Version/15.0 Safari/605.1.15"
34.88.24.229 - - [15/Sep/2026:16:14:26 +0200] "GET /mail/phpinfo.php HTTP/1.1" 301 - "-" "Mozilla/5.0 (X11; Linux x86_64) AppleWebKit/537.36 (KHTML, like Gecko) Chrome/131.0.0.0 Safari/537.36"
45.79.162.239 - - [15/Sep/2026:16:14:27 +0200] "GET /wp-login.php?redirect_to=https%3A%2F%2Fjeuxdecasino69.com%2Fwp-admin%2Findex.php&reauth=1 HTTP/1.1" 200 6484 "http://jeuxdecasino69.com/wp-login.php" "Mozilla/5.0 (Macintosh; Intel Mac OS X 10_15_7) AppleWebKit/605.1.15 (KHTML, like Gecko) Version/15.0 Safari/605.1.15"
45.79.162.239 - - [15/Sep/2026:16:14:27 +0200] "GET /wp-admin/index.php HTTP/1.1" 302 - "http://jeuxdecasino69.com/wp-login.php" "Mozilla/5.0 (Macintosh; Intel Mac OS X 10_15_7) AppleWebKit/605.1.15 (KHTML, like Gecko) Version/15.0 Safari/605.1.15"
34.88.24.229 - - [15/Sep/2026:16:14:27 +0200] "GET /mail/phpinfo.php HTTP/1.1" 404 58662 "-" "Mozilla/5.0 (X11; Linux x86_64) AppleWebKit/537.36 (KHTML, like Gecko) Chrome/131.0.0.0 Safari/537.36"
45.79.162.239 - - [15/Sep/2026:16:14:27 +0200] "GET /wp-login.php?redirect_to=https%3A%2F%2Fjeuxdecasino69.com%2Fwp-admin%2Findex.php&reauth=1 HTTP/1.1" 200 6484 "http://jeuxdecasino69.com/wp-login.php" "Mozilla/5.0 (Macintosh; Intel Mac OS X 10_15_7) AppleWebKit/605.1.15 (KHTML, like Gecko) Version/15.0 Safari/605.1.15"
34.88.24.229 - - [15/Sep/2026:16:14:27 +0200] "GET /cpanel/phpinfo.php HTTP/1.1" 301 - "-" "Mozilla/5.0 (X11; Linux x86_64) AppleWebKit/537.36 (KHTML, like Gecko) Chrome/131.0.0.0 Safari/537.36"
45.79.162.239 - - [15/Sep/2026:16:14:28 +0200] "GET /wp-admin/index.php HTTP/1.1" 302 - "http://jeuxdecasino69.com/wp-login.php" "Mozilla/5.0 (Windows NT 6.1; Win64; x64) AppleWebKit/537.36 (KHTML, like Gecko) Chrome/92.0.4515.131 Safari/537.36"
45.79.162.239 - - [15/Sep/2026:16:14:28 +0200] "GET /wp-login.php?redirect_to=https%3A%2F%2Fjeuxdecasino69.com%2Fwp-admin%2Findex.php&reauth=1 HTTP/1.1" 200 6484 "http://jeuxdecasino69.com/wp-login.php" "Mozilla/5.0 (Windows NT 6.1; Win64; x64) AppleWebKit/537.36 (KHTML, like Gecko) Chrome/92.0.4515.131 Safari/537.36"
34.88.24.229 - - [15/Sep/2026:16:14:28 +0200] "GET /cpanel/phpinfo.php HTTP/1.1" 404 58662 "-" "Mozilla/5.0 (X11; Linux x86_64) AppleWebKit/537.36 (KHTML, like Gecko) Chrome/131.0.0.0 Safari/537.36"
45.79.162.239 - - [15/Sep/2026:16:14:28 +0200] "GET /wp-admin/index.php HTTP/1.1" 302 - "http://jeuxdecasino69.com/wp-login.php" "Mozilla/5.0 (Windows NT 6.1; Win64; x64) AppleWebKit/537.36 (KHTML, like Gecko) Chrome/92.0.4515.131 Safari/537.36"
34.88.24.229 - - [15/Sep/2026:16:14:28 +0200] "GET /hosting/phpinfo.php HTTP/1.1" 301 - "-" "Mozilla/5.0 (X11; Linux x86_64) AppleWebKit/537.36 (KHTML, like Gecko) Chrome/131.0.0.0 Safari/537.36"
45.79.162.239 - - [15/Sep/2026:16:14:28 +0200] "GET /wp-login.php?redirect_to=https%3A%2F%2Fjeuxdecasino69.com%2Fwp-admin%2Findex.php&reauth=1 HTTP/1.1" 200 6484 "http://jeuxdecasino69.com/wp-login.php" "Mozilla/5.0 (Windows NT 6.1; Win64; x64) AppleWebKit/537.36 (KHTML, like Gecko) Chrome/92.0.4515.131 Safari/537.36"
45.79.162.239 - - [15/Sep/2026:16:14:29 +0200] "GET /wp-admin/index.php HTTP/1.1" 302 - "http://jeuxdecasino69.com/wp-login.php" "Mozilla/5.0 (Macintosh; Intel Mac OS X 10_15_7) AppleWebKit/605.1.15 (KHTML, like Gecko) Version/14.1.2 Safari/605.1.15"
34.88.24.229 - - [15/Sep/2026:16:14:29 +0200] "GET /hosting/phpinfo.php HTTP/1.1" 404 58662 "-" "Mozilla/5.0 (X11; Linux x86_64) AppleWebKit/537.36 (KHTML, like Gecko) Chrome/131.0.0.0 Safari/537.36"
45.79.162.239 - - [15/Sep/2026:16:14:29 +0200] "GET /wp-login.php?redirect_to=https%3A%2F%2Fjeuxdecasino69.com%2Fwp-admin%2Findex.php&reauth=1 HTTP/1.1" 200 6484 "http://jeuxdecasino69.com/wp-login.php" "Mozilla/5.0 (Macintosh; Intel Mac OS X 10_15_7) AppleWebKit/605.1.15 (KHTML, like Gecko) Version/14.1.2 Safari/605.1.15"
34.88.24.229 - - [15/Sep/2026:16:14:29 +0200] "GET /webmail/phpinfo.php HTTP/1.1" 200 34861 "-" "Mozilla/5.0 (X11; Linux x86_64) AppleWebKit/537.36 (KHTML, like Gecko) Chrome/131.0.0.0 Safari/537.36"
45.79.162.239 - - [15/Sep/2026:16:14:30 +0200] "GET /wp-admin/index.php HTTP/1.1" 302 - "http://jeuxdecasino69.com/wp-login.php" "Mozilla/5.0 (Macintosh; Intel Mac OS X 10_15_7) AppleWebKit/605.1.15 (KHTML, like Gecko) Version/14.1.2 Safari/605.1.15"
34.88.24.229 - - [15/Sep/2026:16:14:29 +0200] "GET /smtp/phpinfo.php HTTP/1.1" 301 - "-" "Mozilla/5.0 (X11; Linux x86_64) AppleWebKit/537.36 (KHTML, like Gecko) Chrome/131.0.0.0 Safari/537.36"
45.79.162.239 - - [15/Sep/2026:16:14:30 +0200] "GET /wp-login.php?redirect_to=https%3A%2F%2Fjeuxdecasino69.com%2Fwp-admin%2Findex.php&reauth=1 HTTP/1.1" 200 6484 "http://jeuxdecasino69.com/wp-login.php" "Mozilla/5.0 (Macintosh; Intel Mac OS X 10_15_7) AppleWebKit/605.1.15 (KHTML, like Gecko) Version/14.1.2 Safari/605.1.15"
34.88.24.229 - - [15/Sep/2026:16:14:30 +0200] "GET /smtp/phpinfo.php HTTP/1.1" 404 58662 "-" "Mozilla/5.0 (X11; Linux x86_64) AppleWebKit/537.36 (KHTML, like Gecko) Chrome/131.0.0.0 Safari/537.36"
45.79.162.239 - - [15/Sep/2026:16:14:30 +0200] "GET /wp-admin/index.php HTTP/1.1" 302 - "http://jeuxdecasino69.com/wp-login.php" "Mozilla/5.0 (Windows NT 10.0; Win64; x64) AppleWebKit/605.1.15 (KHTML, like Gecko) Version/15.0 Safari/605.1.15"
45.79.162.239 - - [15/Sep/2026:16:14:30 +0200] "GET /wp-login.php?redirect_to=https%3A%2F%2Fjeuxdecasino69.com%2Fwp-admin%2Findex.php&reauth=1 HTTP/1.1" 200 6484 "http://jeuxdecasino69.com/wp-login.php" "Mozilla/5.0 (Windows NT 10.0; Win64; x64) AppleWebKit/605.1.15 (KHTML, like Gecko) Version/15.0 Safari/605.1.15"
45.79.162.239 - - [15/Sep/2026:16:14:31 +0200] "GET /wp-admin/index.php HTTP/1.1" 302 - "http://jeuxdecasino69.com/wp-login.php" "Mozilla/5.0 (Windows NT 10.0; Win64; x64) AppleWebKit/605.1.15 (KHTML, like Gecko) Version/15.0 Safari/605.1.15"
45.79.162.239 - - [15/Sep/2026:16:14:31 +0200] "GET /wp-login.php?redirect_to=https%3A%2F%2Fjeuxdecasino69.com%2Fwp-admin%2Findex.php&reauth=1 HTTP/1.1" 200 6484 "http://jeuxdecasino69.com/wp-login.php" "Mozilla/5.0 (Windows NT 10.0; Win64; x64) AppleWebKit/605.1.15 (KHTML, like Gecko) Version/15.0 Safari/605.1.15"
45.79.162.239 - - [15/Sep/2026:16:14:32 +0200] "GET /wp-admin/index.php HTTP/1.1" 302 - "http://jeuxdecasino69.com/wp-login.php" "Mozilla/5.0 (Windows NT 6.1; Win64; x64) AppleWebKit/537.36 (KHTML, like Gecko) Chrome/93.0.4577.63 Safari/537.36"
45.79.162.239 - - [15/Sep/2026:16:14:32 +0200] "GET /wp-login.php?redirect_to=https%3A%2F%2Fjeuxdecasino69.com%2Fwp-admin%2Findex.php&reauth=1 HTTP/1.1" 200 6484 "http://jeuxdecasino69.com/wp-login.php" "Mozilla/5.0 (Windows NT 6.1; Win64; x64) AppleWebKit/537.36 (KHTML, like Gecko) Chrome/93.0.4577.63 Safari/537.36"
45.79.162.239 - - [15/Sep/2026:16:14:32 +0200] "GET /wp-admin/index.php HTTP/1.1" 302 - "http://jeuxdecasino69.com/wp-login.php" "Mozilla/5.0 (Windows NT 6.1; Win64; x64) AppleWebKit/537.36 (KHTML, like Gecko) Chrome/93.0.4577.63 Safari/537.36"
45.79.162.239 - - [15/Sep/2026:16:14:32 +0200] "GET /wp-login.php?redirect_to=https%3A%2F%2Fjeuxdecasino69.com%2Fwp-admin%2Findex.php&reauth=1 HTTP/1.1" 200 6484 "http://jeuxdecasino69.com/wp-login.php" "Mozilla/5.0 (Windows NT 6.1; Win64; x64) AppleWebKit/537.36 (KHTML, like Gecko) Chrome/93.0.4577.63 Safari/537.36"
45.79.162.239 - - [15/Sep/2026:16:14:33 +0200] "GET /wp-admin/index.php HTTP/1.1" 302 - "http://jeuxdecasino69.com/wp-login.php" "Mozilla/5.0 (Macintosh; Intel Mac OS X 10_15_7) AppleWebKit/537.36 (KHTML, like Gecko) Chrome/94.0.4606.71 Safari/537.36"
45.79.162.239 - - [15/Sep/2026:16:14:33 +0200] "GET /wp-login.php?redirect_to=https%3A%2F%2Fjeuxdecasino69.com%2Fwp-admin%2Findex.php&reauth=1 HTTP/1.1" 200 6484 "http://jeuxdecasino69.com/wp-login.php" "Mozilla/5.0 (Macintosh; Intel Mac OS X 10_15_7) AppleWebKit/537.36 (KHTML, like Gecko) Chrome/94.0.4606.71 Safari/537.36"
45.79.162.239 - - [15/Sep/2026:16:14:33 +0200] "GET /wp-admin/index.php HTTP/1.1" 302 - "http://jeuxdecasino69.com/wp-login.php" "Mozilla/5.0 (Macintosh; Intel Mac OS X 10_15_7) AppleWebKit/537.36 (KHTML, like Gecko) Chrome/94.0.4606.71 Safari/537.36"
45.79.162.239 - - [15/Sep/2026:16:14:34 +0200] "GET /wp-login.php?redirect_to=https%3A%2F%2Fjeuxdecasino69.com%2Fwp-admin%2Findex.php&reauth=1 HTTP/1.1" 200 6484 "http://jeuxdecasino69.com/wp-login.php" "Mozilla/5.0 (Macintosh; Intel Mac OS X 10_15_7) AppleWebKit/537.36 (KHTML, like Gecko) Chrome/94.0.4606.71 Safari/537.36"
45.79.162.239 - - [15/Sep/2026:16:14:34 +0200] "GET /wp-admin/index.php HTTP/1.1" 302 - "http://jeuxdecasino69.com/wp-login.php" "Mozilla/5.0 (X11; Linux x86_64) AppleWebKit/537.36 (KHTML, like Gecko) Chrome/92.0.4515.131 Safari/537.36"
45.79.162.239 - - [15/Sep/2026:16:14:34 +0200] "GET /wp-login.php?redirect_to=https%3A%2F%2Fjeuxdecasino69.com%2Fwp-admin%2Findex.php&reauth=1 HTTP/1.1" 200 6484 "http://jeuxdecasino69.com/wp-login.php" "Mozilla/5.0 (X11; Linux x86_64) AppleWebKit/537.36 (KHTML, like Gecko) Chrome/92.0.4515.131 Safari/537.36"
45.79.162.239 - - [15/Sep/2026:16:14:35 +0200] "GET /wp-admin/index.php HTTP/1.1" 302 - "http://jeuxdecasino69.com/wp-login.php" "Mozilla/5.0 (X11; Linux x86_64) AppleWebKit/537.36 (KHTML, like Gecko) Chrome/92.0.4515.131 Safari/537.36"
45.79.162.239 - - [15/Sep/2026:16:14:35 +0200] "GET /wp-login.php?redirect_to=https%3A%2F%2Fjeuxdecasino69.com%2Fwp-admin%2Findex.php&reauth=1 HTTP/1.1" 200 6484 "http://jeuxdecasino69.com/wp-login.php" "Mozilla/5.0 (X11; Linux x86_64) AppleWebKit/537.36 (KHTML, like Gecko) Chrome/92.0.4515.131 Safari/537.36"
45.79.162.239 - - [15/Sep/2026:16:14:35 +0200] "GET /wp-admin/index.php HTTP/1.1" 302 - "http://jeuxdecasino69.com/wp-login.php" "Mozilla/5.0 (X11; Linux x86_64) AppleWebKit/537.36 (KHTML, like Gecko) Chrome/92.0.4515.131 Safari/537.36"
45.79.162.239 - - [15/Sep/2026:16:14:36 +0200] "GET /wp-login.php?redirect_to=https%3A%2F%2Fjeuxdecasino69.com%2Fwp-admin%2Findex.php&reauth=1 HTTP/1.1" 200 6484 "http://jeuxdecasino69.com/wp-login.php" "Mozilla/5.0 (X11; Linux x86_64) AppleWebKit/537.36 (KHTML, like Gecko) Chrome/92.0.4515.131 Safari/537.36"
45.79.162.239 - - [15/Sep/2026:16:14:36 +0200] "GET /wp-admin/index.php HTTP/1.1" 302 - "http://jeuxdecasino69.com/wp-login.php" "Mozilla/5.0 (Macintosh; Intel Mac OS X 10_15_7) AppleWebKit/537.36 (KHTML, like Gecko) Chrome/90.0.4430.212 Safari/537.36"
45.79.162.239 - - [15/Sep/2026:16:14:36 +0200] "GET /wp-login.php?redirect_to=https%3A%2F%2Fjeuxdecasino69.com%2Fwp-admin%2Findex.php&reauth=1 HTTP/1.1" 200 6484 "http://jeuxdecasino69.com/wp-login.php" "Mozilla/5.0 (Macintosh; Intel Mac OS X 10_15_7) AppleWebKit/537.36 (KHTML, like Gecko) Chrome/90.0.4430.212 Safari/537.36"
45.79.162.239 - - [15/Sep/2026:16:14:37 +0200] "GET /wp-admin/index.php HTTP/1.1" 302 - "http://jeuxdecasino69.com/wp-login.php" "Mozilla/5.0 (Macintosh; Intel Mac OS X 10_15_7) AppleWebKit/537.36 (KHTML, like Gecko) Chrome/90.0.4430.212 Safari/537.36"
45.79.162.239 - - [15/Sep/2026:16:14:37 +0200] "GET /wp-login.php?redirect_to=https%3A%2F%2Fjeuxdecasino69.com%2Fwp-admin%2Findex.php&reauth=1 HTTP/1.1" 200 6484 "http://jeuxdecasino69.com/wp-login.php" "Mozilla/5.0 (Macintosh; Intel Mac OS X 10_15_7) AppleWebKit/537.36 (KHTML, like Gecko) Chrome/90.0.4430.212 Safari/537.36"
45.79.162.239 - - [15/Sep/2026:16:14:37 +0200] "GET /wp-admin/index.php HTTP/1.1" 302 - "http://jeuxdecasino69.com/wp-login.php" "Mozilla/5.0 (X11; Linux x86_64) AppleWebKit/537.36 (KHTML, like Gecko) Chrome/94.0.4606.71 Safari/537.36"
45.79.162.239 - - [15/Sep/2026:16:14:37 +0200] "GET /wp-login.php?redirect_to=https%3A%2F%2Fjeuxdecasino69.com%2Fwp-admin%2Findex.php&reauth=1 HTTP/1.1" 200 6484 "http://jeuxdecasino69.com/wp-login.php" "Mozilla/5.0 (X11; Linux x86_64) AppleWebKit/537.36 (KHTML, like Gecko) Chrome/94.0.4606.71 Safari/537.36"
45.79.162.239 - - [15/Sep/2026:16:14:38 +0200] "GET /wp-admin/index.php HTTP/1.1" 302 - "http://jeuxdecasino69.com/wp-login.php" "Mozilla/5.0 (X11; Linux x86_64) AppleWebKit/537.36 (KHTML, like Gecko) Chrome/94.0.4606.71 Safari/537.36"
45.79.162.239 - - [15/Sep/2026:16:14:38 +0200] "GET /wp-login.php?redirect_to=https%3A%2F%2Fjeuxdecasino69.com%2Fwp-admin%2Findex.php&reauth=1 HTTP/1.1" 200 6484 "http://jeuxdecasino69.com/wp-login.php" "Mozilla/5.0 (X11; Linux x86_64) AppleWebKit/537.36 (KHTML, like Gecko) Chrome/94.0.4606.71 Safari/537.36"
