157.90.155.240 - - [15/Sep/2026:07:41:26 +0200] "GET / HTTP/1.1" 200 69931 "https://www.jeuxdecasino69.com/" "Mozilla/5.0+(compatible; UptimeRobot/2.0; http://www.uptimerobot.com/)"
34.69.4.79 - - [15/Sep/2026:07:44:35 +0200] "GET /robots.txt HTTP/1.1" 404 - "-" "Mozilla/5.0 AppleWebKit/537.36 (KHTML, like Gecko; compatible; Reflectionbot/1.0; +https://reflection.ai/bot) Chrome/151.0.0.0 Safari/537.36"
34.69.4.79 - - [15/Sep/2026:07:44:36 +0200] "GET /jeux-de-casino-leon-guide.html HTTP/1.1" 404 - "-" "Mozilla/5.0 AppleWebKit/537.36 (KHTML, like Gecko; compatible; Reflectionbot/1.0; +https://reflection.ai/bot) Chrome/151.0.0.0 Safari/537.36"
109.234.167.83 - - [15/Sep/2026:08:08:05 +0200] "POST /wp-cron.php?doing_wp_cron=1789452485.6185400485992431640625 HTTP/1.1" 200 - "-" "WordPress/7.1; https://www.jeuxdecasino69.com"
112.215.45.244 - - [15/Sep/2026:08:08:05 +0200] "GET /wp-login.php HTTP/1.1" 200 6371 "https://jeuxdecasino69.com/wp-login.php" "Mozilla/5.0 (iPhone; CPU iPhone OS 16_6 like Mac OS X) AppleWebKit/605.1.15 (KHTML, like Gecko) Version/16.6 Mobile/15E148 Safari/604.1"
112.215.45.244 - - [15/Sep/2026:08:08:05 +0200] "POST /wp-login.php HTTP/1.1" 200 6747 "https://jeuxdecasino69.com/wp-login.php" "Mozilla/5.0 (iPhone; CPU iPhone OS 16_6 like Mac OS X) AppleWebKit/605.1.15 (KHTML, like Gecko) Version/16.6 Mobile/15E148 Safari/604.1"
61.160.195.61 - - [15/Sep/2026:08:11:46 +0200] "GET /__pboot_probe_not_exist_27204_1789452703722.txt HTTP/1.1" 404 - "-" "Mozilla/5.0 (compatible; Baiduspider/2.0; +http://www.baidu.com/search/spider.html)"
61.160.195.61 - - [15/Sep/2026:08:11:49 +0200] "GET /apps/admin/view/default/layui/css/layui.css HTTP/1.1" 404 - "-" "Mozilla/5.0 (compatible; Baiduspider/2.0; +http://www.baidu.com/search/spider.html)"
61.160.195.61 - - [15/Sep/2026:08:11:50 +0200] "GET /apps/admin/view/default/layui/css/layui.min.css HTTP/1.1" 404 - "-" "Mozilla/5.0 (compatible; Baiduspider/2.0; +http://www.baidu.com/search/spider.html)"
61.160.195.61 - - [15/Sep/2026:08:11:52 +0200] "GET /apps/admin/view/default/layui/layui.js HTTP/1.1" 404 - "-" "Mozilla/5.0 (compatible; Baiduspider/2.0; +http://www.baidu.com/search/spider.html)"
216.26.231.77 - - [15/Sep/2026:08:24:30 +0200] "GET /3708-rank217 HTTP/1.1" 404 - "-" "Mozilla/5.0+(compatible;+Googlebot/2.1;++http://www.google.com/bot.html)"
216.26.231.77 - - [15/Sep/2026:08:24:30 +0200] "GET / HTTP/1.1" 200 69931 "-" "Mozilla/5.0+(compatible;+Googlebot/2.1;++http://www.google.com/bot.html)"
216.26.231.77 - - [15/Sep/2026:08:24:32 +0200] "GET / HTTP/1.1" 200 69931 "-" "Mozilla/5.0 (Windows NT 10.0; Win64; x64) AppleWebKit/537.36 (KHTML, like Gecko) Chrome/132.0.0.0 Safari/537.36"
216.26.231.77 - - [15/Sep/2026:08:24:35 +0200] "GET /wp-login.php HTTP/1.1" 200 6371 "-" "Mozilla/5.0 (Windows NT 10.0; Win64; x64) AppleWebKit/537.36 (KHTML, like Gecko) Chrome/145.0.0.0 Safari/537.36"
216.26.231.77 - - [15/Sep/2026:08:24:35 +0200] "POST /wp-login.php HTTP/1.1" 302 - "https://www.jeuxdecasino69.com/wp-login.php" "Mozilla/5.0 (Windows NT 10.0; Win64; x64) AppleWebKit/537.36 (KHTML, like Gecko) Chrome/145.0.0.0 Safari/537.36"
216.26.231.77 - - [15/Sep/2026:08:24:36 +0200] "GET /wp-admin/ HTTP/1.1" 200 137973 "https://www.jeuxdecasino69.com/wp-login.php" "Mozilla/5.0 (Windows NT 10.0; Win64; x64) AppleWebKit/537.36 (KHTML, like Gecko) Chrome/145.0.0.0 Safari/537.36"
104.207.47.19 - - [15/Sep/2026:08:24:36 +0200] "GET /wp-login.php HTTP/1.1" 200 6371 "-" "Mozilla/5.0 (Windows NT 10.0; Win64; x64) AppleWebKit/537.36 (KHTML, like Gecko) Chrome/145.0.0.0 Safari/537.36"
104.207.47.19 - - [15/Sep/2026:08:24:37 +0200] "POST /wp-login.php HTTP/1.1" 302 - "https://www.jeuxdecasino69.com/wp-login.php" "Mozilla/5.0 (Windows NT 10.0; Win64; x64) AppleWebKit/537.36 (KHTML, like Gecko) Chrome/145.0.0.0 Safari/537.36"
104.207.47.19 - - [15/Sep/2026:08:24:37 +0200] "GET /wp-admin/ HTTP/1.1" 200 137965 "https://www.jeuxdecasino69.com/wp-login.php" "Mozilla/5.0 (Windows NT 10.0; Win64; x64) AppleWebKit/537.36 (KHTML, like Gecko) Chrome/145.0.0.0 Safari/537.36"
216.26.231.77 - - [15/Sep/2026:08:24:37 +0200] "GET /wp-admin/plugins.php?plugin_status=all&paged=1&s HTTP/1.1" 200 140008 "https://www.jeuxdecasino69.com/wp-login.php" "Mozilla/5.0 (Windows NT 10.0; Win64; x64) AppleWebKit/537.36 (KHTML, like Gecko) Chrome/145.0.0.0 Safari/537.36"
216.26.231.77 - - [15/Sep/2026:08:24:39 +0200] "GET /wp-admin/admin.php?page=wp_file_manager HTTP/1.1" 200 115515 "https://www.jeuxdecasino69.com/wp-login.php" "Mozilla/5.0 (Windows NT 10.0; Win64; x64) AppleWebKit/537.36 (KHTML, like Gecko) Chrome/145.0.0.0 Safari/537.36"
104.207.47.19 - - [15/Sep/2026:08:24:40 +0200] "GET /wp-admin/plugins.php?plugin_status=all&paged=1&s HTTP/1.1" 200 140002 "https://www.jeuxdecasino69.com/wp-login.php" "Mozilla/5.0 (Windows NT 10.0; Win64; x64) AppleWebKit/537.36 (KHTML, like Gecko) Chrome/145.0.0.0 Safari/537.36"
216.26.231.77 - - [15/Sep/2026:08:24:40 +0200] "GET /wp-admin/admin-ajax.php?action=mk_file_folder_manager&cmd=mkfile&reqid=1a0a3bd2b9b1c5&name=compatibility.php&target=l1_d3AtaW5jbHVkZXMvY3NzL2Rpc3QvbnV4&_wpnonce=d5a809dc28 HTTP/1.1" 200 447 "https://www.jeuxdecasino69.com/wp-login.php" "Mozilla/5.0 (Windows NT 10.0; Win64; x64) AppleWebKit/537.36 (KHTML, like Gecko) Chrome/145.0.0.0 Safari/537.36"
216.26.231.77 - - [15/Sep/2026:08:24:41 +0200] "POST /wp-admin/admin-ajax.php HTTP/1.1" 200 244 "https://www.jeuxdecasino69.com/wp-login.php" "Mozilla/5.0 (Windows NT 10.0; Win64; x64) AppleWebKit/537.36 (KHTML, like Gecko) Chrome/145.0.0.0 Safari/537.36"
104.207.47.19 - - [15/Sep/2026:08:24:41 +0200] "GET /wp-admin/admin.php?page=wp_file_manager HTTP/1.1" 200 115515 "https://www.jeuxdecasino69.com/wp-login.php" "Mozilla/5.0 (Windows NT 10.0; Win64; x64) AppleWebKit/537.36 (KHTML, like Gecko) Chrome/145.0.0.0 Safari/537.36"
216.26.231.77 - - [15/Sep/2026:08:24:42 +0200] "GET /wp-includes/css/dist/nux/compatibility.php HTTP/1.1" 404 - "https://www.jeuxdecasino69.com/wp-login.php" "Mozilla/5.0 (Windows NT 10.0; Win64; x64) AppleWebKit/537.36 (KHTML, like Gecko) Chrome/145.0.0.0 Safari/537.36"
216.26.231.77 - - [15/Sep/2026:08:24:43 +0200] "GET /wp-admin/admin-ajax.php?action=mk_file_folder_manager&cmd=rm&reqid=1a0a3bd375a1f3&targets%5B%5D=l1_d3AtaW5jbHVkZXMvY3NzL2Rpc3QvbnV4L2NvbXBhdGliaWxpdHkucGhw&_wpnonce=d5a809dc28 HTTP/1.1" 200 284 "https://www.jeuxdecasino69.com/wp-login.php" "Mozilla/5.0 (Windows NT 10.0; Win64; x64) AppleWebKit/537.36 (KHTML, like Gecko) Chrome/145.0.0.0 Safari/537.36"
104.207.47.19 - - [15/Sep/2026:08:24:44 +0200] "GET /wp-admin/admin-ajax.php?action=mk_file_folder_manager&cmd=mkfile&reqid=1a0a3bd3b4e2c8&name=compatibility.php&target=l1_d3AtaW5jbHVkZXMvY3NzL2Rpc3QvbnV4&_wpnonce=6616861e21 HTTP/1.1" 200 447 "https://www.jeuxdecasino69.com/wp-login.php" "Mozilla/5.0 (Windows NT 10.0; Win64; x64) AppleWebKit/537.36 (KHTML, like Gecko) Chrome/145.0.0.0 Safari/537.36"
104.207.47.19 - - [15/Sep/2026:08:24:45 +0200] "POST /wp-admin/admin-ajax.php HTTP/1.1" 200 244 "https://www.jeuxdecasino69.com/wp-login.php" "Mozilla/5.0 (Windows NT 10.0; Win64; x64) AppleWebKit/537.36 (KHTML, like Gecko) Chrome/145.0.0.0 Safari/537.36"
216.26.231.77 - - [15/Sep/2026:08:24:46 +0200] "GET /wp-admin/admin-ajax.php?action=mk_file_folder_manager&cmd=mkfile&reqid=1a0a3bd44655f&name=performance-tweaks.php&target=l1_Lw&_wpnonce=d5a809dc28 HTTP/1.1" 200 1422 "https://www.jeuxdecasino69.com/wp-login.php" "Mozilla/5.0 (Windows NT 10.0; Win64; x64) AppleWebKit/537.36 (KHTML, like Gecko) Chrome/145.0.0.0 Safari/537.36"
104.207.47.19 - - [15/Sep/2026:08:24:46 +0200] "GET /wp-includes/css/dist/nux/compatibility.php HTTP/1.1" 404 - "https://www.jeuxdecasino69.com/wp-login.php" "Mozilla/5.0 (Windows NT 10.0; Win64; x64) AppleWebKit/537.36 (KHTML, like Gecko) Chrome/145.0.0.0 Safari/537.36"
104.207.47.19 - - [15/Sep/2026:08:24:46 +0200] "GET /wp-admin/admin-ajax.php?action=mk_file_folder_manager&cmd=rm&reqid=1a0a3bd46ce1cb&targets%5B%5D=l1_d3AtaW5jbHVkZXMvY3NzL2Rpc3QvbnV4L2NvbXBhdGliaWxpdHkucGhw&_wpnonce=6616861e21 HTTP/1.1" 200 284 "https://www.jeuxdecasino69.com/wp-login.php" "Mozilla/5.0 (Windows NT 10.0; Win64; x64) AppleWebKit/537.36 (KHTML, like Gecko) Chrome/145.0.0.0 Safari/537.36"
216.26.231.77 - - [15/Sep/2026:08:24:47 +0200] "POST /wp-admin/admin-ajax.php HTTP/1.1" 200 192 "https://www.jeuxdecasino69.com/wp-login.php" "Mozilla/5.0 (Windows NT 10.0; Win64; x64) AppleWebKit/537.36 (KHTML, like Gecko) Chrome/145.0.0.0 Safari/537.36"
104.207.47.19 - - [15/Sep/2026:08:24:47 +0200] "GET /wp-admin/admin-ajax.php?action=mk_file_folder_manager&cmd=mkfile&reqid=1a0a3bd48e3286&name=google0238781ab50eef2f.html&target=l1_Lw&_wpnonce=6616861e21 HTTP/1.1" 200 1432 "https://www.jeuxdecasino69.com/wp-login.php" "Mozilla/5.0 (Windows NT 10.0; Win64; x64) AppleWebKit/537.36 (KHTML, like Gecko) Chrome/145.0.0.0 Safari/537.36"
216.26.231.77 - - [15/Sep/2026:08:24:47 +0200] "POST /performance-tweaks.php HTTP/1.1" 200 636 "https://www.jeuxdecasino69.com/wp-login.php" "Mozilla/5.0 (Windows NT 10.0; Win64; x64) AppleWebKit/537.36 (KHTML, like Gecko) Chrome/145.0.0.0 Safari/537.36"
104.207.47.19 - - [15/Sep/2026:08:24:48 +0200] "POST /wp-admin/admin-ajax.php HTTP/1.1" 200 201 "https://www.jeuxdecasino69.com/wp-login.php" "Mozilla/5.0 (Windows NT 10.0; Win64; x64) AppleWebKit/537.36 (KHTML, like Gecko) Chrome/145.0.0.0 Safari/537.36"
216.26.231.77 - - [15/Sep/2026:08:24:48 +0200] "GET /wp-admin/admin-ajax.php?action=mk_file_folder_manager&cmd=rm&reqid=1a0a3bd4b9139d&targets%5B%5D=l1_cGVyZm9ybWFuY2UtdHdlYWtzLnBocA&_wpnonce=d5a809dc28 HTTP/1.1" 200 1284 "https://www.jeuxdecasino69.com/wp-login.php" "Mozilla/5.0 (Windows NT 10.0; Win64; x64) AppleWebKit/537.36 (KHTML, like Gecko) Chrome/145.0.0.0 Safari/537.36"
104.207.47.19 - - [15/Sep/2026:08:24:48 +0200] "GET /wp-admin/admin-ajax.php?action=mk_file_folder_manager&cmd=mkfile&reqid=1a0a3bd4d0f17d&name=google582566b8f7d45475.html&target=l1_Lw&_wpnonce=6616861e21 HTTP/1.1" 200 1432 "https://www.jeuxdecasino69.com/wp-login.php" "Mozilla/5.0 (Windows NT 10.0; Win64; x64) AppleWebKit/537.36 (KHTML, like Gecko) Chrome/145.0.0.0 Safari/537.36"
216.26.231.77 - - [15/Sep/2026:08:24:48 +0200] "GET /wp-admin/admin-ajax.php?action=mk_file_folder_manager&cmd=mkfile&reqid=1a0a3bd4e0557&name=wp-config-sample.php&target=l1_d3AtYWRtaW4vanMvcG9seW0vOElTVWg&_wpnonce=d5a809dc28 HTTP/1.1" 404 - "https://www.jeuxdecasino69.com/wp-login.php" "Mozilla/5.0 (Windows NT 10.0; Win64; x64) AppleWebKit/537.36 (KHTML, like Gecko) Chrome/145.0.0.0 Safari/537.36"
216.26.231.77 - - [15/Sep/2026:08:24:48 +0200] "GET /wp-admin/admin-ajax.php?action=mk_file_folder_manager&cmd=mkfile&reqid=1a0a3bd4dff11d&name=manga.php&target=l1_d3AtaW5jbHVkZXMvYmxvY2tzLzdLVDMvYmxvY2s&_wpnonce=d5a809dc28 HTTP/1.1" 200 455 "https://www.jeuxdecasino69.com/wp-login.php" "Mozilla/5.0 (Windows NT 10.0; Win64; x64) AppleWebKit/537.36 (KHTML, like Gecko) Chrome/145.0.0.0 Safari/537.36"
216.26.231.77 - - [15/Sep/2026:08:24:48 +0200] "GET /wp-admin/admin-ajax.php?action=mk_file_folder_manager&cmd=mkfile&reqid=1a0a3bd4e001c5&name=admin-post.php&target=l1_d3AtaW5jbHVkZXMvVGV4dC9PZGVFL0RpZmYvRW5naW5l&_wpnonce=d5a809dc28 HTTP/1.1" 200 487 "https://www.jeuxdecasino69.com/wp-login.php" "Mozilla/5.0 (Windows NT 10.0; Win64; x64) AppleWebKit/537.36 (KHTML, like Gecko) Chrome/145.0.0.0 Safari/537.36"
104.207.47.19 - - [15/Sep/2026:08:24:49 +0200] "POST /wp-admin/admin-ajax.php HTTP/1.1" 200 201 "https://www.jeuxdecasino69.com/wp-login.php" "Mozilla/5.0 (Windows NT 10.0; Win64; x64) AppleWebKit/537.36 (KHTML, like Gecko) Chrome/145.0.0.0 Safari/537.36"
216.26.231.77 - - [15/Sep/2026:08:24:49 +0200] "GET /wp-admin/admin-ajax.php?action=mk_file_folder_manager&cmd=mkfile&reqid=1a0a3bd505b4d&name=wp-locale.php&target=l1_d3AtYWRtaW4vanMvcG9seW0vOElTVWg&_wpnonce=d5a809dc28 HTTP/1.1" 200 433 "https://www.jeuxdecasino69.com/wp-login.php" "Mozilla/5.0 (Windows NT 10.0; Win64; x64) AppleWebKit/537.36 (KHTML, like Gecko) Chrome/145.0.0.0 Safari/537.36"
216.26.231.77 - - [15/Sep/2026:08:24:49 +0200] "POST /wp-admin/admin-ajax.php HTTP/1.1" 404 - "https://www.jeuxdecasino69.com/wp-login.php" "Mozilla/5.0 (Windows NT 10.0; Win64; x64) AppleWebKit/537.36 (KHTML, like Gecko) Chrome/145.0.0.0 Safari/537.36"
104.207.47.19 - - [15/Sep/2026:08:24:49 +0200] "GET /wp-admin/admin-ajax.php?action=mk_file_folder_manager&cmd=mkfile&reqid=1a0a3bd512334b&name=google59c8bb44196919b8.html&target=l1_Lw&_wpnonce=6616861e21 HTTP/1.1" 200 1432 "https://www.jeuxdecasino69.com/wp-login.php" "Mozilla/5.0 (Windows NT 10.0; Win64; x64) AppleWebKit/537.36 (KHTML, like Gecko) Chrome/145.0.0.0 Safari/537.36"
104.207.47.19 - - [15/Sep/2026:08:24:50 +0200] "POST /wp-admin/admin-ajax.php HTTP/1.1" 200 201 "https://www.jeuxdecasino69.com/wp-login.php" "Mozilla/5.0 (Windows NT 10.0; Win64; x64) AppleWebKit/537.36 (KHTML, like Gecko) Chrome/145.0.0.0 Safari/537.36"
216.26.231.77 - - [15/Sep/2026:08:24:49 +0200] "POST /wp-admin/admin-ajax.php HTTP/1.1" 404 - "https://www.jeuxdecasino69.com/wp-login.php" "Mozilla/5.0 (Windows NT 10.0; Win64; x64) AppleWebKit/537.36 (KHTML, like Gecko) Chrome/145.0.0.0 Safari/537.36"
216.26.231.77 - - [15/Sep/2026:08:24:50 +0200] "POST /wp-admin/admin-ajax.php HTTP/1.1" 404 - "https://www.jeuxdecasino69.com/wp-login.php" "Mozilla/5.0 (Windows NT 10.0; Win64; x64) AppleWebKit/537.36 (KHTML, like Gecko) Chrome/145.0.0.0 Safari/537.36"
216.26.231.77 - - [15/Sep/2026:08:24:50 +0200] "GET /wp-admin/admin-ajax.php?action=mk_file_folder_manager&cmd=mkfile&reqid=1a0a3bd54b61e8&name=wp-login.php&target=l1_d3AtaW5jbHVkZXMvYmxvY2tzLzdLVDMvYmxvY2s&_wpnonce=d5a809dc28 HTTP/1.1" 200 462 "https://www.jeuxdecasino69.com/wp-login.php" "Mozilla/5.0 (Windows NT 10.0; Win64; x64) AppleWebKit/537.36 (KHTML, like Gecko) Chrome/145.0.0.0 Safari/537.36"
216.26.231.77 - - [15/Sep/2026:08:24:50 +0200] "GET /wp-admin/admin-ajax.php?action=mk_file_folder_manager&cmd=mkfile&reqid=1a0a3bd55d82a6&name=plugins.php&target=l1_d3AtaW5jbHVkZXMvU2ltcGxlUGllL2xpYi9NNGpSNC9zaW0&_wpnonce=d5a809dc28 HTTP/1.1" 200 493 "https://www.jeuxdecasino69.com/wp-login.php" "Mozilla/5.0 (Windows NT 10.0; Win64; x64) AppleWebKit/537.36 (KHTML, like Gecko) Chrome/145.0.0.0 Safari/537.36"
104.207.47.19 - - [15/Sep/2026:08:24:50 +0200] "GET /wp-admin/admin-ajax.php?action=mk_file_folder_manager&cmd=mkfile&reqid=1a0a3bd559729&name=google826830ea1472121e.html&target=l1_Lw&_wpnonce=6616861e21 HTTP/1.1" 200 1432 "https://www.jeuxdecasino69.com/wp-login.php" "Mozilla/5.0 (Windows NT 10.0; Win64; x64) AppleWebKit/537.36 (KHTML, like Gecko) Chrome/145.0.0.0 Safari/537.36"
216.26.231.77 - - [15/Sep/2026:08:24:51 +0200] "GET /wp-admin/admin-ajax.php?action=mk_file_folder_manager&cmd=mkfile&reqid=1a0a3bd56e6363&name=theme-editor.php&target=l1_d3AtaW5jbHVkZXMvU2ltcGxlUGllL2xpYi9NNGpSNC9zaW0&_wpnonce=d5a809dc28 HTTP/1.1" 200 505 "https://www.jeuxdecasino69.com/wp-login.php" "Mozilla/5.0 (Windows NT 10.0; Win64; x64) AppleWebKit/537.36 (KHTML, like Gecko) Chrome/145.0.0.0 Safari/537.36"
216.26.231.77 - - [15/Sep/2026:08:24:51 +0200] "POST /wp-admin/admin-ajax.php HTTP/1.1" 404 - "https://www.jeuxdecasino69.com/wp-login.php" "Mozilla/5.0 (Windows NT 10.0; Win64; x64) AppleWebKit/537.36 (KHTML, like Gecko) Chrome/145.0.0.0 Safari/537.36"
104.207.47.19 - - [15/Sep/2026:08:24:51 +0200] "POST /wp-admin/admin-ajax.php HTTP/1.1" 200 201 "https://www.jeuxdecasino69.com/wp-login.php" "Mozilla/5.0 (Windows NT 10.0; Win64; x64) AppleWebKit/537.36 (KHTML, like Gecko) Chrome/145.0.0.0 Safari/537.36"
216.26.231.77 - - [15/Sep/2026:08:24:51 +0200] "POST /wp-admin/admin-ajax.php HTTP/1.1" 200 246 "https://www.jeuxdecasino69.com/wp-login.php" "Mozilla/5.0 (Windows NT 10.0; Win64; x64) AppleWebKit/537.36 (KHTML, like Gecko) Chrome/145.0.0.0 Safari/537.36"
104.207.47.19 - - [15/Sep/2026:08:24:52 +0200] "GET /wp-admin/admin-ajax.php?action=mk_file_folder_manager&cmd=mkfile&reqid=1a0a3bd5a57124&name=googled04d588160dddfa6.html&target=l1_Lw&_wpnonce=6616861e21 HTTP/1.1" 200 1432 "https://www.jeuxdecasino69.com/wp-login.php" "Mozilla/5.0 (Windows NT 10.0; Win64; x64) AppleWebKit/537.36 (KHTML, like Gecko) Chrome/145.0.0.0 Safari/537.36"
216.26.231.77 - - [15/Sep/2026:08:24:52 +0200] "GET /wp-admin/admin-ajax.php?action=mk_file_folder_manager&cmd=mkfile&reqid=1a0a3bd59e71b0&name=xmlrpc.php&target=l1_d3AtaW5jbHVkZXMvYmxvY2tzL2NvdmVy&_wpnonce=d5a809dc28 HTTP/1.1" 200 430 "https://www.jeuxdecasino69.com/wp-login.php" "Mozilla/5.0 (Windows NT 10.0; Win64; x64) AppleWebKit/537.36 (KHTML, like Gecko) Chrome/145.0.0.0 Safari/537.36"
216.26.231.77 - - [15/Sep/2026:08:24:51 +0200] "POST /wp-admin/admin-ajax.php HTTP/1.1" 404 - "https://www.jeuxdecasino69.com/wp-login.php" "Mozilla/5.0 (Windows NT 10.0; Win64; x64) AppleWebKit/537.36 (KHTML, like Gecko) Chrome/145.0.0.0 Safari/537.36"
216.26.231.77 - - [15/Sep/2026:08:24:52 +0200] "GET /wp-includes/blocks/7KT3/block/wp-login.php HTTP/1.1" 200 114023 "https://www.jeuxdecasino69.com/wp-login.php" "Mozilla/5.0 (Windows NT 10.0; Win64; x64) AppleWebKit/537.36 (KHTML, like Gecko) Chrome/145.0.0.0 Safari/537.36"
104.207.47.19 - - [15/Sep/2026:08:24:52 +0200] "POST /wp-admin/admin-ajax.php HTTP/1.1" 200 201 "https://www.jeuxdecasino69.com/wp-login.php" "Mozilla/5.0 (Windows NT 10.0; Win64; x64) AppleWebKit/537.36 (KHTML, like Gecko) Chrome/145.0.0.0 Safari/537.36"
216.26.231.77 - - [15/Sep/2026:08:24:52 +0200] "POST /wp-admin/admin-ajax.php HTTP/1.1" 200 228 "https://www.jeuxdecasino69.com/wp-login.php" "Mozilla/5.0 (Windows NT 10.0; Win64; x64) AppleWebKit/537.36 (KHTML, like Gecko) Chrome/145.0.0.0 Safari/537.36"
216.26.231.77 - - [15/Sep/2026:08:24:52 +0200] "GET /wp-admin/admin-ajax.php?action=mk_file_folder_manager&cmd=mkfile&reqid=1a0a3bd5e2d1c2&name=admin.php&target=l1_d3AtYWRtaW4vY3NzL2NvbG9ycy9lY3RvcGxhc20vZWN0b3BsYXM&_wpnonce=d5a809dc28 HTTP/1.1" 200 502 "https://www.jeuxdecasino69.com/wp-login.php" "Mozilla/5.0 (Windows NT 10.0; Win64; x64) AppleWebKit/537.36 (KHTML, like Gecko) Chrome/145.0.0.0 Safari/537.36"
216.26.231.77 - - [15/Sep/2026:08:24:52 +0200] "GET /wp-admin/admin-ajax.php?action=mk_file_folder_manager&cmd=mkfile&reqid=1a0a3bd5e4f28&name=wp-signup.php&target=l1_d3AtYWRtaW4vY3NzL2NvbG9ycy9lY3RvcGxhc20vZWN0b3BsYXM&_wpnonce=d5a809dc28 HTTP/1.1" 200 512 "https://www.jeuxdecasino69.com/wp-login.php" "Mozilla/5.0 (Windows NT 10.0; Win64; x64) AppleWebKit/537.36 (KHTML, like Gecko) Chrome/145.0.0.0 Safari/537.36"
104.207.47.19 - - [15/Sep/2026:08:24:53 +0200] "GET /wp-admin/admin-ajax.php?action=mk_file_folder_manager&cmd=mkfile&reqid=1a0a3bd5e66214&name=googlef7a1814e3d903cbd.html&target=l1_Lw&_wpnonce=6616861e21 HTTP/1.1" 200 1432 "https://www.jeuxdecasino69.com/wp-login.php" "Mozilla/5.0 (Windows NT 10.0; Win64; x64) AppleWebKit/537.36 (KHTML, like Gecko) Chrome/145.0.0.0 Safari/537.36"
216.26.231.77 - - [15/Sep/2026:08:24:53 +0200] "GET /wp-includes/blocks/cover/xmlrpc.php HTTP/1.1" 200 40967 "https://www.jeuxdecasino69.com/wp-login.php" "Mozilla/5.0 (Windows NT 10.0; Win64; x64) AppleWebKit/537.36 (KHTML, like Gecko) Chrome/145.0.0.0 Safari/537.36"
216.26.231.77 - - [15/Sep/2026:08:24:53 +0200] "POST /wp-admin/admin-ajax.php HTTP/1.1" 200 263 "https://www.jeuxdecasino69.com/wp-login.php" "Mozilla/5.0 (Windows NT 10.0; Win64; x64) AppleWebKit/537.36 (KHTML, like Gecko) Chrome/145.0.0.0 Safari/537.36"
216.26.231.77 - - [15/Sep/2026:08:24:53 +0200] "POST /wp-admin/admin-ajax.php HTTP/1.1" 200 273 "https://www.jeuxdecasino69.com/wp-login.php" "Mozilla/5.0 (Windows NT 10.0; Win64; x64) AppleWebKit/537.36 (KHTML, like Gecko) Chrome/145.0.0.0 Safari/537.36"
216.26.231.77 - - [15/Sep/2026:08:24:53 +0200] "GET /wp-admin/admin-ajax.php?action=mk_file_folder_manager&cmd=mkfile&reqid=1a0a3bd616c4a&name=cache-bridge.php&target=l1_Lw&_wpnonce=d5a809dc28 HTTP/1.1" 200 1408 "https://www.jeuxdecasino69.com/wp-login.php" "Mozilla/5.0 (Windows NT 10.0; Win64; x64) AppleWebKit/537.36 (KHTML, like Gecko) Chrome/145.0.0.0 Safari/537.36"
104.207.47.19 - - [15/Sep/2026:08:24:53 +0200] "POST /wp-admin/admin-ajax.php HTTP/1.1" 200 201 "https://www.jeuxdecasino69.com/wp-login.php" "Mozilla/5.0 (Windows NT 10.0; Win64; x64) AppleWebKit/537.36 (KHTML, like Gecko) Chrome/145.0.0.0 Safari/537.36"
216.26.231.77 - - [15/Sep/2026:08:24:54 +0200] "GET /wp-admin/css/colors/ectoplasm/ectoplas/admin.php HTTP/1.1" 404 - "https://www.jeuxdecasino69.com/wp-login.php" "Mozilla/5.0 (Windows NT 10.0; Win64; x64) AppleWebKit/537.36 (KHTML, like Gecko) Chrome/145.0.0.0 Safari/537.36"
216.26.231.77 - - [15/Sep/2026:08:24:54 +0200] "GET /wp-admin/css/colors/ectoplasm/ectoplas/wp-signup.php HTTP/1.1" 404 - "https://www.jeuxdecasino69.com/wp-login.php" "Mozilla/5.0 (Windows NT 10.0; Win64; x64) AppleWebKit/537.36 (KHTML, like Gecko) Chrome/145.0.0.0 Safari/537.36"
216.26.231.77 - - [15/Sep/2026:08:24:54 +0200] "POST /wp-admin/admin-ajax.php HTTP/1.1" 200 178 "https://www.jeuxdecasino69.com/wp-login.php" "Mozilla/5.0 (Windows NT 10.0; Win64; x64) AppleWebKit/537.36 (KHTML, like Gecko) Chrome/145.0.0.0 Safari/537.36"
104.207.47.19 - - [15/Sep/2026:08:24:54 +0200] "GET /wp-admin/admin-ajax.php?action=mk_file_folder_manager&cmd=mkfile&reqid=1a0a3bd63dd269&name=googleffcdbb1395f04c94.html&target=l1_Lw&_wpnonce=6616861e21 HTTP/1.1" 200 1432 "https://www.jeuxdecasino69.com/wp-login.php" "Mozilla/5.0 (Windows NT 10.0; Win64; x64) AppleWebKit/537.36 (KHTML, like Gecko) Chrome/145.0.0.0 Safari/537.36"
216.26.231.77 - - [15/Sep/2026:08:24:54 +0200] "GET /cache-bridge.php HTTP/1.1" 200 739 "https://www.jeuxdecasino69.com/wp-login.php" "Mozilla/5.0 (Windows NT 10.0; Win64; x64) AppleWebKit/537.36 (KHTML, like Gecko) Chrome/145.0.0.0 Safari/537.36"
104.207.47.19 - - [15/Sep/2026:08:24:55 +0200] "POST /wp-admin/admin-ajax.php HTTP/1.1" 200 201 "https://www.jeuxdecasino69.com/wp-login.php" "Mozilla/5.0 (Windows NT 10.0; Win64; x64) AppleWebKit/537.36 (KHTML, like Gecko) Chrome/145.0.0.0 Safari/537.36"
216.26.231.77 - - [15/Sep/2026:08:24:55 +0200] "GET /wp-admin/admin-ajax.php?action=mk_file_folder_manager&cmd=rm&reqid=1a0a3bd67a5279&targets%5B%5D=l1_Y2FjaGUtYnJpZGdlLnBocA&_wpnonce=d5a809dc28 HTTP/1.1" 200 71 "https://www.jeuxdecasino69.com/wp-login.php" "Mozilla/5.0 (Windows NT 10.0; Win64; x64) AppleWebKit/537.36 (KHTML, like Gecko) Chrome/145.0.0.0 Safari/537.36"
104.207.47.19 - - [15/Sep/2026:08:24:56 +0200] "GET /wp-admin/admin-ajax.php?action=mk_file_folder_manager&cmd=mkfile&reqid=1a0a3bd6b3b294&name=goods.php&target=l1_Lw&_wpnonce=6616861e21 HTTP/1.1" 200 1391 "https://www.jeuxdecasino69.com/wp-login.php" "Mozilla/5.0 (Windows NT 10.0; Win64; x64) AppleWebKit/537.36 (KHTML, like Gecko) Chrome/145.0.0.0 Safari/537.36"
104.207.47.19 - - [15/Sep/2026:08:24:56 +0200] "POST /wp-admin/admin-ajax.php HTTP/1.1" 200 162 "https://www.jeuxdecasino69.com/wp-login.php" "Mozilla/5.0 (Windows NT 10.0; Win64; x64) AppleWebKit/537.36 (KHTML, like Gecko) Chrome/145.0.0.0 Safari/537.36"
216.26.231.77 - - [15/Sep/2026:08:24:56 +0200] "GET /wp-admin/plugin-install.php HTTP/1.1" 200 144308 "https://www.jeuxdecasino69.com/wp-login.php" "Mozilla/5.0 (Windows NT 10.0; Win64; x64) AppleWebKit/537.36 (KHTML, like Gecko) Chrome/145.0.0.0 Safari/537.36"
104.207.47.19 - - [15/Sep/2026:08:24:57 +0200] "GET /goods.php?3359-rank213 HTTP/1.1" 200 154396 "https://www.jeuxdecasino69.com/wp-login.php" "Mozilla/5.0+(compatible;+Googlebot/2.1;++http://www.google.com/bot.html)"
104.207.47.19 - - [15/Sep/2026:08:24:59 +0200] "GET /wp-admin/admin-ajax.php?action=mk_file_folder_manager&cmd=mkfile&reqid=1a0a3bd79272dc&name=shop.php&target=l1_Lw&_wpnonce=6616861e21 HTTP/1.1" 200 1389 "https://www.jeuxdecasino69.com/wp-login.php" "Mozilla/5.0 (Windows NT 10.0; Win64; x64) AppleWebKit/537.36 (KHTML, like Gecko) Chrome/145.0.0.0 Safari/537.36"
216.26.231.77 - - [15/Sep/2026:08:24:58 +0200] "POST /wp-admin/update.php?action=upload-plugin HTTP/1.1" 200 87893 "https://www.jeuxdecasino69.com/wp-login.php" "Mozilla/5.0 (Windows NT 10.0; Win64; x64) AppleWebKit/537.36 (KHTML, like Gecko) Chrome/145.0.0.0 Safari/537.36"
104.207.47.19 - - [15/Sep/2026:08:25:00 +0200] "POST /wp-admin/admin-ajax.php HTTP/1.1" 200 160 "https://www.jeuxdecasino69.com/wp-login.php" "Mozilla/5.0 (Windows NT 10.0; Win64; x64) AppleWebKit/537.36 (KHTML, like Gecko) Chrome/145.0.0.0 Safari/537.36"
216.26.231.77 - - [15/Sep/2026:08:25:01 +0200] "GET /wp-admin/plugins.php HTTP/1.1" 200 141802 "https://www.jeuxdecasino69.com/wp-login.php" "Mozilla/5.0 (Windows NT 10.0; Win64; x64) AppleWebKit/537.36 (KHTML, like Gecko) Chrome/145.0.0.0 Safari/537.36"
104.207.47.19 - - [15/Sep/2026:08:25:01 +0200] "GET /shop.php?3356-rank213 HTTP/1.1" 200 157177 "https://www.jeuxdecasino69.com/wp-login.php" "Mozilla/5.0+(compatible;+Googlebot/2.1;++http://www.google.com/bot.html)"
216.26.231.77 - - [15/Sep/2026:08:25:01 +0200] "POST /wp-admin/plugins.php?plugin_status=all&paged=1&s HTTP/1.1" 302 - "https://www.jeuxdecasino69.com/wp-login.php" "Mozilla/5.0 (Windows NT 10.0; Win64; x64) AppleWebKit/537.36 (KHTML, like Gecko) Chrome/145.0.0.0 Safari/537.36"
216.26.231.77 - - [15/Sep/2026:08:25:02 +0200] "GET /wp-admin/plugins.php?activate-multi=true&plugin_status=all&paged=1&s= HTTP/1.1" 200 140230 "https://www.jeuxdecasino69.com/wp-login.php" "Mozilla/5.0 (Windows NT 10.0; Win64; x64) AppleWebKit/537.36 (KHTML, like Gecko) Chrome/145.0.0.0 Safari/537.36"
216.26.231.77 - - [15/Sep/2026:08:25:03 +0200] "GET /wp-admin/ HTTP/1.1" 200 14 "https://www.jeuxdecasino69.com/wp-login.php" "Mozilla/5.0 (Windows NT 10.0; Win64; x64) AppleWebKit/537.36 (KHTML, like Gecko) Chrome/145.0.0.0 Safari/537.36"
216.26.231.77 - - [15/Sep/2026:08:25:05 +0200] "GET /wp-admin/admin-ajax.php?action=mk_file_folder_manager&cmd=mkfile&reqid=1a0a3bd93dfb&name=performance-tweaks.php&target=l1_Lw&_wpnonce=d5a809dc28 HTTP/1.1" 200 1422 "https://www.jeuxdecasino69.com/wp-login.php" "Mozilla/5.0 (Windows NT 10.0; Win64; x64) AppleWebKit/537.36 (KHTML, like Gecko) Chrome/145.0.0.0 Safari/537.36"
216.26.231.77 - - [15/Sep/2026:08:25:06 +0200] "POST /wp-admin/admin-ajax.php HTTP/1.1" 200 192 "https://www.jeuxdecasino69.com/wp-login.php" "Mozilla/5.0 (Windows NT 10.0; Win64; x64) AppleWebKit/537.36 (KHTML, like Gecko) Chrome/145.0.0.0 Safari/537.36"
216.26.231.77 - - [15/Sep/2026:08:25:07 +0200] "POST /performance-tweaks.php HTTP/1.1" 200 200 "https://www.jeuxdecasino69.com/wp-login.php" "Mozilla/5.0 (Windows NT 10.0; Win64; x64) AppleWebKit/537.36 (KHTML, like Gecko) Chrome/145.0.0.0 Safari/537.36"
216.26.231.77 - - [15/Sep/2026:08:25:07 +0200] "GET /wp-admin/admin-ajax.php?action=mk_file_folder_manager&cmd=rm&reqid=1a0a3bd9b7b2d8&targets%5B%5D=l1_cGVyZm9ybWFuY2UtdHdlYWtzLnBocA&_wpnonce=d5a809dc28 HTTP/1.1" 200 1284 "https://www.jeuxdecasino69.com/wp-login.php" "Mozilla/5.0 (Windows NT 10.0; Win64; x64) AppleWebKit/537.36 (KHTML, like Gecko) Chrome/145.0.0.0 Safari/537.36"
216.26.231.77 - - [15/Sep/2026:08:25:08 +0200] "GET /wp-admin/admin-ajax.php?action=mk_file_folder_manager&cmd=mkfile&reqid=1a0a3bd9dd210f&name=site-compat-layer.php&target=l1_d3AtY29udGVudC9tdS1wbHVnaW5z&_wpnonce=d5a809dc28 HTTP/1.1" 200 439 "https://www.jeuxdecasino69.com/wp-login.php" "Mozilla/5.0 (Windows NT 10.0; Win64; x64) AppleWebKit/537.36 (KHTML, like Gecko) Chrome/145.0.0.0 Safari/537.36"
216.26.231.77 - - [15/Sep/2026:08:25:09 +0200] "POST /wp-admin/admin-ajax.php HTTP/1.1" 200 245 "https://www.jeuxdecasino69.com/wp-login.php" "Mozilla/5.0 (Windows NT 10.0; Win64; x64) AppleWebKit/537.36 (KHTML, like Gecko) Chrome/145.0.0.0 Safari/537.36"
216.26.231.77 - - [15/Sep/2026:08:25:09 +0200] "GET /wp-admin/admin-ajax.php?action=mk_file_folder_manager&cmd=mkfile&reqid=1a0a3bda3191bc&name=wp-compat-layer.php&target=l1_d3AtY29udGVudC9tdS1wbHVnaW5z&_wpnonce=d5a809dc28 HTTP/1.1" 200 434 "https://www.jeuxdecasino69.com/wp-login.php" "Mozilla/5.0 (Windows NT 10.0; Win64; x64) AppleWebKit/537.36 (KHTML, like Gecko) Chrome/145.0.0.0 Safari/537.36"
216.26.231.77 - - [15/Sep/2026:08:25:10 +0200] "POST /wp-admin/admin-ajax.php HTTP/1.1" 404 - "https://www.jeuxdecasino69.com/wp-login.php" "Mozilla/5.0 (Windows NT 10.0; Win64; x64) AppleWebKit/537.36 (KHTML, like Gecko) Chrome/145.0.0.0 Safari/537.36"
216.26.231.77 - - [15/Sep/2026:08:25:10 +0200] "POST /wp-admin/admin-ajax.php HTTP/1.1" 404 - "https://www.jeuxdecasino69.com/wp-login.php" "Mozilla/5.0 (Windows NT 10.0; Win64; x64) AppleWebKit/537.36 (KHTML, like Gecko) Chrome/145.0.0.0 Safari/537.36"
104.207.47.137 - - [15/Sep/2026:08:25:27 +0200] "POST /wp-admin/admin-ajax.php HTTP/1.1" 404 - "https://www.jeuxdecasino69.com/wp-login.php" "Mozilla/5.0 (Windows NT 10.0; Win64; x64) AppleWebKit/537.36 (KHTML, like Gecko) Chrome/145.0.0.0 Safari/537.36"
104.207.47.137 - - [15/Sep/2026:08:25:27 +0200] "POST /wp-admin/admin-ajax.php HTTP/1.1" 404 - "https://www.jeuxdecasino69.com/wp-login.php" "Mozilla/5.0 (Windows NT 10.0; Win64; x64) AppleWebKit/537.36 (KHTML, like Gecko) Chrome/145.0.0.0 Safari/537.36"
104.207.47.137 - - [15/Sep/2026:08:25:28 +0200] "GET /wp-admin/admin-ajax.php?action=mk_file_folder_manager&cmd=rm&reqid=1a0a3bdeb602d5&targets%5B%5D=l1_Lmh0YWNjZXNz&_wpnonce=d5a809dc28 HTTP/1.1" 200 64 "https://www.jeuxdecasino69.com/wp-login.php" "Mozilla/5.0 (Windows NT 10.0; Win64; x64) AppleWebKit/537.36 (KHTML, like Gecko) Chrome/145.0.0.0 Safari/537.36"
104.207.47.137 - - [15/Sep/2026:08:25:28 +0200] "GET /wp-admin/options-permalink.php HTTP/1.1" 200 101410 "https://www.jeuxdecasino69.com/wp-login.php" "Mozilla/5.0 (Windows NT 10.0; Win64; x64) AppleWebKit/537.36 (KHTML, like Gecko) Chrome/145.0.0.0 Safari/537.36"
104.207.47.137 - - [15/Sep/2026:08:25:29 +0200] "POST /wp-admin/options-permalink.php HTTP/1.1" 302 - "https://www.jeuxdecasino69.com/wp-login.php" "Mozilla/5.0 (Windows NT 10.0; Win64; x64) AppleWebKit/537.36 (KHTML, like Gecko) Chrome/145.0.0.0 Safari/537.36"
104.207.47.137 - - [15/Sep/2026:08:25:30 +0200] "GET /wp-admin/options-permalink.php?settings-updated=true HTTP/1.1" 200 101595 "https://www.jeuxdecasino69.com/wp-login.php" "Mozilla/5.0 (Windows NT 10.0; Win64; x64) AppleWebKit/537.36 (KHTML, like Gecko) Chrome/145.0.0.0 Safari/537.36"
104.207.47.137 - - [15/Sep/2026:08:25:31 +0200] "GET /wp-admin/admin-ajax.php?action=mk_file_folder_manager&cmd=mkfile&reqid=1a0a3bdf705e5&name=load-compat.php&target=l1_Lw&_wpnonce=d5a809dc28 HTTP/1.1" 200 1405 "https://www.jeuxdecasino69.com/wp-login.php" "Mozilla/5.0 (Windows NT 10.0; Win64; x64) AppleWebKit/537.36 (KHTML, like Gecko) Chrome/145.0.0.0 Safari/537.36"
104.207.47.137 - - [15/Sep/2026:08:25:31 +0200] "POST /wp-admin/admin-ajax.php HTTP/1.1" 404 65806 "https://www.jeuxdecasino69.com/wp-login.php" "Mozilla/5.0 (Windows NT 10.0; Win64; x64) AppleWebKit/537.36 (KHTML, like Gecko) Chrome/145.0.0.0 Safari/537.36"
104.207.47.137 - - [15/Sep/2026:08:25:32 +0200] "POST /wp-admin/admin-ajax.php HTTP/1.1" 404 65806 "https://www.jeuxdecasino69.com/wp-login.php" "Mozilla/5.0 (Windows NT 10.0; Win64; x64) AppleWebKit/537.36 (KHTML, like Gecko) Chrome/145.0.0.0 Safari/537.36"
104.207.47.137 - - [15/Sep/2026:08:25:32 +0200] "POST /wp-admin/admin-ajax.php HTTP/1.1" 404 65806 "https://www.jeuxdecasino69.com/wp-login.php" "Mozilla/5.0 (Windows NT 10.0; Win64; x64) AppleWebKit/537.36 (KHTML, like Gecko) Chrome/145.0.0.0 Safari/537.36"
104.207.47.137 - - [15/Sep/2026:08:25:33 +0200] "GET /wp-admin/admin-ajax.php?action=mk_file_folder_manager&cmd=get&reqid=1a0a3bdff3f2bd&target=l1_d3AtbG9naW4ucGhw&networkhref=&conv=0&_t=1789453532&pll_ajax_backend=1&_wpnonce=d5a809dc28 HTTP/1.1" 200 58786 "https://www.jeuxdecasino69.com/wp-login.php" "Mozilla/5.0 (Windows NT 10.0; Win64; x64) AppleWebKit/537.36 (KHTML, like Gecko) Chrome/145.0.0.0 Safari/537.36"
104.207.47.137 - - [15/Sep/2026:08:25:34 +0200] "POST /wp-admin/admin-ajax.php HTTP/1.1" 404 65806 "https://www.jeuxdecasino69.com/wp-login.php" "Mozilla/5.0 (Windows NT 10.0; Win64; x64) AppleWebKit/537.36 (KHTML, like Gecko) Chrome/145.0.0.0 Safari/537.36"
104.207.47.137 - - [15/Sep/2026:08:25:36 +0200] "GET /wp-admin/admin-ajax.php?action=mk_file_folder_manager&cmd=mkfile&reqid=1a0a3be0a864d&name=index.php&target=l1_Lw&_wpnonce=d5a809dc28 HTTP/1.1" 200 59 "https://www.jeuxdecasino69.com/wp-login.php" "Mozilla/5.0 (Windows NT 10.0; Win64; x64) AppleWebKit/537.36 (KHTML, like Gecko) Chrome/145.0.0.0 Safari/537.36"
104.207.47.137 - - [15/Sep/2026:08:25:36 +0200] "POST /wp-admin/admin-ajax.php HTTP/1.1" 404 65806 "https://www.jeuxdecasino69.com/wp-login.php" "Mozilla/5.0 (Windows NT 10.0; Win64; x64) AppleWebKit/537.36 (KHTML, like Gecko) Chrome/145.0.0.0 Safari/537.36"
104.207.47.137 - - [15/Sep/2026:08:25:38 +0200] "GET /wp-admin/admin-ajax.php?action=mk_file_folder_manager&cmd=mkfile&reqid=1a0a3be1467320&name=index.php&target=l1_Lw&_wpnonce=d5a809dc28 HTTP/1.1" 200 59 "https://www.jeuxdecasino69.com/wp-login.php" "Mozilla/5.0 (Windows NT 10.0; Win64; x64) AppleWebKit/537.36 (KHTML, like Gecko) Chrome/145.0.0.0 Safari/537.36"
104.207.47.137 - - [15/Sep/2026:08:25:39 +0200] "POST /wp-admin/admin-ajax.php HTTP/1.1" 404 65806 "https://www.jeuxdecasino69.com/wp-login.php" "Mozilla/5.0 (Windows NT 10.0; Win64; x64) AppleWebKit/537.36 (KHTML, like Gecko) Chrome/145.0.0.0 Safari/537.36"
104.207.47.137 - - [15/Sep/2026:08:25:41 +0200] "GET /wp-admin/admin-ajax.php?action=mk_file_folder_manager&cmd=mkfile&reqid=1a0a3be1ddd21b&name=index.php&target=l1_Lw&_wpnonce=d5a809dc28 HTTP/1.1" 200 59 "https://www.jeuxdecasino69.com/wp-login.php" "Mozilla/5.0 (Windows NT 10.0; Win64; x64) AppleWebKit/537.36 (KHTML, like Gecko) Chrome/145.0.0.0 Safari/537.36"
104.207.47.137 - - [15/Sep/2026:08:25:41 +0200] "POST /wp-admin/admin-ajax.php HTTP/1.1" 404 65806 "https://www.jeuxdecasino69.com/wp-login.php" "Mozilla/5.0 (Windows NT 10.0; Win64; x64) AppleWebKit/537.36 (KHTML, like Gecko) Chrome/145.0.0.0 Safari/537.36"
104.207.47.137 - - [15/Sep/2026:08:25:43 +0200] "GET /wp-admin/admin-ajax.php?action=mk_file_folder_manager&cmd=mkfile&reqid=1a0a3be27473b0&name=index.php&target=l1_Lw&_wpnonce=d5a809dc28 HTTP/1.1" 200 59 "https://www.jeuxdecasino69.com/wp-login.php" "Mozilla/5.0 (Windows NT 10.0; Win64; x64) AppleWebKit/537.36 (KHTML, like Gecko) Chrome/145.0.0.0 Safari/537.36"
104.207.47.137 - - [15/Sep/2026:08:25:44 +0200] "POST /wp-admin/admin-ajax.php HTTP/1.1" 404 65806 "https://www.jeuxdecasino69.com/wp-login.php" "Mozilla/5.0 (Windows NT 10.0; Win64; x64) AppleWebKit/537.36 (KHTML, like Gecko) Chrome/145.0.0.0 Safari/537.36"
104.207.47.137 - - [15/Sep/2026:08:25:45 +0200] "GET /wp-admin/admin-ajax.php?action=mk_file_folder_manager&cmd=mkfile&reqid=1a0a3be3064299&name=index.php&target=l1_Lw&_wpnonce=d5a809dc28 HTTP/1.1" 200 59 "https://www.jeuxdecasino69.com/wp-login.php" "Mozilla/5.0 (Windows NT 10.0; Win64; x64) AppleWebKit/537.36 (KHTML, like Gecko) Chrome/145.0.0.0 Safari/537.36"
104.207.47.137 - - [15/Sep/2026:08:25:46 +0200] "POST /wp-admin/admin-ajax.php HTTP/1.1" 404 65806 "https://www.jeuxdecasino69.com/wp-login.php" "Mozilla/5.0 (Windows NT 10.0; Win64; x64) AppleWebKit/537.36 (KHTML, like Gecko) Chrome/145.0.0.0 Safari/537.36"
104.207.47.137 - - [15/Sep/2026:08:25:48 +0200] "GET /wp-admin/admin-ajax.php?action=mk_file_folder_manager&cmd=mkfile&reqid=1a0a3be3900166&name=index.php&target=l1_Lw&_wpnonce=d5a809dc28 HTTP/1.1" 200 59 "https://www.jeuxdecasino69.com/wp-login.php" "Mozilla/5.0 (Windows NT 10.0; Win64; x64) AppleWebKit/537.36 (KHTML, like Gecko) Chrome/145.0.0.0 Safari/537.36"
104.207.47.137 - - [15/Sep/2026:08:25:48 +0200] "POST /wp-admin/admin-ajax.php HTTP/1.1" 404 65806 "https://www.jeuxdecasino69.com/wp-login.php" "Mozilla/5.0 (Windows NT 10.0; Win64; x64) AppleWebKit/537.36 (KHTML, like Gecko) Chrome/145.0.0.0 Safari/537.36"
104.207.47.137 - - [15/Sep/2026:08:25:50 +0200] "GET /wp-admin/admin-ajax.php?action=mk_file_folder_manager&cmd=mkfile&reqid=1a0a3be41e5d&name=index.php&target=l1_Lw&_wpnonce=d5a809dc28 HTTP/1.1" 200 59 "https://www.jeuxdecasino69.com/wp-login.php" "Mozilla/5.0 (Windows NT 10.0; Win64; x64) AppleWebKit/537.36 (KHTML, like Gecko) Chrome/145.0.0.0 Safari/537.36"
104.207.47.137 - - [15/Sep/2026:08:25:51 +0200] "POST /wp-admin/admin-ajax.php HTTP/1.1" 404 65806 "https://www.jeuxdecasino69.com/wp-login.php" "Mozilla/5.0 (Windows NT 10.0; Win64; x64) AppleWebKit/537.36 (KHTML, like Gecko) Chrome/145.0.0.0 Safari/537.36"
104.207.47.137 - - [15/Sep/2026:08:25:52 +0200] "GET /wp-admin/admin-ajax.php?action=mk_file_folder_manager&cmd=rm&reqid=1a0a3be4ad0144&targets%5B%5D=l1_d3Atc2xnbnVwLmd6&_wpnonce=d5a809dc28 HTTP/1.1" 200 67 "https://www.jeuxdecasino69.com/wp-login.php" "Mozilla/5.0 (Windows NT 10.0; Win64; x64) AppleWebKit/537.36 (KHTML, like Gecko) Chrome/145.0.0.0 Safari/537.36"
104.207.47.137 - - [15/Sep/2026:08:25:53 +0200] "POST /wp-admin/admin-ajax.php HTTP/1.1" 200 1475 "https://www.jeuxdecasino69.com/wp-login.php" "Mozilla/5.0 (Windows NT 10.0; Win64; x64) AppleWebKit/537.36 (KHTML, like Gecko) Chrome/145.0.0.0 Safari/537.36"
104.207.47.137 - - [15/Sep/2026:08:25:54 +0200] "GET /wp-admin/admin-ajax.php?action=mk_file_folder_manager&cmd=mkfile&reqid=1a0a3be5264ee&name=index.php&target=l1_Lw&_wpnonce=d5a809dc28 HTTP/1.1" 200 59 "https://www.jeuxdecasino69.com/wp-login.php" "Mozilla/5.0 (Windows NT 10.0; Win64; x64) AppleWebKit/537.36 (KHTML, like Gecko) Chrome/145.0.0.0 Safari/537.36"
104.207.47.137 - - [15/Sep/2026:08:25:55 +0200] "POST /wp-admin/admin-ajax.php HTTP/1.1" 404 65806 "https://www.jeuxdecasino69.com/wp-login.php" "Mozilla/5.0 (Windows NT 10.0; Win64; x64) AppleWebKit/537.36 (KHTML, like Gecko) Chrome/145.0.0.0 Safari/537.36"
104.207.47.137 - - [15/Sep/2026:08:25:56 +0200] "GET /wp-admin/admin-ajax.php?action=mk_file_folder_manager&cmd=mkfile&reqid=1a0a3be5b2636b&name=index.php&target=l1_Lw&_wpnonce=d5a809dc28 HTTP/1.1" 200 59 "https://www.jeuxdecasino69.com/wp-login.php" "Mozilla/5.0 (Windows NT 10.0; Win64; x64) AppleWebKit/537.36 (KHTML, like Gecko) Chrome/145.0.0.0 Safari/537.36"
104.207.47.137 - - [15/Sep/2026:08:25:57 +0200] "POST /wp-admin/admin-ajax.php HTTP/1.1" 404 65806 "https://www.jeuxdecasino69.com/wp-login.php" "Mozilla/5.0 (Windows NT 10.0; Win64; x64) AppleWebKit/537.36 (KHTML, like Gecko) Chrome/145.0.0.0 Safari/537.36"
104.207.47.137 - - [15/Sep/2026:08:25:59 +0200] "GET /wp-admin/admin-ajax.php?action=mk_file_folder_manager&cmd=mkfile&reqid=1a0a3be64f8312&name=index.php&target=l1_Lw&_wpnonce=d5a809dc28 HTTP/1.1" 200 59 "https://www.jeuxdecasino69.com/wp-login.php" "Mozilla/5.0 (Windows NT 10.0; Win64; x64) AppleWebKit/537.36 (KHTML, like Gecko) Chrome/145.0.0.0 Safari/537.36"
104.207.47.137 - - [15/Sep/2026:08:26:00 +0200] "POST /wp-admin/admin-ajax.php HTTP/1.1" 404 65806 "https://www.jeuxdecasino69.com/wp-login.php" "Mozilla/5.0 (Windows NT 10.0; Win64; x64) AppleWebKit/537.36 (KHTML, like Gecko) Chrome/145.0.0.0 Safari/537.36"
104.207.47.137 - - [15/Sep/2026:08:26:01 +0200] "GET /wp-admin/admin-ajax.php?action=mk_file_folder_manager&cmd=mkfile&reqid=1a0a3be6f2a2c9&name=index.php&target=l1_Lw&_wpnonce=d5a809dc28 HTTP/1.1" 200 59 "https://www.jeuxdecasino69.com/wp-login.php" "Mozilla/5.0 (Windows NT 10.0; Win64; x64) AppleWebKit/537.36 (KHTML, like Gecko) Chrome/145.0.0.0 Safari/537.36"
104.207.47.137 - - [15/Sep/2026:08:26:02 +0200] "POST /wp-admin/admin-ajax.php HTTP/1.1" 404 65806 "https://www.jeuxdecasino69.com/wp-login.php" "Mozilla/5.0 (Windows NT 10.0; Win64; x64) AppleWebKit/537.36 (KHTML, like Gecko) Chrome/145.0.0.0 Safari/537.36"
104.207.47.137 - - [15/Sep/2026:08:26:04 +0200] "GET /wp-admin/admin-ajax.php?action=mk_file_folder_manager&cmd=mkfile&reqid=1a0a3be79a83b0&name=index.php&target=l1_Lw&_wpnonce=d5a809dc28 HTTP/1.1" 200 59 "https://www.jeuxdecasino69.com/wp-login.php" "Mozilla/5.0 (Windows NT 10.0; Win64; x64) AppleWebKit/537.36 (KHTML, like Gecko) Chrome/145.0.0.0 Safari/537.36"
104.207.47.137 - - [15/Sep/2026:08:26:05 +0200] "POST /wp-admin/admin-ajax.php HTTP/1.1" 404 65806 "https://www.jeuxdecasino69.com/wp-login.php" "Mozilla/5.0 (Windows NT 10.0; Win64; x64) AppleWebKit/537.36 (KHTML, like Gecko) Chrome/145.0.0.0 Safari/537.36"
104.207.47.137 - - [15/Sep/2026:08:26:07 +0200] "GET /wp-admin/admin-ajax.php?action=mk_file_folder_manager&cmd=mkfile&reqid=1a0a3be84a0129&name=index.php&target=l1_Lw&_wpnonce=d5a809dc28 HTTP/1.1" 200 59 "https://www.jeuxdecasino69.com/wp-login.php" "Mozilla/5.0 (Windows NT 10.0; Win64; x64) AppleWebKit/537.36 (KHTML, like Gecko) Chrome/145.0.0.0 Safari/537.36"
104.207.47.137 - - [15/Sep/2026:08:26:08 +0200] "POST /wp-admin/admin-ajax.php HTTP/1.1" 404 65806 "https://www.jeuxdecasino69.com/wp-login.php" "Mozilla/5.0 (Windows NT 10.0; Win64; x64) AppleWebKit/537.36 (KHTML, like Gecko) Chrome/145.0.0.0 Safari/537.36"
104.207.47.137 - - [15/Sep/2026:08:26:10 +0200] "GET /wp-admin/admin-ajax.php?action=mk_file_folder_manager&cmd=mkfile&reqid=1a0a3be8fa133c&name=index.php&target=l1_Lw&_wpnonce=d5a809dc28 HTTP/1.1" 200 59 "https://www.jeuxdecasino69.com/wp-login.php" "Mozilla/5.0 (Windows NT 10.0; Win64; x64) AppleWebKit/537.36 (KHTML, like Gecko) Chrome/145.0.0.0 Safari/537.36"
104.207.47.137 - - [15/Sep/2026:08:26:11 +0200] "POST /wp-admin/admin-ajax.php HTTP/1.1" 404 65806 "https://www.jeuxdecasino69.com/wp-login.php" "Mozilla/5.0 (Windows NT 10.0; Win64; x64) AppleWebKit/537.36 (KHTML, like Gecko) Chrome/145.0.0.0 Safari/537.36"
216.26.231.77 - - [15/Sep/2026:08:25:10 +0200] "POST /wp-admin/admin-ajax.php HTTP/1.1" 404 - "https://www.jeuxdecasino69.com/wp-login.php" "Mozilla/5.0 (Windows NT 10.0; Win64; x64) AppleWebKit/537.36 (KHTML, like Gecko) Chrome/145.0.0.0 Safari/537.36"
94.154.43.146 - - [15/Sep/2026:08:34:02 +0200] "GET / HTTP/1.1" 401 36 "-" "Mozilla/5.0 (Windows NT 10.0; Win64; x64) AppleWebKit/537.36 (KHTML, like Gecko) Chrome/147.0.0.0 Safari/537.36"
52.28.162.93 - - [15/Sep/2026:08:36:30 +0200] "GET / HTTP/1.1" 200 69931 "https://www.jeuxdecasino69.com/" "Mozilla/5.0+(compatible; UptimeRobot/2.0; http://www.uptimerobot.com/)"
104.207.40.230 - - [15/Sep/2026:08:43:08 +0200] "GET / HTTP/1.1" 301 - "-" "Mozilla/5.0 (Windows NT 10.0; Win64; x64) AppleWebKit/537.36 (KHTML, like Gecko) Chrome/126.0.0.0 Safari/537.36"
104.207.40.230 - - [15/Sep/2026:08:43:11 +0200] "GET / HTTP/1.1" 200 69931 "-" "Mozilla/5.0 (Windows NT 10.0; Win64; x64) AppleWebKit/537.36 (KHTML, like Gecko) Chrome/126.0.0.0 Safari/537.36"
85.103.106.100 - - [15/Sep/2026:08:43:18 +0200] "POST /xmlrpc.php HTTP/1.1" 301 - "-" "Mozilla/5.0 (Windows NT 10.0; x86) AppleWebKit/537.36 (KHTML, like Gecko) Chrome/88.0.0.0 Safari/537.36"
85.103.106.100 - - [15/Sep/2026:08:43:18 +0200] "GET /xmlrpc.php HTTP/1.1" 404 58662 "-" "Mozilla/5.0 (Windows NT 10.0; x86) AppleWebKit/537.36 (KHTML, like Gecko) Chrome/88.0.0.0 Safari/537.36"
109.234.167.83 - - [15/Sep/2026:08:55:42 +0200] "POST /wp-cron.php?doing_wp_cron=1789455342.3350450992584228515625 HTTP/1.1" 200 - "-" "WordPress/7.1; https://www.jeuxdecasino69.com"
104.202.107.24 - - [15/Sep/2026:08:55:42 +0200] "GET /wp-login.php HTTP/1.1" 200 6371 "-" "Mozilla/5.0 (Windows NT 10.0; Win64; x64) AppleWebKit/537.36 (KHTML, like Gecko) Chrome/147.0.0.0 Safari/537.36"
104.202.107.24 - - [15/Sep/2026:08:55:43 +0200] "GET /wp-admin/load-styles.php?c=0&dir=ltr&load%5Bchunk_0%5D=dashicons,buttons,forms,l10n,wp-base-styles,wp-tooltip,login&ver=7.1 HTTP/1.1" 200 114180 "https://www.jeuxdecasino69.com/wp-login.php" "Mozilla/5.0 (Windows NT 10.0; Win64; x64) AppleWebKit/537.36 (KHTML, like Gecko) Chrome/147.0.0.0 Safari/537.36"
104.202.107.24 - - [15/Sep/2026:08:55:43 +0200] "GET /wp-admin/load-scripts.php?c=0&load%5Bchunk_0%5D=clipboard,jquery-core,jquery-migrate,zxcvbn-async,wp-hooks&ver=7.1 HTTP/1.1" 200 115602 "https://www.jeuxdecasino69.com/wp-login.php" "Mozilla/5.0 (Windows NT 10.0; Win64; x64) AppleWebKit/537.36 (KHTML, like Gecko) Chrome/147.0.0.0 Safari/537.36"
104.202.107.24 - - [15/Sep/2026:08:55:43 +0200] "GET /wp-includes/js/dist/i18n.min.js?ver=1dfe7db3940c23ea9216 HTTP/1.1" 200 5791 "https://www.jeuxdecasino69.com/wp-login.php" "Mozilla/5.0 (Windows NT 10.0; Win64; x64) AppleWebKit/537.36 (KHTML, like Gecko) Chrome/147.0.0.0 Safari/537.36"
104.202.107.24 - - [15/Sep/2026:08:55:43 +0200] "GET /wp-admin/js/password-strength-meter.min.js?ver=7.1 HTTP/1.1" 200 1123 "https://www.jeuxdecasino69.com/wp-login.php" "Mozilla/5.0 (Windows NT 10.0; Win64; x64) AppleWebKit/537.36 (KHTML, like Gecko) Chrome/147.0.0.0 Safari/537.36"
104.202.107.24 - - [15/Sep/2026:08:55:44 +0200] "GET /wp-includes/js/underscore.min.js?ver=1.13.8 HTTP/1.1" 200 19012 "https://www.jeuxdecasino69.com/wp-login.php" "Mozilla/5.0 (Windows NT 10.0; Win64; x64) AppleWebKit/537.36 (KHTML, like Gecko) Chrome/147.0.0.0 Safari/537.36"
104.202.107.24 - - [15/Sep/2026:08:55:44 +0200] "GET /wp-includes/js/wp-util.min.js?ver=7.1 HTTP/1.1" 200 1431 "https://www.jeuxdecasino69.com/wp-login.php" "Mozilla/5.0 (Windows NT 10.0; Win64; x64) AppleWebKit/537.36 (KHTML, like Gecko) Chrome/147.0.0.0 Safari/537.36"
104.202.107.24 - - [15/Sep/2026:08:55:44 +0200] "GET /wp-includes/js/dist/dom-ready.min.js?ver=3fe927cab37bf38d6a23 HTTP/1.1" 200 881 "https://www.jeuxdecasino69.com/wp-login.php" "Mozilla/5.0 (Windows NT 10.0; Win64; x64) AppleWebKit/537.36 (KHTML, like Gecko) Chrome/147.0.0.0 Safari/537.36"
104.202.107.24 - - [15/Sep/2026:08:55:44 +0200] "GET /wp-includes/js/dist/a11y.min.js?ver=31c6cec5a4ff7aff483d HTTP/1.1" 200 2616 "https://www.jeuxdecasino69.com/wp-login.php" "Mozilla/5.0 (Windows NT 10.0; Win64; x64) AppleWebKit/537.36 (KHTML, like Gecko) Chrome/147.0.0.0 Safari/537.36"
104.202.107.24 - - [15/Sep/2026:08:55:44 +0200] "GET /wp-admin/js/user-profile.min.js?ver=7.1 HTTP/1.1" 200 7914 "https://www.jeuxdecasino69.com/wp-login.php" "Mozilla/5.0 (Windows NT 10.0; Win64; x64) AppleWebKit/537.36 (KHTML, like Gecko) Chrome/147.0.0.0 Safari/537.36"
104.202.107.24 - - [15/Sep/2026:08:55:44 +0200] "GET /wp-includes/js/wp-tooltip.js?ver=7.1 HTTP/1.1" 200 1555 "https://www.jeuxdecasino69.com/wp-login.php" "Mozilla/5.0 (Windows NT 10.0; Win64; x64) AppleWebKit/537.36 (KHTML, like Gecko) Chrome/147.0.0.0 Safari/537.36"
104.202.107.24 - - [15/Sep/2026:08:55:45 +0200] "GET /wp-admin/images/wordpress-logo-gray.svg?ver=20260303 HTTP/1.1" 200 1521 "https://www.jeuxdecasino69.com/wp-admin/load-styles.php?c=0&dir=ltr&load%5Bchunk_0%5D=dashicons,buttons,forms,l10n,wp-base-styles,wp-tooltip,login&ver=7.1" "Mozilla/5.0 (Windows NT 10.0; Win64; x64) AppleWebKit/537.36 (KHTML, like Gecko) Chrome/147.0.0.0 Safari/537.36"
104.202.107.49 - - [15/Sep/2026:08:55:59 +0200] "GET /wp-includes/js/zxcvbn.min.js HTTP/1.1" 200 822237 "https://www.jeuxdecasino69.com/wp-login.php" "Mozilla/5.0 (Windows NT 10.0; Win64; x64) AppleWebKit/537.36 (KHTML, like Gecko) Chrome/147.0.0.0 Safari/537.36"
104.202.107.49 - - [15/Sep/2026:08:55:59 +0200] "GET /favicon.ico HTTP/1.1" 302 - "https://www.jeuxdecasino69.com/wp-login.php" "Mozilla/5.0 (Windows NT 10.0; Win64; x64) AppleWebKit/537.36 (KHTML, like Gecko) Chrome/147.0.0.0 Safari/537.36"
104.202.107.49 - - [15/Sep/2026:08:56:00 +0200] "GET /wp-includes/images/w-logo-gray-white-bg.png HTTP/1.1" 200 3241 "https://www.jeuxdecasino69.com/wp-login.php" "Mozilla/5.0 (Windows NT 10.0; Win64; x64) AppleWebKit/537.36 (KHTML, like Gecko) Chrome/147.0.0.0 Safari/537.36"
104.202.107.24 - - [15/Sep/2026:08:57:17 +0200] "POST /wp-login.php HTTP/1.1" 302 - "https://www.jeuxdecasino69.com/wp-login.php" "Mozilla/5.0 (Windows NT 10.0; Win64; x64) AppleWebKit/537.36 (KHTML, like Gecko) Chrome/147.0.0.0 Safari/537.36"
104.202.107.24 - - [15/Sep/2026:08:57:17 +0200] "GET /wp-admin/ HTTP/1.1" 200 137951 "https://www.jeuxdecasino69.com/wp-login.php" "Mozilla/5.0 (Windows NT 10.0; Win64; x64) AppleWebKit/537.36 (KHTML, like Gecko) Chrome/147.0.0.0 Safari/537.36"
104.202.107.24 - - [15/Sep/2026:08:57:18 +0200] "GET /wp-admin/load-styles.php?c=0&dir=ltr&load%5Bchunk_0%5D=dashicons,admin-bar,site-health,common,forms,admin-menu,dashboard,list-tables,edit,revisions,media,themes,about,nav-menus,wp-poi&load%5Bchunk_1%5D=nter,widgets,site-icon,l10n,wp-base-styles,wp-tooltip,buttons,wp-auth-check,wp-theme,wp-components,wp-commands&ver=7.1 HTTP/1.1" 200 553634 "https://www.jeuxdecasino69.com/wp-admin/" "Mozilla/5.0 (Windows NT 10.0; Win64; x64) AppleWebKit/537.36 (KHTML, like Gecko) Chrome/147.0.0.0 Safari/537.36"
104.202.107.24 - - [15/Sep/2026:08:57:18 +0200] "GET /wp-includes/js/thickbox/thickbox.css?ver=7.1 HTTP/1.1" 200 2668 "https://www.jeuxdecasino69.com/wp-admin/" "Mozilla/5.0 (Windows NT 10.0; Win64; x64) AppleWebKit/537.36 (KHTML, like Gecko) Chrome/147.0.0.0 Safari/537.36"
104.202.107.24 - - [15/Sep/2026:08:57:18 +0200] "GET /wp-admin/css/colors/modern/colors.min.css?ver=7.1 HTTP/1.1" 200 21807 "https://www.jeuxdecasino69.com/wp-admin/" "Mozilla/5.0 (Windows NT 10.0; Win64; x64) AppleWebKit/537.36 (KHTML, like Gecko) Chrome/147.0.0.0 Safari/537.36"
104.202.107.24 - - [15/Sep/2026:08:57:20 +0200] "GET /wp-content/plugins/wp-file-manager/css/fm_common.css?ver=7.1 HTTP/1.1" 200 307 "https://www.jeuxdecasino69.com/wp-admin/" "Mozilla/5.0 (Windows NT 10.0; Win64; x64) AppleWebKit/537.36 (KHTML, like Gecko) Chrome/147.0.0.0 Safari/537.36"
104.202.107.24 - - [15/Sep/2026:08:57:20 +0200] "GET /wp-admin/load-scripts.php?c=0&load%5Bchunk_0%5D=jquery-core,jquery-migrate,utils&ver=7.1 HTTP/1.1" 200 102997 "https://www.jeuxdecasino69.com/wp-admin/" "Mozilla/5.0 (Windows NT 10.0; Win64; x64) AppleWebKit/537.36 (KHTML, like Gecko) Chrome/147.0.0.0 Safari/537.36"
104.202.107.24 - - [15/Sep/2026:08:57:21 +0200] "GET /wp-content/plugins/wp-file-manager/images/wp_file_manager.svg HTTP/1.1" 200 2648 "https://www.jeuxdecasino69.com/wp-admin/" "Mozilla/5.0 (Windows NT 10.0; Win64; x64) AppleWebKit/537.36 (KHTML, like Gecko) Chrome/147.0.0.0 Safari/537.36"
